{"id":199,"date":"2023-09-22T15:56:29","date_gmt":"2023-09-22T13:56:29","guid":{"rendered":"https:\/\/ent2d.ac-bordeaux.fr\/disciplines\/sei\/?page_id=199"},"modified":"2025-07-25T12:58:10","modified_gmt":"2025-07-25T10:58:10","slug":"gestion-des-comportements","status":"publish","type":"page","link":"https:\/\/ent2d.ac-bordeaux.fr\/disciplines\/sei\/enseigner\/gestion-des-comportements\/","title":{"rendered":"Gestion des comportements"},"content":{"rendered":"\n<p>Fiche \u00ab\u00a0<strong>Comment anticiper et g\u00e9rer une crise\u00a0\u00bb<\/strong><\/p>\n\n\n\n<p>Afin de r\u00e9pondre aux besoins \u00e9ducatifs de l&rsquo;\u00e9l\u00e8ve, il s&rsquo;agit dans ce document de r\u00e9fl\u00e9chir \u00e0 des am\u00e9nagements p\u00e9dagogiques qui permettraient de pr\u00e9venir et \u00e9viter une possible crise.<\/p>\n\n\n\n<p>Cette fiche en A4 Recto\/Verso a pour objectif de : <\/p>\n\n\n\n<ul class=\"wp-block-list\">\n<li>Recueillir des \u00e9l\u00e9ments d&rsquo;observations de l&rsquo;\u00e9l\u00e8ve <\/li>\n\n\n\n<li>R\u00e9fl\u00e9chir aux gestes professionnels et am\u00e9nagements permettant d&rsquo;accompagner au mieux l&rsquo;\u00e9l\u00e8ve <\/li>\n\n\n\n<li>Anticiper diff\u00e9rents \u00e9l\u00e9ments pour une possible gestion de crise (En fin de document une partie est consacr\u00e9e \u00e0 un <em>protocole de crise.<\/em>)<\/li>\n<\/ul>\n\n\n\n<div data-wp-interactive=\"core\/file\" class=\"wp-block-file\"><object data-wp-bind--hidden=\"!state.hasPdfPreview\" hidden class=\"wp-block-file__embed\" data=\"https:\/\/ent2d.ac-bordeaux.fr\/disciplines\/sei\/wp-content\/uploads\/sites\/78\/2023\/11\/Fiche-daide-a-lanticipation-et-la-gestion-des-crises.pdf\" type=\"application\/pdf\" style=\"width:100%;height:560px\" aria-label=\"Contenu embarqu\u00e9 Fiche d&apos;aide \u00e0 l&apos;anticipation et la gestion des crises.\"><\/object><a id=\"wp-block-file--media-92e8691a-2c17-48c8-b408-df193c354a89\" href=\"https:\/\/ent2d.ac-bordeaux.fr\/disciplines\/sei\/wp-content\/uploads\/sites\/78\/2023\/11\/Fiche-daide-a-lanticipation-et-la-gestion-des-crises.pdf\">Fiche d&rsquo;aide \u00e0 l&rsquo;anticipation et la gestion des crises<\/a><a href=\"https:\/\/ent2d.ac-bordeaux.fr\/disciplines\/sei\/wp-content\/uploads\/sites\/78\/2023\/11\/Fiche-daide-a-lanticipation-et-la-gestion-des-crises.pdf\" class=\"wp-block-file__button wp-element-button\" download aria-describedby=\"wp-block-file--media-92e8691a-2c17-48c8-b408-df193c354a89\">T\u00e9l\u00e9charger<\/a><\/div>\n","protected":false},"excerpt":{"rendered":"<p>Fiche \u00ab\u00a0Comment anticiper et g\u00e9rer une crise\u00a0\u00bb Afin de r\u00e9pondre aux besoins \u00e9ducatifs de l&rsquo;\u00e9l\u00e8ve, il s&rsquo;agit dans ce document de r\u00e9fl\u00e9chir \u00e0 des am\u00e9nagements p\u00e9dagogiques qui permettraient de pr\u00e9venir et \u00e9viter une possible crise. Cette fiche en A4 Recto\/Verso<\/p>\n","protected":false},"author":2328,"featured_media":0,"parent":723,"menu_order":0,"comment_status":"closed","ping_status":"closed","template":"","meta":{"footnotes":""},"class_list":["post-199","page","type-page","status-publish","hentry"],"_links":{"self":[{"href":"https:\/\/ent2d.ac-bordeaux.fr\/disciplines\/sei\/wp-json\/wp\/v2\/pages\/199","targetHints":{"allow":["GET"]}}],"collection":[{"href":"https:\/\/ent2d.ac-bordeaux.fr\/disciplines\/sei\/wp-json\/wp\/v2\/pages"}],"about":[{"href":"https:\/\/ent2d.ac-bordeaux.fr\/disciplines\/sei\/wp-json\/wp\/v2\/types\/page"}],"author":[{"embeddable":true,"href":"https:\/\/ent2d.ac-bordeaux.fr\/disciplines\/sei\/wp-json\/wp\/v2\/users\/2328"}],"replies":[{"embeddable":true,"href":"https:\/\/ent2d.ac-bordeaux.fr\/disciplines\/sei\/wp-json\/wp\/v2\/comments?post=199"}],"version-history":[{"count":5,"href":"https:\/\/ent2d.ac-bordeaux.fr\/disciplines\/sei\/wp-json\/wp\/v2\/pages\/199\/revisions"}],"predecessor-version":[{"id":364,"href":"https:\/\/ent2d.ac-bordeaux.fr\/disciplines\/sei\/wp-json\/wp\/v2\/pages\/199\/revisions\/364"}],"up":[{"embeddable":true,"href":"https:\/\/ent2d.ac-bordeaux.fr\/disciplines\/sei\/wp-json\/wp\/v2\/pages\/723"}],"wp:attachment":[{"href":"https:\/\/ent2d.ac-bordeaux.fr\/disciplines\/sei\/wp-json\/wp\/v2\/media?parent=199"}],"curies":[{"name":"wp","href":"https:\/\/api.w.org\/{rel}","templated":true}]}}