{"id":2149,"date":"2024-05-14T19:50:08","date_gmt":"2024-05-14T18:50:08","guid":{"rendered":"https:\/\/ent2d.ac-bordeaux.fr\/disciplines\/sciences-physiques-bas\/?page_id=2149"},"modified":"2026-04-07T00:37:19","modified_gmt":"2026-04-06T23:37:19","slug":"orientation-2","status":"publish","type":"page","link":"https:\/\/ent2d.ac-bordeaux.fr\/disciplines\/physique-chimie\/orientation-2\/","title":{"rendered":"Orientation"},"content":{"rendered":"\n<p style=\"font-size:15px\">Au cours de sa scolarit\u00e9, l\u2019\u00e9l\u00e8ve est amen\u00e9 \u00e0 plusieurs reprises \u00e0 faire des choix de parcours les plus adapt\u00e9s \u00e0 son profil et ses affinit\u00e9s&nbsp;: en fin de troisi\u00e8me entre le lyc\u00e9e g\u00e9n\u00e9ral et technologique et le lyc\u00e9e professionnel, en fin de seconde entre les fili\u00e8res g\u00e9n\u00e9rale ou technologique et au sein de la fili\u00e8re g\u00e9n\u00e9rale par le choix des enseignements de sp\u00e9cialit\u00e9.<\/p>\n\n\n\n<p style=\"font-size:15px\">Aussi, le r\u00f4le de l\u2019enseignant peut s\u2019av\u00e9rer essentiel pour accompagner les choix d\u2019orientation en tant que professeur principal, mais \u00e9galement en tant que membre de l\u2019\u00e9quipe p\u00e9dagogique.<\/p>\n\n\n\n<p style=\"font-size:15px\">Afin d\u2019accompagner le choix des \u00e9l\u00e8ves, le professeur peut, au sein m\u00eame de son enseignement, contribuer \u00e0 la d\u00e9couverte des m\u00e9tiers et des formations associ\u00e9es, aider l\u2019\u00e9l\u00e8ve \u00e0 mieux se conna\u00eetre, lutter contre les d\u00e9terminismes sociaux ou genr\u00e9s\u2026<\/p>\n\n\n\n<p style=\"font-size:15px\">Par le biais d\u2019activit\u00e9s int\u00e9grant des situations professionnelles et des informations m\u00e9tiers, les \u00e9l\u00e8ves peuvent acqu\u00e9rir des comp\u00e9tences \u00e0 s\u2019orienter qui faciliteront les choix de parcours et de formation.<\/p>\n\n\n\n<p style=\"font-size:15px\">Les activit\u00e9s et documents suivants visent pr\u00e9cis\u00e9ment \u00e0 \u00e9clairer cette d\u00e9marche&nbsp;en coll\u00e8ge ou en lyc\u00e9e&nbsp;:<\/p>\n\n\n\n<p style=\"font-size:15px\">&#8211; fiches activit\u00e9s m\u00e9tiers.<\/p>\n\n\n\n<p style=\"font-size:15px\">&#8211; livret de <a href=\"https:\/\/avenirs.onisep.fr\/referentiel-des-competences-a-s-orienter-au-lycee\">comp\u00e9tences \u00e0 s\u2019orienter en lyc\u00e9e<\/a>.<\/p>\n\n\n\n<hr class=\"wp-block-separator has-alpha-channel-opacity is-style-wide\" style=\"margin-top:var(--wp--preset--spacing--40);margin-bottom:var(--wp--preset--spacing--40)\" \/>\n\n\n\n<h3 class=\"wp-block-heading has-vivid-cyan-blue-color has-text-color has-link-color wp-elements-5dcff1b7488f8e22f71d07d39d50b667\" style=\"font-size:20px\"><strong>Fiches Activit\u00e9s M\u00e9tiers<\/strong><\/h3>\n\n\n\n<div class=\"wp-block-columns has-background is-layout-flex wp-container-core-columns-is-layout-28f84493 wp-block-columns-is-layout-flex\" style=\"background-color:#d8dadc3b\">\n<div class=\"wp-block-column is-layout-flow wp-block-column-is-layout-flow\" style=\"flex-basis:20%\">\n<h2 class=\"wp-block-heading has-text-align-center\" style=\"font-size:18px\">Acad\u00e9mie de Bordeaux<\/h2>\n<\/div>\n\n\n\n<div class=\"wp-block-column is-layout-flow wp-block-column-is-layout-flow\" style=\"flex-basis:80%\">\n<h2 class=\"wp-block-heading\" style=\"font-size:18px\"><strong>FAM &#8211; Cycle 4 &#8211; Electricit\u00e9 &#8211; Electricien(ne) automobile&nbsp;(<a href=\"https:\/\/ent2d.ac-bordeaux.fr\/disciplines\/physique-chimie\/wp-content\/uploads\/sites\/82\/2024\/09\/FAM-Cycle-4-Electricite-Electricienne-automobile.pdf\" data-type=\"link\" data-id=\"https:\/\/ent2d.ac-bordeaux.fr\/disciplines\/physique-chimie\/wp-content\/uploads\/sites\/82\/2024\/09\/FAM-Cycle-4-Electricite-Electricienne-automobile.pdf\" target=\"_blank\" rel=\"noreferrer noopener\">PDF<\/a>&nbsp;&#8211;&nbsp;<a href=\"https:\/\/ent2d.ac-bordeaux.fr\/disciplines\/physique-chimie\/wp-content\/uploads\/sites\/82\/2024\/09\/FAM-Cycle-4-Electricite-Electricienne-automobile.docx\" data-type=\"link\" data-id=\"https:\/\/ent2d.ac-bordeaux.fr\/disciplines\/physique-chimie\/wp-content\/uploads\/sites\/82\/2024\/09\/FAM-Cycle-4-Electricite-Electricienne-automobile.docx\" target=\"_blank\" rel=\"noreferrer noopener\">Docx<\/a>)<\/strong><br><\/h2>\n\n\n\n<h2 class=\"wp-block-heading\" style=\"font-size:18px\"><strong>FAM &#8211; Cycle 4 &#8211; Mesure d&rsquo;une distance, vitesse &#8211; Peintre en b\u00e2timent&nbsp;(<a href=\"https:\/\/ent2d.ac-bordeaux.fr\/disciplines\/physique-chimie\/wp-content\/uploads\/sites\/82\/2025\/07\/FAM-Cycle-4-Mesure-dune-distance-vitesse-Peintre-en-batiment.pdf\" data-type=\"link\" data-id=\"https:\/\/ent2d.ac-bordeaux.fr\/disciplines\/physique-chimie\/wp-content\/uploads\/sites\/82\/2024\/09\/FAM-Cycle-4-Electricite-Electricienne-automobile.pdf\" target=\"_blank\" rel=\"noreferrer noopener\">PDF<\/a>&nbsp;&#8211;&nbsp;<a href=\"https:\/\/ent2d.ac-bordeaux.fr\/disciplines\/physique-chimie\/wp-content\/uploads\/sites\/82\/2025\/07\/FAM-Cycle-4-Mesure-dune-distance-vitesse-Peintre-en-batiment.docx\" data-type=\"link\" data-id=\"https:\/\/ent2d.ac-bordeaux.fr\/disciplines\/physique-chimie\/wp-content\/uploads\/sites\/82\/2024\/09\/FAM-Cycle-4-Electricite-Electricienne-automobile.docx\" target=\"_blank\" rel=\"noreferrer noopener\">Docx<\/a>)<\/strong><\/h2>\n<\/div>\n<\/div>\n\n\n\n<div style=\"height:10px\" aria-hidden=\"true\" class=\"wp-block-spacer\"><\/div>\n\n\n\n<div class=\"wp-block-columns has-background is-layout-flex wp-container-core-columns-is-layout-28f84493 wp-block-columns-is-layout-flex\" style=\"background-color:#d8dadc3b\">\n<div class=\"wp-block-column is-layout-flow wp-block-column-is-layout-flow\" style=\"flex-basis:20%\">\n<h2 class=\"wp-block-heading has-text-align-center\" style=\"font-size:18px\"><br><br><br><br><br><br>Acad\u00e9mie de Toulouse<br><a href=\"https:\/\/pedagogie.ac-toulouse.fr\/physique-chimie\/mobiliser-p1-p5\/pratiques-pedagogiques\/competences-sorienter\/fiches-activites-metiers\" data-type=\"link\" data-id=\"https:\/\/pedagogie.ac-toulouse.fr\/physique-chimie\/mobiliser-p1-p5\/pratiques-pedagogiques\/competences-sorienter\/fiches-activites-metiers\" target=\"_blank\" rel=\"noreferrer noopener\">Lien<\/a><\/h2>\n<\/div>\n\n\n\n<div class=\"wp-block-column is-layout-flow wp-block-column-is-layout-flow\" style=\"flex-basis:80%\">\n<p style=\"font-size:18px\"><strong>FAM &#8211; Cycle 4 &#8211; 3<sup>e<\/sup> &nbsp;&#8211; La masse volumique \u2013 Technicien(ne) de contr\u00f4le&nbsp;<\/strong><\/p>\n\n\n\n<p style=\"font-size:18px\"><strong>FAM &#8211; Cycle 4 &#8211; 4<sup>e<\/sup> &#8211; Le son \u2013 Ing\u00e9nieur(e) du son<\/strong><\/p>\n\n\n\n<p style=\"font-size:18px\"><strong>FAM &#8211; Cycle 4 &#8211; 4<sup>e<\/sup> &#8211; Transformation et changement d&rsquo;\u00e9tat \u2013 Cuisinier(\u00e8re)<\/strong><\/p>\n\n\n\n<p style=\"font-size:18px\"><strong>FAM &#8211; Cycle 4 &#8211; 5<sup>e<\/sup> &#8211; Mesurer une masse un volume &#8211; M\u00e9trologue&nbsp;<\/strong><\/p>\n\n\n\n<p style=\"font-size:18px\"><strong>FAM &#8211; Cycle 4 &#8211; 5<sup>e<\/sup> &#8211; Mesurer une temp\u00e9rature \u2013 Boulanger(\u00e8re) P\u00e2tissier(\u00e8re)<\/strong><\/p>\n\n\n\n<p style=\"font-size:18px\"><strong>FAM &#8211; Cycle 4 &#8211; 5<sup>e<\/sup> &#8211; Transformations et pH \u2013 \u00c9leveur(se) et producteur(rice) fromag\u00e8re&nbsp;<\/strong><\/p>\n<\/div>\n<\/div>\n\n\n\n<hr class=\"wp-block-separator has-alpha-channel-opacity is-style-wide\" style=\"margin-top:var(--wp--preset--spacing--40);margin-bottom:var(--wp--preset--spacing--40)\" \/>\n\n\n\n<h2 class=\"wp-block-heading has-white-color has-text-color has-background has-link-color has-medium-font-size wp-elements-2171acbbb030bb7fad59ae949200d645\" style=\"background:linear-gradient(90deg,rgb(6,147,227) 0%,rgb(255,255,255) 87%);line-height:0.1;text-transform:uppercase\"><em><strong>G\u00e9n\u00e9rer des fiches activite-m\u00e9tier avec l&rsquo;ia<\/strong><\/em><\/h2>\n\n\n\n<div class=\"wp-block-columns is-layout-flex wp-container-core-columns-is-layout-28f84493 wp-block-columns-is-layout-flex\">\n<div class=\"wp-block-column is-layout-flow wp-block-column-is-layout-flow\">\n<p style=\"font-size:15px\"><strong>&#8211; La d\u00e9marche:<\/strong><br>* Fournir l&rsquo;activit\u00e9 (cours ou TP) \u00e0 l&rsquo;IA<br>* <a href=\"https:\/\/ent2d.ac-bordeaux.fr\/disciplines\/physique-chimie\/wp-content\/uploads\/sites\/82\/2026\/04\/prompt-methode-prof.docx\" target=\"_blank\" rel=\"noreferrer noopener\">Fournir le prompt<\/a><br><br><a href=\"https:\/\/podeduc.apps.education.fr\/video\/139636-comment-creer-un-exercice-interactif-avec-lia-a-partir-dune-animation\/\" target=\"_blank\" rel=\"noreferrer noopener\"> <\/a><\/p>\n<\/div>\n\n\n\n<div class=\"wp-block-column is-layout-flow wp-block-column-is-layout-flow\">\n<p style=\"font-size:15px\">&#8211;<strong>Exemples:<\/strong><br>* <a href=\"https:\/\/ent2d.ac-bordeaux.fr\/disciplines\/physique-chimie\/wp-content\/uploads\/sites\/82\/2026\/04\/Chapitre-15-cours-La-radioactivite-finale.pdf\" target=\"_blank\" rel=\"noreferrer noopener\">Chapitre 15 &#8211; Cours &#8211; La radioactivit\u00e9<\/a><br>* <a href=\"https:\/\/ent2d.ac-bordeaux.fr\/disciplines\/physique-chimie\/wp-content\/uploads\/sites\/82\/2026\/04\/reponse-radiactivite.docx\" target=\"_blank\" rel=\"noreferrer noopener\">La r\u00e9ponse de l&rsquo;IA<\/a><br>* <a href=\"https:\/\/ent2d.ac-bordeaux.fr\/disciplines\/physique-chimie\/wp-content\/uploads\/sites\/82\/2026\/04\/fiche-metier-technicien-radioprotection.docx\" target=\"_blank\" rel=\"noreferrer noopener\">Apr\u00e8s mise en forme<\/a><\/p>\n<\/div>\n<\/div>\n\n\n\n<div style=\"height:21px\" aria-hidden=\"true\" class=\"wp-block-spacer\"><\/div>\n\n\n\n<div class=\"wp-block-columns is-layout-flex wp-container-core-columns-is-layout-28f84493 wp-block-columns-is-layout-flex\">\n<div class=\"wp-block-column is-layout-flow wp-block-column-is-layout-flow\">\n<p style=\"font-size:15px\">&#8211; <a href=\"https:\/\/podeduc.apps.education.fr\/video\/139637-comment-creer-des-fiches-activite-metier-avec-lia\/\" target=\"_blank\" rel=\"noreferrer noopener\">Comment cr\u00e9er des fiches activit\u00e9-m\u00e9tier avec l&rsquo;IA<\/a><\/p>\n<\/div>\n\n\n\n<div class=\"wp-block-column is-layout-flow wp-block-column-is-layout-flow\">\n<p style=\"font-size:15px\"><\/p>\n<\/div>\n<\/div>\n\n\n\n<div style=\"height:21px\" aria-hidden=\"true\" class=\"wp-block-spacer\"><\/div>\n\n\n\n<div class=\"wp-block-columns is-layout-flex wp-container-core-columns-is-layout-28f84493 wp-block-columns-is-layout-flex\">\n<div class=\"wp-block-column is-layout-flow wp-block-column-is-layout-flow\"><iframe loading=\"lazy\" src=\"https:\/\/podeduc.apps.education.fr\/video\/139637-comment-creer-des-fiches-activite-metier-avec-lia\/?is_iframe=true\" title=\"\" width=\"100%\" height=\"220\" scrolling=\"yes\" frameborder=\"0\" marginheight=\"0\" allowFullScreen=\"true\"><a href=\"https:\/\/podeduc.apps.education.fr\/video\/139637-comment-creer-des-fiches-activite-metier-avec-lia\/?is_iframe=true\" target=\"_blank\">https:\/\/podeduc.apps.education.fr\/video\/139637-comment-creer-des-fiches-activite-metier-avec-lia\/?is_iframe=true<\/a><\/iframe>\n<\/div>\n\n\n\n<div class=\"wp-block-column is-layout-flow wp-block-column-is-layout-flow\"><\/div>\n\n\n\n<div class=\"wp-block-column is-layout-flow wp-block-column-is-layout-flow\"><\/div>\n<\/div>\n","protected":false},"excerpt":{"rendered":"<p>Au cours de sa scolarit\u00e9, l\u2019\u00e9l\u00e8ve est amen\u00e9 \u00e0 plusieurs reprises \u00e0 faire des choix de parcours les plus adapt\u00e9s<\/p>\n","protected":false},"author":940,"featured_media":0,"parent":0,"menu_order":0,"comment_status":"closed","ping_status":"closed","template":"","meta":{"footnotes":""},"class_list":["post-2149","page","type-page","status-publish","hentry"],"_links":{"self":[{"href":"https:\/\/ent2d.ac-bordeaux.fr\/disciplines\/physique-chimie\/wp-json\/wp\/v2\/pages\/2149","targetHints":{"allow":["GET"]}}],"collection":[{"href":"https:\/\/ent2d.ac-bordeaux.fr\/disciplines\/physique-chimie\/wp-json\/wp\/v2\/pages"}],"about":[{"href":"https:\/\/ent2d.ac-bordeaux.fr\/disciplines\/physique-chimie\/wp-json\/wp\/v2\/types\/page"}],"author":[{"embeddable":true,"href":"https:\/\/ent2d.ac-bordeaux.fr\/disciplines\/physique-chimie\/wp-json\/wp\/v2\/users\/940"}],"replies":[{"embeddable":true,"href":"https:\/\/ent2d.ac-bordeaux.fr\/disciplines\/physique-chimie\/wp-json\/wp\/v2\/comments?post=2149"}],"version-history":[{"count":11,"href":"https:\/\/ent2d.ac-bordeaux.fr\/disciplines\/physique-chimie\/wp-json\/wp\/v2\/pages\/2149\/revisions"}],"predecessor-version":[{"id":3228,"href":"https:\/\/ent2d.ac-bordeaux.fr\/disciplines\/physique-chimie\/wp-json\/wp\/v2\/pages\/2149\/revisions\/3228"}],"wp:attachment":[{"href":"https:\/\/ent2d.ac-bordeaux.fr\/disciplines\/physique-chimie\/wp-json\/wp\/v2\/media?parent=2149"}],"curies":[{"name":"wp","href":"https:\/\/api.w.org\/{rel}","templated":true}]}}