{"id":2089,"date":"2024-04-22T18:15:58","date_gmt":"2024-04-22T17:15:58","guid":{"rendered":"https:\/\/ent2d.ac-bordeaux.fr\/disciplines\/sciences-physiques-bas\/?page_id=2089"},"modified":"2025-04-01T20:32:34","modified_gmt":"2025-04-01T19:32:34","slug":"bts","status":"publish","type":"page","link":"https:\/\/ent2d.ac-bordeaux.fr\/disciplines\/physique-chimie\/bts\/","title":{"rendered":"BTS"},"content":{"rendered":"\n<h2 class=\"wp-block-heading has-medium-font-size\"><a href=\"https:\/\/enqdip.sup.adc.education.fr\/bts\/index.htm\" data-type=\"link\" data-id=\"https:\/\/enqdip.sup.adc.education.fr\/bts\/index.htm\" target=\"_blank\" rel=\"noreferrer noopener\">Les r\u00e9f\u00e9rentiels<\/a> des diff\u00e9rents BTS<\/h2>\n\n\n\n<h2 class=\"wp-block-heading has-medium-font-size\">La page ressources des BTS sur <a href=\"https:\/\/eduscol.education.fr\/782\/le-brevet-de-technicien-superieur\" data-type=\"link\" data-id=\"https:\/\/enqdip.sup.adc.education.fr\/bts\/index.htm\" target=\"_blank\" rel=\"noreferrer noopener\">Eduscol<\/a><\/h2>\n","protected":false},"excerpt":{"rendered":"<p>Les r\u00e9f\u00e9rentiels des diff\u00e9rents BTS La page ressources des BTS sur Eduscol<\/p>\n","protected":false},"author":940,"featured_media":0,"parent":0,"menu_order":0,"comment_status":"closed","ping_status":"closed","template":"","meta":{"footnotes":""},"class_list":["post-2089","page","type-page","status-publish","hentry"],"_links":{"self":[{"href":"https:\/\/ent2d.ac-bordeaux.fr\/disciplines\/physique-chimie\/wp-json\/wp\/v2\/pages\/2089","targetHints":{"allow":["GET"]}}],"collection":[{"href":"https:\/\/ent2d.ac-bordeaux.fr\/disciplines\/physique-chimie\/wp-json\/wp\/v2\/pages"}],"about":[{"href":"https:\/\/ent2d.ac-bordeaux.fr\/disciplines\/physique-chimie\/wp-json\/wp\/v2\/types\/page"}],"author":[{"embeddable":true,"href":"https:\/\/ent2d.ac-bordeaux.fr\/disciplines\/physique-chimie\/wp-json\/wp\/v2\/users\/940"}],"replies":[{"embeddable":true,"href":"https:\/\/ent2d.ac-bordeaux.fr\/disciplines\/physique-chimie\/wp-json\/wp\/v2\/comments?post=2089"}],"version-history":[{"count":2,"href":"https:\/\/ent2d.ac-bordeaux.fr\/disciplines\/physique-chimie\/wp-json\/wp\/v2\/pages\/2089\/revisions"}],"predecessor-version":[{"id":2771,"href":"https:\/\/ent2d.ac-bordeaux.fr\/disciplines\/physique-chimie\/wp-json\/wp\/v2\/pages\/2089\/revisions\/2771"}],"wp:attachment":[{"href":"https:\/\/ent2d.ac-bordeaux.fr\/disciplines\/physique-chimie\/wp-json\/wp\/v2\/media?parent=2089"}],"curies":[{"name":"wp","href":"https:\/\/api.w.org\/{rel}","templated":true}]}}