{"id":665,"date":"2017-10-22T15:00:22","date_gmt":"2017-10-22T13:00:22","guid":{"rendered":"https:\/\/ent2d.ac-bordeaux.fr\/disciplines\/philosophie\/?page_id=665"},"modified":"2025-12-28T18:53:19","modified_gmt":"2025-12-28T17:53:19","slug":"informations-pratiques-concernant-les-sessions","status":"publish","type":"page","link":"https:\/\/ent2d.ac-bordeaux.fr\/disciplines\/philosophie\/informations-pratiques-concernant-les-sessions\/","title":{"rendered":"Informations pratiques concernant les sessions de pr\u00e9paration"},"content":{"rendered":"<p><a href=\"https:\/\/ent2d.ac-bordeaux.fr\/disciplines\/philosophie\/preparation-a-lagregation-interne\/ban9\/\" rel=\"attachment wp-att-640\"><img loading=\"lazy\" decoding=\"async\" class=\"alignnone wp-image-640\" src=\"https:\/\/ent2d.ac-bordeaux.fr\/disciplines\/philosophie\/wp-content\/uploads\/sites\/24\/2017\/10\/ban9-300x19.jpg\" alt=\"\" width=\"742\" height=\"47\" srcset=\"https:\/\/ent2d.ac-bordeaux.fr\/disciplines\/philosophie\/wp-content\/uploads\/sites\/24\/2017\/10\/ban9-300x19.jpg 300w, https:\/\/ent2d.ac-bordeaux.fr\/disciplines\/philosophie\/wp-content\/uploads\/sites\/24\/2017\/10\/ban9.jpg 728w\" sizes=\"auto, (max-width: 742px) 100vw, 742px\" \/><\/a><\/p>\n<p>Pour contacter les formateurs:<\/p>\n<ul>\n<li><span style=\"text-decoration: underline\">Yvan Elissalde<\/span>: yvan.elissalde@gmail.com<\/li>\n<li><span style=\"text-decoration: underline\">Laurent neveu-Marques<\/span>: neveu.laurent@yahoo.com<\/li>\n<\/ul>\n<p>Pour contacter le webmaster acad\u00e9mique\/IAN et administrateur du parcours Magist\u00e8re: rnavaron@gmail.com<\/p>\n<p>\u00a0<\/p>\n<p><a href=\"https:\/\/ent2d.ac-bordeaux.fr\/disciplines\/philosophie\/informations-pratiques-concernant-les-sessions\/lieu-ouu-se-deroulent-les-senssiosn\/\" rel=\"attachment wp-att-666\"><img loading=\"lazy\" decoding=\"async\" class=\"alignnone wp-image-666\" src=\"https:\/\/ent2d.ac-bordeaux.fr\/disciplines\/philosophie\/wp-content\/uploads\/sites\/24\/2017\/10\/lieu-o\u00f9\u00f9-se-d\u00e9roulent-les-senssiosn-300x19.jpg\" alt=\"\" width=\"742\" height=\"47\" srcset=\"https:\/\/ent2d.ac-bordeaux.fr\/disciplines\/philosophie\/wp-content\/uploads\/sites\/24\/2017\/10\/lieu-o\u00f9\u00f9-se-d\u00e9roulent-les-senssiosn-300x19.jpg 300w, https:\/\/ent2d.ac-bordeaux.fr\/disciplines\/philosophie\/wp-content\/uploads\/sites\/24\/2017\/10\/lieu-o\u00f9\u00f9-se-d\u00e9roulent-les-senssiosn.jpg 728w\" sizes=\"auto, (max-width: 742px) 100vw, 742px\" \/><\/a><a href=\"https:\/\/ent2d.ac-bordeaux.fr\/disciplines\/philosophie\/informations-pratiques-concernant-les-sessions\/entree_de_la_cour_principale\/\" rel=\"attachment wp-att-1249\"><img loading=\"lazy\" decoding=\"async\" class=\" wp-image-1249 alignleft\" src=\"https:\/\/ent2d.ac-bordeaux.fr\/disciplines\/philosophie\/wp-content\/uploads\/sites\/24\/2021\/08\/Entr\u00e9e_de_la_cour_principale-300x225.jpg\" alt=\"\" width=\"349\" height=\"261\" \/><\/a><\/p>\n<p><a href=\"https:\/\/montaigne-bordeaux.fr\"><strong>Lyc\u00e9e Montaigne<\/strong><\/a><\/p>\n<p>226 Rue Sainte-Catherine,\u00a033000 Bordeaux<\/p>\n<p><a href=\"https:\/\/ent2d.ac-bordeaux.fr\/disciplines\/philosophie\/informations-pratiques-concernant-les-sessions\/capture-decran-2017-10-21-a-21-46-25\/\" rel=\"attachment wp-att-670\"><img loading=\"lazy\" decoding=\"async\" class=\"alignnone wp-image-670\" src=\"https:\/\/ent2d.ac-bordeaux.fr\/disciplines\/philosophie\/wp-content\/uploads\/sites\/24\/2017\/10\/Capture-d\u2019\u00e9cran-2017-10-21-\u00e0-21.46.25.png\" alt=\"\" width=\"16\" height=\"16\" \/><\/a>Arr\u00eat tramway le plus proche : Mus\u00e9e d&#8217;Aquitaine<\/p>\n<p><img loading=\"lazy\" decoding=\"async\" class=\"agency\" src=\"https:\/\/appassets.mvtdev.com\/index\/public-transit-resources\/img\/transit-types\/bus.svg\" alt=\"Bus\" width=\"20\" height=\"20\" \/> Bus: <a class=\"line-link\" href=\"https:\/\/moovitapp.com\/bordeaux-924\/lines\/1\/489177\/1799306\/fr?ref=1&amp;poiType=egsite&amp;customerId=4908\" data-automation=\"line-in-faq-answer\">1<\/a>, <a class=\"line-link\" href=\"https:\/\/moovitapp.com\/bordeaux-924\/lines\/11\/289173\/3671778\/fr?ref=1&amp;poiType=egsite&amp;customerId=4908\" data-automation=\"line-in-faq-answer\">11<\/a>, <a class=\"line-link\" href=\"https:\/\/moovitapp.com\/bordeaux-924\/lines\/16\/289175\/1279628\/fr?ref=1&amp;poiType=egsite&amp;customerId=4908\" data-automation=\"line-in-faq-answer\">16<\/a>, <a class=\"line-link\" href=\"https:\/\/moovitapp.com\/bordeaux-924\/lines\/4\/489180\/1799314\/fr?ref=1&amp;poiType=egsite&amp;customerId=4908\" data-automation=\"line-in-faq-answer\">4<\/a>, <a class=\"line-link\" href=\"https:\/\/moovitapp.com\/bordeaux-924\/lines\/702\/289398\/3751175\/fr?ref=1&amp;poiType=egsite&amp;customerId=4908\" data-automation=\"line-in-faq-answer\">702<\/a><\/p>\n<p>Attention, depuis l&#8217;ann\u00e9e 2020-2021, les cours de pr\u00e9paration dispens\u00e9s par Yvan Elissalde ne seront plus au lyc\u00e9e Magendie. Les s\u00e9ances auront lieu au <strong>lyc\u00e9e Montaigne de Bordeaux<\/strong>, salle 115, B\u00e2timent 1. Les horaires sont \u00e9galement d\u00e9cal\u00e9s puisque <strong>les s\u00e9ances auront lieu de 15h \u00e0 18h<\/strong>.<\/p>\n<p>L&#8217;acc\u00e8s au lyc\u00e9e peut se faire \u00e0 pied par la rue Sainte-Catherine, ou bien pour les gens motoris\u00e9s par la rue Candale (\u00e0 partir de la place de la Victoire), en demandant \u00e0 l&#8217;interphone de la grille l&#8217;ouverture du parking du lyc\u00e9e.<\/p>\n\n\n<p><\/p>\n\n\n\n<p><\/p>\n","protected":false},"excerpt":{"rendered":"<p>Pour contacter les formateurs: Yvan Elissalde: yvan.elissalde@gmail.com Laurent neveu-Marques: neveu.laurent@yahoo.com Pour contacter le webmaster acad\u00e9mique\/IAN et administrateur du parcours Magist\u00e8re: rnavaron@gmail.com \u00a0 Lyc\u00e9e Montaigne 226 Rue Sainte-Catherine,\u00a033000 Bordeaux Arr\u00eat tramway le plus proche : Mus\u00e9e d&#8217;Aquitaine Bus: 1, 11, 16, 4, 702 Attention, depuis l&#8217;ann\u00e9e 2020-2021, les cours de pr\u00e9paration dispens\u00e9s par Yvan Elissalde ne &hellip; <\/p>\n<p><a class=\"more-link btn\" href=\"https:\/\/ent2d.ac-bordeaux.fr\/disciplines\/philosophie\/informations-pratiques-concernant-les-sessions\/\">Lire la suite<\/a><\/p>\n","protected":false},"author":2078,"featured_media":0,"parent":0,"menu_order":0,"comment_status":"closed","ping_status":"closed","template":"","meta":{"footnotes":""},"class_list":["post-665","page","type-page","status-publish","hentry","nodate","item-wrap"],"_links":{"self":[{"href":"https:\/\/ent2d.ac-bordeaux.fr\/disciplines\/philosophie\/wp-json\/wp\/v2\/pages\/665","targetHints":{"allow":["GET"]}}],"collection":[{"href":"https:\/\/ent2d.ac-bordeaux.fr\/disciplines\/philosophie\/wp-json\/wp\/v2\/pages"}],"about":[{"href":"https:\/\/ent2d.ac-bordeaux.fr\/disciplines\/philosophie\/wp-json\/wp\/v2\/types\/page"}],"author":[{"embeddable":true,"href":"https:\/\/ent2d.ac-bordeaux.fr\/disciplines\/philosophie\/wp-json\/wp\/v2\/users\/2078"}],"replies":[{"embeddable":true,"href":"https:\/\/ent2d.ac-bordeaux.fr\/disciplines\/philosophie\/wp-json\/wp\/v2\/comments?post=665"}],"version-history":[{"count":20,"href":"https:\/\/ent2d.ac-bordeaux.fr\/disciplines\/philosophie\/wp-json\/wp\/v2\/pages\/665\/revisions"}],"predecessor-version":[{"id":1252,"href":"https:\/\/ent2d.ac-bordeaux.fr\/disciplines\/philosophie\/wp-json\/wp\/v2\/pages\/665\/revisions\/1252"}],"wp:attachment":[{"href":"https:\/\/ent2d.ac-bordeaux.fr\/disciplines\/philosophie\/wp-json\/wp\/v2\/media?parent=665"}],"curies":[{"name":"wp","href":"https:\/\/api.w.org\/{rel}","templated":true}]}}