{"id":306,"date":"2017-06-03T23:44:56","date_gmt":"2017-06-03T21:44:56","guid":{"rendered":"https:\/\/ent2d.ac-bordeaux.fr\/disciplines\/philosophie\/?page_id=306"},"modified":"2025-12-28T18:51:29","modified_gmt":"2025-12-28T17:51:29","slug":"agregation-externe","status":"publish","type":"page","link":"https:\/\/ent2d.ac-bordeaux.fr\/disciplines\/philosophie\/agregation-externe\/","title":{"rendered":"Agr\u00e9gation externe"},"content":{"rendered":"<h6><strong><img loading=\"lazy\" decoding=\"async\" class=\"alignnone wp-image-154\" src=\"https:\/\/ent2d.ac-bordeaux.fr\/disciplines\/philosophie\/wp-content\/uploads\/sites\/24\/2017\/06\/Minervas_ugle-1-124x300.png\" alt=\"\" width=\"10\" height=\"24\" srcset=\"https:\/\/ent2d.ac-bordeaux.fr\/disciplines\/philosophie\/wp-content\/uploads\/sites\/24\/2017\/06\/Minervas_ugle-1-124x300.png 124w, https:\/\/ent2d.ac-bordeaux.fr\/disciplines\/philosophie\/wp-content\/uploads\/sites\/24\/2017\/06\/Minervas_ugle-1-425x1024.png 425w, https:\/\/ent2d.ac-bordeaux.fr\/disciplines\/philosophie\/wp-content\/uploads\/sites\/24\/2017\/06\/Minervas_ugle-1.png 523w\" sizes=\"auto, (max-width: 10px) 100vw, 10px\" \/><span style=\"color: #800000\">\u00a0\u00a0Programme de l&#8217;agr\u00e9gation externe pour\u00a0la session 2022<\/span><\/strong><\/h6>\n<ul>\n<li>Le programme de la session 2026 est disponible ici :\u00a0<a href=\"https:\/\/www.devenirenseignant.gouv.fr\/media\/16757\/download\" target=\"_blank\" rel=\"noopener\">Programme agr\u00e9gation externe de philosophie 2026 <\/a><\/li>\n<\/ul>\n<h6><strong><img loading=\"lazy\" decoding=\"async\" class=\"alignnone wp-image-154\" src=\"https:\/\/ent2d.ac-bordeaux.fr\/disciplines\/philosophie\/wp-content\/uploads\/sites\/24\/2017\/06\/Minervas_ugle-1-124x300.png\" alt=\"\" width=\"10\" height=\"24\" srcset=\"https:\/\/ent2d.ac-bordeaux.fr\/disciplines\/philosophie\/wp-content\/uploads\/sites\/24\/2017\/06\/Minervas_ugle-1-124x300.png 124w, https:\/\/ent2d.ac-bordeaux.fr\/disciplines\/philosophie\/wp-content\/uploads\/sites\/24\/2017\/06\/Minervas_ugle-1-425x1024.png 425w, https:\/\/ent2d.ac-bordeaux.fr\/disciplines\/philosophie\/wp-content\/uploads\/sites\/24\/2017\/06\/Minervas_ugle-1.png 523w\" sizes=\"auto, (max-width: 10px) 100vw, 10px\" \/><span style=\"color: #800000\">\u00a0 Programmes, rapports du jury et nombre de postes disponibles pour les\u00a0ann\u00e9es pr\u00e9c\u00e9dentes<\/span><\/strong><\/h6>\n<ul>\n<li>Pour la session 2025 :\n<ul>\n<li>Rapport de jury : \u00e0 venir.<\/li>\n<li>Nombre de postes : 80.<\/li>\n<\/ul>\n<\/li>\n<li>Pour la session 2025 :\n<ul>\n<li>Rapport du jury : \u00e0 venir.<\/li>\n<li>Nombre de postes : 85<\/li>\n<li><a href=\"https:\/\/ent2d.ac-bordeaux.fr\/disciplines\/philosophie\/2025\/10\/15\/sujets-de-la-session-2025\/\" target=\"_blank\" rel=\"noopener\">Agr\u00e9gation externe : sujets de la session 2025.<\/a><\/li>\n<\/ul>\n<\/li>\n<li>Pour la session 2024 :\n<ul>\n<li>Rapport du jury :\u00a0<a href=\"https:\/\/www.devenirenseignant.gouv.fr\/media\/14748\/download\" target=\"_blank\" rel=\"noopener\">Rapport du jury agr\u00e9gation externe 2024 <\/a><\/li>\n<li>Nombre de postes : 85<\/li>\n<li><a href=\"https:\/\/www.devenirenseignant.gouv.fr\/media\/12450\/download\" target=\"_blank\" rel=\"noopener\">Sujet de la composition de philosophie sans programme<\/a><\/li>\n<li><a href=\"https:\/\/www.devenirenseignant.gouv.fr\/media\/12453\/download\" target=\"_blank\" rel=\"noopener\">Sujet de composition sur une notion ou un groupe de notions<\/a><\/li>\n<li><a href=\"https:\/\/www.devenirenseignant.gouv.fr\/media\/12456\/download\" target=\"_blank\" rel=\"noopener\">Sujet d&#8217;histoire de la philosophie <\/a><\/li>\n<\/ul>\n<\/li>\n<li>Pour la session 2023 :\n<ul>\n<li>Rapport du jury :\u00a0<a href=\"https:\/\/www.devenirenseignant.gouv.fr\/media\/11238\/download\" target=\"_blank\" rel=\"noopener\">Rapport du jury agr\u00e9gation externe 2023<\/a><\/li>\n<li>Nombres de postes: 80<\/li>\n<li><a href=\"https:\/\/www.devenirenseignant.gouv.fr\/media\/4742\/download\">Sujet de la composition de philosophie sans programme<\/a><\/li>\n<li><a href=\"https:\/\/www.devenirenseignant.gouv.fr\/media\/4745\/download\">Sujet de composition sur une notion ou un groupe de notions<\/a><\/li>\n<li><a href=\"https:\/\/www.devenirenseignant.gouv.fr\/media\/4748\/download\">Sujet d&#8217;histoire de la philosophie <\/a><\/li>\n<\/ul>\n<\/li>\n<\/ul>\n<ul>\n<li>Pour la session 2022 :\n<ul>\n<li>Rapport du jury :\u00a0<a href=\"https:\/\/media.devenirenseignant.gouv.fr\/file\/agreg_externe\/43\/3\/rj-2022-agregation-externe-philosophie_1428433.pdf\">Rapport du Jury Agr\u00e9gation externe de philosophie 2022<\/a><\/li>\n<li>Nombres de postes: 73<\/li>\n<li><a href=\"https:\/\/www.devenirenseignant.gouv.fr\/media\/2068\/download\">Sujet de la composition de philosophie sans programme<\/a><\/li>\n<li><a href=\"https:\/\/www.devenirenseignant.gouv.fr\/media\/2065\/download\">Sujet de composition sur une notion ou un groupe de notions<\/a><\/li>\n<li><a href=\"https:\/\/www.devenirenseignant.gouv.fr\/media\/2062\/download\">Sujet d&#8217;histoire de la philosophie<\/a><\/li>\n<\/ul>\n<\/li>\n<\/ul>\n<ul>\n<li>Pour la session 2021 : <a href=\"https:\/\/ent2d.ac-bordeaux.fr\/disciplines\/philosophie\/agregation-externe\/p2021_agreg_ext_philosophie_1274911\/\" rel=\"attachment wp-att-1263\">p2021_agreg_ext_philosophie_1274911<\/a>\n<ul>\n<li>Rapport du jury : NC.<\/li>\n<li>Nombres de postes: 73<\/li>\n<li><a href=\"https:\/\/www.devenirenseignant.gouv.fr\/cid156537\/sujets-rapports-des-jurys-agregation-2021.html\">Sujets<\/a>.<\/li>\n<\/ul>\n<\/li>\n<li>Pour la session 2020 : <a href=\"https:\/\/ent2d.ac-bordeaux.fr\/disciplines\/philosophie\/agregation-externe\/p2020_agreg_ext_philosophie_1107687-3\/\" rel=\"attachment wp-att-1261\">p2020_agreg_ext_philosophie_1107687<\/a>\n<ul>\n<li>Rapport du jury: <a href=\"https:\/\/ent2d.ac-bordeaux.fr\/disciplines\/philosophie\/agregation-externe\/rj-2020-agregation-externe-philosophie_1358772-2\/\" rel=\"attachment wp-att-1262\">rj-2020-agregation-externe-philosophie_1358772-2<\/a><\/li>\n<li>Nombre de postes : 73<\/li>\n<li><a href=\"https:\/\/www.devenirenseignant.gouv.fr\/cid148653\/sujets-rapports-des-jurys-agregation-2020.html\">Sujets<\/a>.<\/li>\n<\/ul>\n<\/li>\n<li>Pour la session 2019 : <a href=\"https:\/\/ent2d.ac-bordeaux.fr\/disciplines\/philosophie\/dates-et-modalites-dinscription\/p2019_agreg_ext_philosophie_929137-2\/\" rel=\"attachment wp-att-814\">p2019_agreg_ext_philosophie_929137-2<\/a>\n<ul>\n<li>Rapport du jury : <a href=\"https:\/\/ent2d.ac-bordeaux.fr\/disciplines\/philosophie\/agregation-externe\/rj-2019-agregation-externe-philosophie_1197069\/\" rel=\"attachment wp-att-1260\">Rj-2019-agregation-externe-philosophie_1197069<\/a><\/li>\n<li>Nombre de postes: 73<\/li>\n<li><a href=\"https:\/\/www.devenirenseignant.gouv.fr\/cid137747\/sujets-rapports-des-jurys-agregation-2019.html\">Sujets<\/a>.<\/li>\n<\/ul>\n<\/li>\n<li>Pour la session 2018 : <a href=\"https:\/\/ent2d.ac-bordeaux.fr\/disciplines\/philosophie\/wp-content\/uploads\/sites\/24\/2017\/06\/p2018_agreg_ext_philo_741072.pdf\">p2018_agreg_ext_philo_741072<\/a>\n<ul>\n<li>Rapport du jury :\u00a0\u00a0<a href=\"https:\/\/ent2d.ac-bordeaux.fr\/disciplines\/philosophie\/agregation-externe\/rj-2017-agregation-externe-philosophie_868648-2\/\" rel=\"attachment wp-att-822\">rj-2017-agregation-externe-philosophie_868648-2<\/a><\/li>\n<li><a href=\"http:\/\/www.devenirenseignant.gouv.fr\/cid98774\/les-postes-et-contrats-offerts-aux-concours-de-l-agregation-de-la-session-2016.html\">Nombre de postes<\/a>: <strong>61<\/strong> postes.<\/li>\n<li><a href=\"http:\/\/www.devenirenseignant.gouv.fr\/cid125063\/les-sujets-des-epreuves-admissibilite-des-concours-agregation-session-2018.html\">Sujets<\/a>.<\/li>\n<\/ul>\n<\/li>\n<li>Pour la session 2017 :\u00a0<a href=\"https:\/\/ent2d.ac-bordeaux.fr\/disciplines\/philosophie\/wp-content\/uploads\/sites\/24\/2017\/06\/p2017_agreg_ext_philo_556553.pdf\">p2017_agreg_ext_philo_556553<\/a>\n<ul>\n<li>Rapport du jury: Pas encore disponible.<\/li>\n<li><a href=\"http:\/\/www.devenirenseignant.gouv.fr\/cid98774\/les-postes-et-contrats-offerts-aux-concours-de-l-agregation-de-la-session-2016.html\">Nombre de postes<\/a>: <strong>76<\/strong> postes.<\/li>\n<li><a href=\"http:\/\/www.devenirenseignant.gouv.fr\/cid111368\/sujets-et-rapports-des-jurys-agregation-2017.html\">Sujets<\/a>.<\/li>\n<\/ul>\n<\/li>\n<li>Pour la session 2016 :\u00a0<a href=\"https:\/\/ent2d.ac-bordeaux.fr\/disciplines\/philosophie\/wp-content\/uploads\/sites\/24\/2017\/06\/p2016_agreg_ext_philo_411064.pdf\">p2016_agreg_ext_philo_411064<\/a>\n<ul>\n<li>Rapport du jury:\u00a0<a href=\"https:\/\/ent2d.ac-bordeaux.fr\/disciplines\/philosophie\/wp-content\/uploads\/sites\/24\/2017\/06\/rj-2016-agregation-externe-philo_661733-2.pdf\">rj-2016-agregation-externe-philo_661733-2<\/a><\/li>\n<li>Nombre de postes: <strong>76<\/strong> postes.<\/li>\n<li><a href=\"http:\/\/www.devenirenseignant.gouv.fr\/cid98775\/les-sujets-des-epreuves-d-admissibilite-et-rapports-des-jury-des-concours-de-l-agregation-de-la-session-2016.html\">Sujets<\/a>.<\/li>\n<\/ul>\n<\/li>\n<li>Pour la session 2015 :\u00a0<a href=\"https:\/\/ent2d.ac-bordeaux.fr\/disciplines\/philosophie\/wp-content\/uploads\/sites\/24\/2017\/06\/p2015_agreg_ext_philo_301234.pdf\">p2015_agreg_ext_philo_301234<\/a>\n<ul>\n<li>Rapport du jury:\u00a0<a href=\"https:\/\/ent2d.ac-bordeaux.fr\/disciplines\/philosophie\/wp-content\/uploads\/sites\/24\/2017\/06\/agreg_externe_2015.pdf\">agreg_externe_2015<\/a><\/li>\n<li>Nombre de postes: <strong>72<\/strong> postes.<\/li>\n<li><a href=\"http:\/\/www.devenirenseignant.gouv.fr\/cid98790\/les-sujets-et-rapports-des-jurys-des-concours-de-l-agregation-session-2015.html\">Sujets<\/a>.<\/li>\n<\/ul>\n<\/li>\n<li>Pour la session 2014 :\u00a0<a href=\"https:\/\/ent2d.ac-bordeaux.fr\/disciplines\/philosophie\/wp-content\/uploads\/sites\/24\/2017\/06\/p2014_agreg_ext_philo_243355.pdf\">p2014_agreg_ext_philo_243355<\/a>\n<ul>\n<li>Rapport du jury:\u00a0<a href=\"https:\/\/ent2d.ac-bordeaux.fr\/disciplines\/philosophie\/wp-content\/uploads\/sites\/24\/2017\/06\/philo_367298.pdf\">philo_367298<\/a><\/li>\n<li>Nombre de postes: <strong>60<\/strong> postes.<\/li>\n<li><a href=\"http:\/\/www.devenirenseignant.gouv.fr\/cid98789\/les-sujets-des-epreuves-d-admissibilite-et-rapports-des-jurys-des-concours-de-l-agregation-de-la-session-2014.html\">Sujets<\/a>.<\/li>\n<\/ul>\n<\/li>\n<li>Pour la session 2013 :\u00a0<a href=\"https:\/\/ent2d.ac-bordeaux.fr\/disciplines\/philosophie\/wp-content\/uploads\/sites\/24\/2017\/06\/p2013_agreg_ext_philo_209755.pdf\">p2013_agreg_ext_philo_209755<\/a>\n<ul>\n<li>Rapport du jury:\u00a0<a href=\"https:\/\/ent2d.ac-bordeaux.fr\/disciplines\/philosophie\/wp-content\/uploads\/sites\/24\/2017\/06\/philo_284638-2.pdf\">philo_284638-2<\/a><\/li>\n<li>Nombre de postes: <strong>60<\/strong> postes.<\/li>\n<li><a href=\"http:\/\/www.devenirenseignant.gouv.fr\/cid98787\/sujets-des-epreuves-d-admissibilite-et-rapports-des-jurys-des-concours-de-l-agregation-de-la-session-2013.html#Concours_interne%20de%20l%27agr\u00e9gation%20et%20C\">Sujets<\/a>.<\/li>\n<\/ul>\n<\/li>\n<\/ul>\n<h6><strong><img loading=\"lazy\" decoding=\"async\" class=\"alignnone wp-image-154\" src=\"https:\/\/ent2d.ac-bordeaux.fr\/disciplines\/philosophie\/wp-content\/uploads\/sites\/24\/2017\/06\/Minervas_ugle-1-124x300.png\" alt=\"\" width=\"10\" height=\"24\" srcset=\"https:\/\/ent2d.ac-bordeaux.fr\/disciplines\/philosophie\/wp-content\/uploads\/sites\/24\/2017\/06\/Minervas_ugle-1-124x300.png 124w, https:\/\/ent2d.ac-bordeaux.fr\/disciplines\/philosophie\/wp-content\/uploads\/sites\/24\/2017\/06\/Minervas_ugle-1-425x1024.png 425w, https:\/\/ent2d.ac-bordeaux.fr\/disciplines\/philosophie\/wp-content\/uploads\/sites\/24\/2017\/06\/Minervas_ugle-1.png 523w\" sizes=\"auto, (max-width: 10px) 100vw, 10px\" \/><span style=\"color: #800000\">\u00a0\u00a0Liens utiles<\/span><\/strong><\/h6>\n<ul>\n<li>Le site &#8220;<a href=\"http:\/\/www.devenirenseignant.gouv.fr\/cid98730\/les-epreuves-de-l-agregation-externe-section-philosophie.html\">Devenir Enseignant<\/a>&#8220;<\/li>\n<li>Le site &#8220;<a href=\"http:\/\/www.philopsis.fr\/spip.php?rubrique2\">Philopsis<\/a>&#8220;<\/li>\n<li>Le site &#8220;<a href=\"http:\/\/www.college-de-france.fr\/site\/philippe-descola\/index.htm\">Coll\u00e8ge de France<\/a>&#8220;<\/li>\n<li>Le site &#8220;<a href=\"http:\/\/savoirs.ens.fr\/recherche.php?class=12&amp;rechercheOption=ThemeRacine&amp;rechercheTerme=Philosophie&amp;classe=Lettres\">Savoir ENS<\/a>&#8220;<\/li>\n<\/ul>\n<p><a href=\"https:\/\/ent2d.ac-bordeaux.fr\/disciplines\/philosophie\/penser-le-numerique-2\/ressources\/\"><img loading=\"lazy\" decoding=\"async\" class=\"alignnone wp-image-439 size-medium\" src=\"https:\/\/ent2d.ac-bordeaux.fr\/disciplines\/philosophie\/wp-content\/uploads\/sites\/24\/2017\/06\/Capture-d\u2019\u00e9cran-2017-06-04-\u00e0-21.11.26-300x75.png\" alt=\"\" width=\"300\" height=\"75\" \/><\/a><\/p>\n","protected":false},"excerpt":{"rendered":"<p>\u00a0\u00a0Programme de l&#8217;agr\u00e9gation externe pour\u00a0la session 2022 Le programme de la session 2026 est disponible ici :\u00a0Programme agr\u00e9gation externe de philosophie 2026 \u00a0 Programmes, rapports du jury et nombre de postes disponibles pour les\u00a0ann\u00e9es pr\u00e9c\u00e9dentes Pour la session 2025 : Rapport de jury : \u00e0 venir. Nombre de postes : 80. Pour la session 2025 &hellip; <\/p>\n<p><a class=\"more-link btn\" href=\"https:\/\/ent2d.ac-bordeaux.fr\/disciplines\/philosophie\/agregation-externe\/\">Lire la suite<\/a><\/p>\n","protected":false},"author":2078,"featured_media":0,"parent":0,"menu_order":0,"comment_status":"closed","ping_status":"closed","template":"","meta":{"footnotes":""},"class_list":["post-306","page","type-page","status-publish","hentry","nodate","item-wrap"],"_links":{"self":[{"href":"https:\/\/ent2d.ac-bordeaux.fr\/disciplines\/philosophie\/wp-json\/wp\/v2\/pages\/306","targetHints":{"allow":["GET"]}}],"collection":[{"href":"https:\/\/ent2d.ac-bordeaux.fr\/disciplines\/philosophie\/wp-json\/wp\/v2\/pages"}],"about":[{"href":"https:\/\/ent2d.ac-bordeaux.fr\/disciplines\/philosophie\/wp-json\/wp\/v2\/types\/page"}],"author":[{"embeddable":true,"href":"https:\/\/ent2d.ac-bordeaux.fr\/disciplines\/philosophie\/wp-json\/wp\/v2\/users\/2078"}],"replies":[{"embeddable":true,"href":"https:\/\/ent2d.ac-bordeaux.fr\/disciplines\/philosophie\/wp-json\/wp\/v2\/comments?post=306"}],"version-history":[{"count":26,"href":"https:\/\/ent2d.ac-bordeaux.fr\/disciplines\/philosophie\/wp-json\/wp\/v2\/pages\/306\/revisions"}],"predecessor-version":[{"id":1701,"href":"https:\/\/ent2d.ac-bordeaux.fr\/disciplines\/philosophie\/wp-json\/wp\/v2\/pages\/306\/revisions\/1701"}],"wp:attachment":[{"href":"https:\/\/ent2d.ac-bordeaux.fr\/disciplines\/philosophie\/wp-json\/wp\/v2\/media?parent=306"}],"curies":[{"name":"wp","href":"https:\/\/api.w.org\/{rel}","templated":true}]}}