{"id":299,"date":"2017-06-03T23:05:57","date_gmt":"2017-06-03T21:05:57","guid":{"rendered":"https:\/\/ent2d.ac-bordeaux.fr\/disciplines\/philosophie\/?page_id=299"},"modified":"2025-10-16T15:46:01","modified_gmt":"2025-10-16T13:46:01","slug":"dates-et-modalites-dinscription","status":"publish","type":"page","link":"https:\/\/ent2d.ac-bordeaux.fr\/disciplines\/philosophie\/dates-et-modalites-dinscription\/","title":{"rendered":"Dates et modalit\u00e9s d&#8217;inscription"},"content":{"rendered":"<h6><strong><img loading=\"lazy\" decoding=\"async\" class=\"alignnone wp-image-154\" src=\"https:\/\/ent2d.ac-bordeaux.fr\/disciplines\/philosophie\/wp-content\/uploads\/sites\/24\/2017\/06\/Minervas_ugle-1-124x300.png\" alt=\"\" width=\"10\" height=\"24\" srcset=\"https:\/\/ent2d.ac-bordeaux.fr\/disciplines\/philosophie\/wp-content\/uploads\/sites\/24\/2017\/06\/Minervas_ugle-1-124x300.png 124w, https:\/\/ent2d.ac-bordeaux.fr\/disciplines\/philosophie\/wp-content\/uploads\/sites\/24\/2017\/06\/Minervas_ugle-1-425x1024.png 425w, https:\/\/ent2d.ac-bordeaux.fr\/disciplines\/philosophie\/wp-content\/uploads\/sites\/24\/2017\/06\/Minervas_ugle-1.png 523w\" sizes=\"auto, (max-width: 10px) 100vw, 10px\" \/><span style=\"color: #800000\">\u00a0 Les inscriptions pour la sessions 2026<\/span><\/strong><\/h6>\n<ul>\n<li>Les inscriptions aux concours de recrutement d&#8217;enseignants de la session 2026 auront lieu<strong> du 18 septembre au 6 novembre.\u00a0<\/strong><\/li>\n<li>Vous pouvez \u00e9galement vous rendre sur le site <a href=\"http:\/\/www.devenirenseignant.gouv.fr\/pid33963\/se-reperer-dans-les-concours.html\">Devenir Enseignant<\/a>.<\/li>\n<\/ul>\n<h6><strong><img loading=\"lazy\" decoding=\"async\" class=\"alignnone wp-image-154\" src=\"https:\/\/ent2d.ac-bordeaux.fr\/disciplines\/philosophie\/wp-content\/uploads\/sites\/24\/2017\/06\/Minervas_ugle-1-124x300.png\" alt=\"\" width=\"10\" height=\"24\" srcset=\"https:\/\/ent2d.ac-bordeaux.fr\/disciplines\/philosophie\/wp-content\/uploads\/sites\/24\/2017\/06\/Minervas_ugle-1-124x300.png 124w, https:\/\/ent2d.ac-bordeaux.fr\/disciplines\/philosophie\/wp-content\/uploads\/sites\/24\/2017\/06\/Minervas_ugle-1-425x1024.png 425w, https:\/\/ent2d.ac-bordeaux.fr\/disciplines\/philosophie\/wp-content\/uploads\/sites\/24\/2017\/06\/Minervas_ugle-1.png 523w\" sizes=\"auto, (max-width: 10px) 100vw, 10px\" \/><span style=\"color: #800000\"> \u00a0Programmes des concours pour la session 2026<\/span><\/strong><\/h6>\n<ul>\n<li>L&#8217;agr\u00e9gation externe 2024 : <a href=\"https:\/\/www.devenirenseignant.gouv.fr\/media\/16721\/download\">Programme 2026 Agr\u00e9gation externe<\/a><\/li>\n<li>L&#8217;agr\u00e9gation interne 2024 :\u00a0<a href=\"https:\/\/www.devenirenseignant.gouv.fr\/media\/16757\/download\" target=\"_blank\" rel=\"noopener\">Programme 2026 Agr\u00e9gation Interne<\/a><\/li>\n<li>Le CAPES externe bac +5: <a href=\"https:\/\/www.devenirenseignant.gouv.fr\/media\/17306\/download\">Programme 2026 CAPES Externe Bac +5<\/a><\/li>\n<li>Le CAPES externe bac +3: \u00a0<a href=\"https:\/\/www.devenirenseignant.gouv.fr\/media\/16803\/download\">Programme CAPES Externe Bac +3 2026<\/a><\/li>\n<li>Le CAPES interne :\u00a0<a href=\"https:\/\/www.devenirenseignant.gouv.fr\/media\/16892\/download\">Programme 2026 CAPES interne <\/a><\/li>\n<\/ul>\n<h6><strong><img loading=\"lazy\" decoding=\"async\" class=\"alignnone wp-image-154\" src=\"https:\/\/ent2d.ac-bordeaux.fr\/disciplines\/philosophie\/wp-content\/uploads\/sites\/24\/2017\/06\/Minervas_ugle-1-124x300.png\" alt=\"\" width=\"10\" height=\"24\" srcset=\"https:\/\/ent2d.ac-bordeaux.fr\/disciplines\/philosophie\/wp-content\/uploads\/sites\/24\/2017\/06\/Minervas_ugle-1-124x300.png 124w, https:\/\/ent2d.ac-bordeaux.fr\/disciplines\/philosophie\/wp-content\/uploads\/sites\/24\/2017\/06\/Minervas_ugle-1-425x1024.png 425w, https:\/\/ent2d.ac-bordeaux.fr\/disciplines\/philosophie\/wp-content\/uploads\/sites\/24\/2017\/06\/Minervas_ugle-1.png 523w\" sizes=\"auto, (max-width: 10px) 100vw, 10px\" \/><span style=\"color: #800000\">\u00a0 Textes relatifs aux conditions d&#8217;inscription aux concours de l&#8217;enseignement<\/span><\/strong><\/h6>\n<ul>\n<li>La r\u00e9forme du CAPES \u00e0 Bac +3 sur Eduscol : <a href=\"https:\/\/www.devenirenseignant.gouv.fr\/les-epreuves-du-capes-externe-bac3-section-philosophie-1462\">R\u00e9forme du CAPES bac + 3 <\/a><\/li>\n<li>Le site de l&#8217;\u00e9ducation nationale met \u00e0 la disposition des candidats un guide concernant les concours de l&#8217;enseignement:\u00a0<a href=\"https:\/\/ent2d.ac-bordeaux.fr\/disciplines\/philosophie\/wp-content\/uploads\/sites\/24\/2017\/06\/Guide-du-candidat-aux-concours-de-l-education-nationale_65337.pdf\">Guide-du-candidat-aux-concours-de-l-education-nationale_65337<\/a><\/li>\n<\/ul>\n<h6><strong><img loading=\"lazy\" decoding=\"async\" class=\"alignnone wp-image-154\" src=\"https:\/\/ent2d.ac-bordeaux.fr\/disciplines\/philosophie\/wp-content\/uploads\/sites\/24\/2017\/06\/Minervas_ugle-1-124x300.png\" alt=\"\" width=\"10\" height=\"24\" srcset=\"https:\/\/ent2d.ac-bordeaux.fr\/disciplines\/philosophie\/wp-content\/uploads\/sites\/24\/2017\/06\/Minervas_ugle-1-124x300.png 124w, https:\/\/ent2d.ac-bordeaux.fr\/disciplines\/philosophie\/wp-content\/uploads\/sites\/24\/2017\/06\/Minervas_ugle-1-425x1024.png 425w, https:\/\/ent2d.ac-bordeaux.fr\/disciplines\/philosophie\/wp-content\/uploads\/sites\/24\/2017\/06\/Minervas_ugle-1.png 523w\" sizes=\"auto, (max-width: 10px) 100vw, 10px\" \/><span style=\"color: #800000\">\u00a0\u00a0R\u00e9sultat des concours<\/span><\/strong><\/h6>\n<ul>\n<li>Pour acc\u00e9der <a href=\"http:\/\/publinetce2.education.fr\/publinet\/Servlet\/PublinetServlet?_page=ACCUEIL\">aux r\u00e9sultats des concours de l&#8217;enseignement<\/a>.<\/li>\n<\/ul>\n","protected":false},"excerpt":{"rendered":"<p>\u00a0 Les inscriptions pour la sessions 2026 Les inscriptions aux concours de recrutement d&#8217;enseignants de la session 2026 auront lieu du 18 septembre au 6 novembre.\u00a0 Vous pouvez \u00e9galement vous rendre sur le site Devenir Enseignant. \u00a0Programmes des concours pour la session 2026 L&#8217;agr\u00e9gation externe 2024 : Programme 2026 Agr\u00e9gation externe L&#8217;agr\u00e9gation interne 2024 :\u00a0Programme &hellip; <\/p>\n<p><a class=\"more-link btn\" href=\"https:\/\/ent2d.ac-bordeaux.fr\/disciplines\/philosophie\/dates-et-modalites-dinscription\/\">Lire la suite<\/a><\/p>\n","protected":false},"author":2078,"featured_media":0,"parent":0,"menu_order":0,"comment_status":"closed","ping_status":"closed","template":"","meta":{"footnotes":""},"class_list":["post-299","page","type-page","status-publish","hentry","nodate","item-wrap"],"_links":{"self":[{"href":"https:\/\/ent2d.ac-bordeaux.fr\/disciplines\/philosophie\/wp-json\/wp\/v2\/pages\/299","targetHints":{"allow":["GET"]}}],"collection":[{"href":"https:\/\/ent2d.ac-bordeaux.fr\/disciplines\/philosophie\/wp-json\/wp\/v2\/pages"}],"about":[{"href":"https:\/\/ent2d.ac-bordeaux.fr\/disciplines\/philosophie\/wp-json\/wp\/v2\/types\/page"}],"author":[{"embeddable":true,"href":"https:\/\/ent2d.ac-bordeaux.fr\/disciplines\/philosophie\/wp-json\/wp\/v2\/users\/2078"}],"replies":[{"embeddable":true,"href":"https:\/\/ent2d.ac-bordeaux.fr\/disciplines\/philosophie\/wp-json\/wp\/v2\/comments?post=299"}],"version-history":[{"count":14,"href":"https:\/\/ent2d.ac-bordeaux.fr\/disciplines\/philosophie\/wp-json\/wp\/v2\/pages\/299\/revisions"}],"predecessor-version":[{"id":1667,"href":"https:\/\/ent2d.ac-bordeaux.fr\/disciplines\/philosophie\/wp-json\/wp\/v2\/pages\/299\/revisions\/1667"}],"wp:attachment":[{"href":"https:\/\/ent2d.ac-bordeaux.fr\/disciplines\/philosophie\/wp-json\/wp\/v2\/media?parent=299"}],"curies":[{"name":"wp","href":"https:\/\/api.w.org\/{rel}","templated":true}]}}

Dates et modalités d&#8217;inscription

<h6><strong><img loading="lazy" decoding="async" class="alignnone wp-image-154" src="https://ent2d.ac-bordeaux.fr/disciplines/philosophie/wp-content/uploads/sites/24/2017/06/Minervas_ugle-1-124x300.png" alt="" width="10" height="24" srcset="https://ent2d.ac-bordeaux.fr/disciplines/philosophie/wp-content/uploads/sites/24/2017/06/Minervas_ugle-1-124x300.png 124w, https://ent2d.ac-bordeaux.fr/disciplines/philosophie/wp-content/uploads/sites/24/2017/06/Minervas_ugle-1-425x1024.png 425w, https://ent2d.ac-bordeaux.fr/disciplines/philosophie/wp-content/uploads/sites/24/2017/06/Minervas_ugle-1.png 523w" sizes="auto, (max-width: 10px) 100vw, 10px" /><span style="color: #800000">  Les inscriptions pour la sessions 2026</span></strong></h6>
<ul>
<li>Les inscriptions aux concours de recrutement d&#8217;enseignants de la session 2026 auront lieu<strong> du 18 septembre au 6 novembre. </strong></li>
<li>Vous pouvez également vous rendre sur le site <a href="http://www.devenirenseignant.gouv.fr/pid33963/se-reperer-dans-les-concours.html">Devenir Enseignant</a>.</li>
</ul>
<h6><strong><img loading="lazy" decoding="async" class="alignnone wp-image-154" src="https://ent2d.ac-bordeaux.fr/disciplines/philosophie/wp-content/uploads/sites/24/2017/06/Minervas_ugle-1-124x300.png" alt="" width="10" height="24" srcset="https://ent2d.ac-bordeaux.fr/disciplines/philosophie/wp-content/uploads/sites/24/2017/06/Minervas_ugle-1-124x300.png 124w, https://ent2d.ac-bordeaux.fr/disciplines/philosophie/wp-content/uploads/sites/24/2017/06/Minervas_ugle-1-425x1024.png 425w, https://ent2d.ac-bordeaux.fr/disciplines/philosophie/wp-content/uploads/sites/24/2017/06/Minervas_ugle-1.png 523w" sizes="auto, (max-width: 10px) 100vw, 10px" /><span style="color: #800000">  Programmes des concours pour la session 2026</span></strong></h6>
<ul>
<li>L&#8217;agrégation externe 2024 : <a href="https://www.devenirenseignant.gouv.fr/media/16721/download">Programme 2026 Agrégation externe</a></li>
<li>L&#8217;agrégation interne 2024 : <a href="https://www.devenirenseignant.gouv.fr/media/16757/download" target="_blank" rel="noopener">Programme 2026 Agrégation Interne</a></li>
<li>Le CAPES externe bac +5: <a href="https://www.devenirenseignant.gouv.fr/media/17306/download">Programme 2026 CAPES Externe Bac +5</a></li>
<li>Le CAPES externe bac +3:  <a href="https://www.devenirenseignant.gouv.fr/media/16803/download">Programme CAPES Externe Bac +3 2026</a></li>
<li>Le CAPES interne : <a href="https://www.devenirenseignant.gouv.fr/media/16892/download">Programme 2026 CAPES interne </a></li>
</ul>
<h6><strong><img loading="lazy" decoding="async" class="alignnone wp-image-154" src="https://ent2d.ac-bordeaux.fr/disciplines/philosophie/wp-content/uploads/sites/24/2017/06/Minervas_ugle-1-124x300.png" alt="" width="10" height="24" srcset="https://ent2d.ac-bordeaux.fr/disciplines/philosophie/wp-content/uploads/sites/24/2017/06/Minervas_ugle-1-124x300.png 124w, https://ent2d.ac-bordeaux.fr/disciplines/philosophie/wp-content/uploads/sites/24/2017/06/Minervas_ugle-1-425x1024.png 425w, https://ent2d.ac-bordeaux.fr/disciplines/philosophie/wp-content/uploads/sites/24/2017/06/Minervas_ugle-1.png 523w" sizes="auto, (max-width: 10px) 100vw, 10px" /><span style="color: #800000">  Textes relatifs aux conditions d&#8217;inscription aux concours de l&#8217;enseignement</span></strong></h6>
<ul>
<li>La réforme du CAPES à Bac +3 sur Eduscol : <a href="https://www.devenirenseignant.gouv.fr/les-epreuves-du-capes-externe-bac3-section-philosophie-1462">Réforme du CAPES bac + 3 </a></li>
<li>Le site de l&#8217;éducation nationale met à la disposition des candidats un guide concernant les concours de l&#8217;enseignement: <a href="https://ent2d.ac-bordeaux.fr/disciplines/philosophie/wp-content/uploads/sites/24/2017/06/Guide-du-candidat-aux-concours-de-l-education-nationale_65337.pdf">Guide-du-candidat-aux-concours-de-l-education-nationale_65337</a></li>
</ul>
<h6><strong><img loading="lazy" decoding="async" class="alignnone wp-image-154" src="https://ent2d.ac-bordeaux.fr/disciplines/philosophie/wp-content/uploads/sites/24/2017/06/Minervas_ugle-1-124x300.png" alt="" width="10" height="24" srcset="https://ent2d.ac-bordeaux.fr/disciplines/philosophie/wp-content/uploads/sites/24/2017/06/Minervas_ugle-1-124x300.png 124w, https://ent2d.ac-bordeaux.fr/disciplines/philosophie/wp-content/uploads/sites/24/2017/06/Minervas_ugle-1-425x1024.png 425w, https://ent2d.ac-bordeaux.fr/disciplines/philosophie/wp-content/uploads/sites/24/2017/06/Minervas_ugle-1.png 523w" sizes="auto, (max-width: 10px) 100vw, 10px" /><span style="color: #800000">  Résultat des concours</span></strong></h6>
<ul>
<li>Pour accéder <a href="http://publinetce2.education.fr/publinet/Servlet/PublinetServlet?_page=ACCUEIL">aux résultats des concours de l&#8217;enseignement</a>.</li>
</ul>

<p>  Les inscriptions pour la sessions 2026 Les inscriptions aux concours de recrutement d&#8217;enseignants de la session 2026 auront lieu du 18 septembre au 6 novembre.  Vous pouvez également vous rendre sur le site Devenir Enseignant.  Programmes des concours pour la session 2026 L&#8217;agrégation externe 2024 : Programme 2026 Agrégation externe L&#8217;agrégation interne 2024 : Programme &hellip; </p>
<p><a class="more-link btn" href="https://ent2d.ac-bordeaux.fr/disciplines/philosophie/dates-et-modalites-dinscription/">Lire la suite</a></p>
