{"id":1155,"date":"2019-12-04T10:24:17","date_gmt":"2019-12-04T09:24:17","guid":{"rendered":"https:\/\/ent2d.ac-bordeaux.fr\/disciplines\/philosophie\/?page_id=1155"},"modified":"2025-12-28T18:53:51","modified_gmt":"2025-12-28T17:53:51","slug":"les-sujets-de-premiere-hlp","status":"publish","type":"page","link":"https:\/\/ent2d.ac-bordeaux.fr\/disciplines\/philosophie\/les-sujets-de-premiere-hlp\/","title":{"rendered":"Les sujets de premi\u00e8re HLP"},"content":{"rendered":"\n<p class=\"has-text-color has-background has-very-light-gray-color has-very-dark-gray-background-color\"><strong>Les attendus des \u00e9preuves: \u00e9l\u00e9ments d&#8217;\u00e9valuation<\/strong><\/p>\n\n\n\n<div class=\"wp-block-file\"><a href=\"https:\/\/ent2d.ac-bordeaux.fr\/disciplines\/philosophie\/wp-content\/uploads\/sites\/24\/2019\/12\/RA19_Lycee_G_1-T_HLP_attendus-epreuves_elements-evaluation_1205353.pdf\">RA19_Lycee_G_1-T_HLP_attendus-epreuves_elements-evaluation_1205353<\/a><a href=\"https:\/\/ent2d.ac-bordeaux.fr\/disciplines\/philosophie\/wp-content\/uploads\/sites\/24\/2019\/12\/RA19_Lycee_G_1-T_HLP_attendus-epreuves_elements-evaluation_1205353.pdf\" class=\"wp-block-file__button\" download>T\u00e9l\u00e9charger<\/a><\/div>\n\n\n\n<p class=\"has-text-color has-background has-very-light-gray-color has-very-dark-gray-background-color\"><strong>Les sujets 0 en premi\u00e8re HLP<\/strong><\/p>\n\n\n\n<div class=\"wp-block-file\"><a href=\"https:\/\/ent2d.ac-bordeaux.fr\/disciplines\/philosophie\/wp-content\/uploads\/sites\/24\/2019\/12\/sujets_o_bac21-1e-spe-hlp_1133484.pdf\">sujets_o_bac21-1e-spe-hlp_1133484<\/a><a href=\"https:\/\/ent2d.ac-bordeaux.fr\/disciplines\/philosophie\/wp-content\/uploads\/sites\/24\/2019\/12\/sujets_o_bac21-1e-spe-hlp_1133484.pdf\" class=\"wp-block-file__button\" download><\/a><\/div>\n\n\n\n<p class=\"has-text-color has-background has-very-light-gray-color has-very-dark-gray-background-color\"><strong>Les exemples de sujets comment\u00e9s<\/strong><\/p>\n\n\n\n<p><strong>Sur le th\u00e8me des repr\u00e9sentations du monde:<\/strong> <\/p>\n\n\n\n<div class=\"wp-block-file\"><a href=\"https:\/\/ent2d.ac-bordeaux.fr\/disciplines\/philosophie\/wp-content\/uploads\/sites\/24\/2019\/12\/exemple-sujet-commente_sujet-zero3_1205359.pdf\">exemple-sujet-commente_sujet-zero3_1205359<\/a><a href=\"https:\/\/ent2d.ac-bordeaux.fr\/disciplines\/philosophie\/wp-content\/uploads\/sites\/24\/2019\/12\/exemple-sujet-commente_sujet-zero3_1205359.pdf\" class=\"wp-block-file__button\" download>T\u00e9l\u00e9charger<\/a><\/div>\n\n\n\n<p><strong>Sur le th\u00e8me de la parole<\/strong>:<\/p>\n\n\n\n<div class=\"wp-block-file\"><a href=\"https:\/\/ent2d.ac-bordeaux.fr\/disciplines\/philosophie\/wp-content\/uploads\/sites\/24\/2019\/12\/RA19_Lycee_G_1-T_HLP_Exemple-sujet-commente_sujet-zero2_1205357.pdf\">RA19_Lycee_G_1-T_HLP_Exemple-sujet-commente_sujet-zero2_1205357<\/a><a href=\"https:\/\/ent2d.ac-bordeaux.fr\/disciplines\/philosophie\/wp-content\/uploads\/sites\/24\/2019\/12\/RA19_Lycee_G_1-T_HLP_Exemple-sujet-commente_sujet-zero2_1205357.pdf\" class=\"wp-block-file__button\" download>T\u00e9l\u00e9charger<\/a><\/div>\n","protected":false},"excerpt":{"rendered":"<p>Les attendus des \u00e9preuves: \u00e9l\u00e9ments d&#8217;\u00e9valuation Les sujets 0 en premi\u00e8re HLP Les exemples de sujets comment\u00e9s Sur le th\u00e8me des repr\u00e9sentations du monde: Sur le th\u00e8me de la parole:<\/p>\n","protected":false},"author":2078,"featured_media":0,"parent":0,"menu_order":0,"comment_status":"closed","ping_status":"closed","template":"","meta":{"footnotes":""},"class_list":["post-1155","page","type-page","status-publish","hentry","nodate","item-wrap"],"_links":{"self":[{"href":"https:\/\/ent2d.ac-bordeaux.fr\/disciplines\/philosophie\/wp-json\/wp\/v2\/pages\/1155","targetHints":{"allow":["GET"]}}],"collection":[{"href":"https:\/\/ent2d.ac-bordeaux.fr\/disciplines\/philosophie\/wp-json\/wp\/v2\/pages"}],"about":[{"href":"https:\/\/ent2d.ac-bordeaux.fr\/disciplines\/philosophie\/wp-json\/wp\/v2\/types\/page"}],"author":[{"embeddable":true,"href":"https:\/\/ent2d.ac-bordeaux.fr\/disciplines\/philosophie\/wp-json\/wp\/v2\/users\/2078"}],"replies":[{"embeddable":true,"href":"https:\/\/ent2d.ac-bordeaux.fr\/disciplines\/philosophie\/wp-json\/wp\/v2\/comments?post=1155"}],"version-history":[{"count":3,"href":"https:\/\/ent2d.ac-bordeaux.fr\/disciplines\/philosophie\/wp-json\/wp\/v2\/pages\/1155\/revisions"}],"predecessor-version":[{"id":1183,"href":"https:\/\/ent2d.ac-bordeaux.fr\/disciplines\/philosophie\/wp-json\/wp\/v2\/pages\/1155\/revisions\/1183"}],"wp:attachment":[{"href":"https:\/\/ent2d.ac-bordeaux.fr\/disciplines\/philosophie\/wp-json\/wp\/v2\/media?parent=1155"}],"curies":[{"name":"wp","href":"https:\/\/api.w.org\/{rel}","templated":true}]}}