{"id":1091,"date":"2019-08-27T17:52:45","date_gmt":"2019-08-27T15:52:45","guid":{"rendered":"https:\/\/ent2d.ac-bordeaux.fr\/disciplines\/philosophie\/?page_id=1091"},"modified":"2025-12-28T18:53:38","modified_gmt":"2025-12-28T17:53:38","slug":"le-nouveau-programme-de-terminale-en-philosophie-session-2021","status":"publish","type":"page","link":"https:\/\/ent2d.ac-bordeaux.fr\/disciplines\/philosophie\/le-nouveau-programme-de-terminale-en-philosophie-session-2021\/","title":{"rendered":"Le nouveau programme de Terminale en Philosophie (Session 2021)"},"content":{"rendered":"\n<p>Vous trouverez ici les bulletins officiels concernant l&#8217;enseignement de la philosophie dans les classes de terminale g\u00e9n\u00e9rale et technologique, \u00e0 compter de la session de 2021. <\/p>\n\n\n\n<figure class=\"wp-block-image\"><img loading=\"lazy\" decoding=\"async\" width=\"765\" height=\"159\" src=\"https:\/\/ent2d.ac-bordeaux.fr\/disciplines\/philosophie\/wp-content\/uploads\/sites\/24\/2019\/08\/Capture-d\u2019\u00e9cran-2019-08-27-\u00e0-17.41.27.png\" alt=\"\" class=\"wp-image-1092\" srcset=\"https:\/\/ent2d.ac-bordeaux.fr\/disciplines\/philosophie\/wp-content\/uploads\/sites\/24\/2019\/08\/Capture-d\u2019\u00e9cran-2019-08-27-\u00e0-17.41.27.png 765w, https:\/\/ent2d.ac-bordeaux.fr\/disciplines\/philosophie\/wp-content\/uploads\/sites\/24\/2019\/08\/Capture-d\u2019\u00e9cran-2019-08-27-\u00e0-17.41.27-300x62.png 300w\" sizes=\"auto, (max-width: 765px) 100vw, 765px\" \/><\/figure>\n\n\n\n<h4 class=\"wp-block-heading\">Classe de philosophie de terminale g\u00e9n\u00e9rale<\/h4>\n\n\n\n<p>T\u00e9l\u00e9chargez le programme au format PDF <a href=\"https:\/\/cache.media.education.gouv.fr\/file\/SPE8_MENJ_25_7_2019\/15\/9\/spe238_annexe1_1159159.pdf\">ici<\/a><\/p>\n\n\n\n<p>Retrouvez sur cette page <a href=\"https:\/\/www.education.gouv.fr\/pid285\/bulletin_officiel.html?cid_bo=144063\">les modalit\u00e9s d&#8217;organisation du contr\u00f4le continu \u00e0 compter de la session 2021<\/a>. <\/p>\n\n\n\n<h4 class=\"wp-block-heading\">Classe de philosophie de terminale technologique<\/h4>\n\n\n\n<p>T\u00e9l\u00e9chargez le programme au format PDF <a href=\"https:\/\/cache.media.education.gouv.fr\/file\/SPE8_MENJ_25_7_2019\/16\/1\/spe238_annexe2_1159161.pdf\">ici<\/a><\/p>\n\n\n\n<p>Retrouvez sur cette page <a href=\"https:\/\/www.education.gouv.fr\/pid285\/bulletin_officiel.html?cid_bo=144063\">les modalit\u00e9s d&#8217;organisation du contr\u00f4le continu \u00e0 compter de la session 2021<\/a>.<\/p>\n\n\n\n<h4 class=\"wp-block-heading\">Modalit\u00e9s des bacs internationaux au BO du 25\/7<\/h4>\n\n\n\n<p><a href=\"https:\/\/www.legifrance.gouv.fr\/affichTexte.do?cidTexte=JORFTEXT000038880992&amp;dateTexte=&amp;categorieLien=id\">Arr\u00eat\u00e9 du 22 Juillet 2019<\/a> relatif \u00e0 la nature et \u00e0 la dur\u00e9e des \u00e9preuves terminales du baccalaur\u00e9at g\u00e9n\u00e9ral et du baccalaur\u00e9at technologique \u00e0 compter de la session de 2021. <\/p>\n","protected":false},"excerpt":{"rendered":"<p>Vous trouverez ici les bulletins officiels concernant l&#8217;enseignement de la philosophie dans les classes de terminale g\u00e9n\u00e9rale et technologique, \u00e0 compter de la session de 2021. Classe de philosophie de terminale g\u00e9n\u00e9rale T\u00e9l\u00e9chargez le programme au format PDF ici Retrouvez sur cette page les modalit\u00e9s d&#8217;organisation du contr\u00f4le continu \u00e0 compter de la session 2021. &hellip; <\/p>\n<p><a class=\"more-link btn\" href=\"https:\/\/ent2d.ac-bordeaux.fr\/disciplines\/philosophie\/le-nouveau-programme-de-terminale-en-philosophie-session-2021\/\">Lire la suite<\/a><\/p>\n","protected":false},"author":2078,"featured_media":0,"parent":0,"menu_order":0,"comment_status":"closed","ping_status":"closed","template":"","meta":{"footnotes":""},"class_list":["post-1091","page","type-page","status-publish","hentry","nodate","item-wrap"],"_links":{"self":[{"href":"https:\/\/ent2d.ac-bordeaux.fr\/disciplines\/philosophie\/wp-json\/wp\/v2\/pages\/1091","targetHints":{"allow":["GET"]}}],"collection":[{"href":"https:\/\/ent2d.ac-bordeaux.fr\/disciplines\/philosophie\/wp-json\/wp\/v2\/pages"}],"about":[{"href":"https:\/\/ent2d.ac-bordeaux.fr\/disciplines\/philosophie\/wp-json\/wp\/v2\/types\/page"}],"author":[{"embeddable":true,"href":"https:\/\/ent2d.ac-bordeaux.fr\/disciplines\/philosophie\/wp-json\/wp\/v2\/users\/2078"}],"replies":[{"embeddable":true,"href":"https:\/\/ent2d.ac-bordeaux.fr\/disciplines\/philosophie\/wp-json\/wp\/v2\/comments?post=1091"}],"version-history":[{"count":2,"href":"https:\/\/ent2d.ac-bordeaux.fr\/disciplines\/philosophie\/wp-json\/wp\/v2\/pages\/1091\/revisions"}],"predecessor-version":[{"id":1098,"href":"https:\/\/ent2d.ac-bordeaux.fr\/disciplines\/philosophie\/wp-json\/wp\/v2\/pages\/1091\/revisions\/1098"}],"wp:attachment":[{"href":"https:\/\/ent2d.ac-bordeaux.fr\/disciplines\/philosophie\/wp-json\/wp\/v2\/media?parent=1091"}],"curies":[{"name":"wp","href":"https:\/\/api.w.org\/{rel}","templated":true}]}}

<p>Vous trouverez ici les bulletins officiels concernant l&#8217;enseignement de la philosophie dans les classes de terminale générale et technologique, à compter de la session de 2021. </p>



<figure class="wp-block-image"><img loading="lazy" decoding="async" width="765" height="159" src="https://ent2d.ac-bordeaux.fr/disciplines/philosophie/wp-content/uploads/sites/24/2019/08/Capture-d’écran-2019-08-27-à-17.41.27.png" alt="" class="wp-image-1092" srcset="https://ent2d.ac-bordeaux.fr/disciplines/philosophie/wp-content/uploads/sites/24/2019/08/Capture-d’écran-2019-08-27-à-17.41.27.png 765w, https://ent2d.ac-bordeaux.fr/disciplines/philosophie/wp-content/uploads/sites/24/2019/08/Capture-d’écran-2019-08-27-à-17.41.27-300x62.png 300w" sizes="auto, (max-width: 765px) 100vw, 765px" /></figure>



<h4 class="wp-block-heading">Classe de philosophie de terminale générale</h4>



<p>Téléchargez le programme au format PDF <a href="https://cache.media.education.gouv.fr/file/SPE8_MENJ_25_7_2019/15/9/spe238_annexe1_1159159.pdf">ici</a></p>



<p>Retrouvez sur cette page <a href="https://www.education.gouv.fr/pid285/bulletin_officiel.html?cid_bo=144063">les modalités d&#8217;organisation du contrôle continu à compter de la session 2021</a>. </p>



<h4 class="wp-block-heading">Classe de philosophie de terminale technologique</h4>



<p>Téléchargez le programme au format PDF <a href="https://cache.media.education.gouv.fr/file/SPE8_MENJ_25_7_2019/16/1/spe238_annexe2_1159161.pdf">ici</a></p>



<p>Retrouvez sur cette page <a href="https://www.education.gouv.fr/pid285/bulletin_officiel.html?cid_bo=144063">les modalités d&#8217;organisation du contrôle continu à compter de la session 2021</a>.</p>



<h4 class="wp-block-heading">Modalités des bacs internationaux au BO du 25/7</h4>



<p><a href="https://www.legifrance.gouv.fr/affichTexte.do?cidTexte=JORFTEXT000038880992&amp;dateTexte=&amp;categorieLien=id">Arrêté du 22 Juillet 2019</a> relatif à la nature et à la durée des épreuves terminales du baccalauréat général et du baccalauréat technologique à compter de la session de 2021. </p>

<p>Vous trouverez ici les bulletins officiels concernant l&#8217;enseignement de la philosophie dans les classes de terminale générale et technologique, à compter de la session de 2021. Classe de philosophie de terminale générale Téléchargez le programme au format PDF ici Retrouvez sur cette page les modalités d&#8217;organisation du contrôle continu à compter de la session 2021. &hellip; </p>
<p><a class="more-link btn" href="https://ent2d.ac-bordeaux.fr/disciplines/philosophie/le-nouveau-programme-de-terminale-en-philosophie-session-2021/">Lire la suite</a></p>
