{"id":1153,"date":"2019-11-08T21:04:05","date_gmt":"2019-11-08T20:04:05","guid":{"rendered":"https:\/\/ent2d.ac-bordeaux.fr\/disciplines\/philosophie\/wp-content\/uploads\/sites\/24\/2019\/11\/La-v\u00e9rit\u00e9-agreg-interne-1.odt"},"modified":"2019-11-08T21:04:05","modified_gmt":"2019-11-08T20:04:05","slug":"la-verite-agreg-interne-2","status":"inherit","type":"attachment","link":"https:\/\/ent2d.ac-bordeaux.fr\/disciplines\/philosophie\/preparation-a-lagregation-interne\/sessions-et-materiels-de-preparation\/la-verite-agreg-interne-2\/","title":{"rendered":"La v\u00e9rit\u00e9 &#8211; agreg interne"},"author":103,"featured_media":0,"comment_status":"open","ping_status":"closed","template":"","meta":[],"class_list":["post-1153","attachment","type-attachment","status-inherit","hentry","nodate","item-wrap"],"description":{"rendered":"<p class=\"attachment\"><a href='https:\/\/ent2d.ac-bordeaux.fr\/disciplines\/philosophie\/wp-content\/uploads\/sites\/24\/2019\/11\/La-v\u00e9rit\u00e9-agreg-interne-1.odt'>La v\u00e9rit\u00e9 - agreg interne<\/a><\/p>\n"},"caption":{"rendered":"<p>La v\u00e9rit\u00e9 &#8211; agreg interne<\/p>\n"},"alt_text":"","media_type":"file","mime_type":"application\/vnd.oasis.opendocument.text","media_details":{},"post":792,"source_url":"https:\/\/ent2d.ac-bordeaux.fr\/disciplines\/philosophie\/wp-content\/uploads\/sites\/24\/2019\/11\/La-v\u00e9rit\u00e9-agreg-interne-1.odt","_links":{"self":[{"href":"https:\/\/ent2d.ac-bordeaux.fr\/disciplines\/philosophie\/wp-json\/wp\/v2\/media\/1153","targetHints":{"allow":["GET"]}}],"collection":[{"href":"https:\/\/ent2d.ac-bordeaux.fr\/disciplines\/philosophie\/wp-json\/wp\/v2\/media"}],"about":[{"href":"https:\/\/ent2d.ac-bordeaux.fr\/disciplines\/philosophie\/wp-json\/wp\/v2\/types\/attachment"}],"author":[{"embeddable":true,"href":"https:\/\/ent2d.ac-bordeaux.fr\/disciplines\/philosophie\/wp-json\/wp\/v2\/users\/103"}],"replies":[{"embeddable":true,"href":"https:\/\/ent2d.ac-bordeaux.fr\/disciplines\/philosophie\/wp-json\/wp\/v2\/comments?post=1153"}],"wp:attached-to":[{"embeddable":true,"post_type":"page","id":792,"href":"https:\/\/ent2d.ac-bordeaux.fr\/disciplines\/philosophie\/wp-json\/wp\/v2\/pages\/792"}],"curies":[{"name":"wp","href":"https:\/\/api.w.org\/{rel}","templated":true}]}}

https://ent2d.ac-bordeaux.fr/disciplines/philosophie/wp-content/uploads/sites/24/2019/11/La-vérité-agreg-interne-1.odt

La vérité &#8211; agreg interne

<p class="attachment"><a href='https://ent2d.ac-bordeaux.fr/disciplines/philosophie/wp-content/uploads/sites/24/2019/11/La-vérité-agreg-interne-1.odt'>La vérité - agreg interne</a></p>

<p>La vérité &#8211; agreg interne</p>
