{"id":1008,"date":"2019-06-16T16:09:48","date_gmt":"2019-06-16T14:09:48","guid":{"rendered":"https:\/\/ent2d.ac-bordeaux.fr\/disciplines\/philosophie\/wp-content\/uploads\/sites\/24\/2019\/06\/pr\u00e9pa-agreg.-corrig\u00e9-texte-Aristote-1.pdf"},"modified":"2019-06-16T16:09:48","modified_gmt":"2019-06-16T14:09:48","slug":"prepa-agreg-corrige-texte-aristote-1-2","status":"inherit","type":"attachment","link":"https:\/\/ent2d.ac-bordeaux.fr\/disciplines\/philosophie\/preparation-a-lagregation-interne\/informations-sur-les-sessions-de-preparation\/prepa-agreg-corrige-texte-aristote-1-2\/","title":{"rendered":"pr\u00e9pa-agreg.-corrig\u00e9-texte-Aristote-1"},"author":103,"featured_media":0,"comment_status":"open","ping_status":"closed","template":"","meta":[],"class_list":["post-1008","attachment","type-attachment","status-inherit","hentry","nodate","item-wrap"],"description":{"rendered":"<p class=\"attachment\"><a href='https:\/\/ent2d.ac-bordeaux.fr\/disciplines\/philosophie\/wp-content\/uploads\/sites\/24\/2019\/06\/pr\u00e9pa-agreg.-corrig\u00e9-texte-Aristote-1.pdf'>pr\u00e9pa-agreg.-corrig\u00e9-texte-Aristote-1<\/a><\/p>\n"},"caption":{"rendered":"<p>pr\u00e9pa-agreg.-corrig\u00e9-texte-Aristote-1<\/p>\n"},"alt_text":"","media_type":"file","mime_type":"application\/pdf","media_details":{},"post":673,"source_url":"https:\/\/ent2d.ac-bordeaux.fr\/disciplines\/philosophie\/wp-content\/uploads\/sites\/24\/2019\/06\/pr\u00e9pa-agreg.-corrig\u00e9-texte-Aristote-1.pdf","_links":{"self":[{"href":"https:\/\/ent2d.ac-bordeaux.fr\/disciplines\/philosophie\/wp-json\/wp\/v2\/media\/1008","targetHints":{"allow":["GET"]}}],"collection":[{"href":"https:\/\/ent2d.ac-bordeaux.fr\/disciplines\/philosophie\/wp-json\/wp\/v2\/media"}],"about":[{"href":"https:\/\/ent2d.ac-bordeaux.fr\/disciplines\/philosophie\/wp-json\/wp\/v2\/types\/attachment"}],"author":[{"embeddable":true,"href":"https:\/\/ent2d.ac-bordeaux.fr\/disciplines\/philosophie\/wp-json\/wp\/v2\/users\/103"}],"replies":[{"embeddable":true,"href":"https:\/\/ent2d.ac-bordeaux.fr\/disciplines\/philosophie\/wp-json\/wp\/v2\/comments?post=1008"}],"wp:attached-to":[{"embeddable":true,"post_type":"page","id":673,"href":"https:\/\/ent2d.ac-bordeaux.fr\/disciplines\/philosophie\/wp-json\/wp\/v2\/pages\/673"}],"curies":[{"name":"wp","href":"https:\/\/api.w.org\/{rel}","templated":true}]}}

https://ent2d.ac-bordeaux.fr/disciplines/philosophie/wp-content/uploads/sites/24/2019/06/prépa-agreg.-corrigé-texte-Aristote-1.pdf

prépa-agreg.-corrigé-texte-Aristote-1

<p class="attachment"><a href='https://ent2d.ac-bordeaux.fr/disciplines/philosophie/wp-content/uploads/sites/24/2019/06/prépa-agreg.-corrigé-texte-Aristote-1.pdf'>prépa-agreg.-corrigé-texte-Aristote-1</a></p>

<p>prépa-agreg.-corrigé-texte-Aristote-1</p>
