{"id":58,"date":"2017-04-29T12:43:26","date_gmt":"2017-04-29T10:43:26","guid":{"rendered":"https:\/\/ent2d.ac-bordeaux.fr\/disciplines\/musique\/?page_id=58"},"modified":"2021-07-07T18:25:31","modified_gmt":"2021-07-07T16:25:31","slug":"bac-ressources","status":"publish","type":"page","link":"https:\/\/ent2d.ac-bordeaux.fr\/disciplines\/musique\/lycee\/baccalaureat\/bac-ressources\/","title":{"rendered":"Bac &#8211; Ressources"},"content":{"rendered":"<hr \/>\n<h2><strong>Ressources pour la session 2021-2022<\/strong><\/h2>\n<h5><strong>\u25ba Jean-Philippe Rameau- <em>Les Indes Galantes<\/em><br \/>\n<\/strong><\/h5>\n<table>\n<tbody>\n<tr>\n<td width=\"25%\"><a href=\"https:\/\/youtu.be\/Tk_-O-rUI_M\" target=\"_blank\" rel=\"noopener noreferrer\"><img loading=\"lazy\" decoding=\"async\" class=\"alignright wp-image-2459 size-full\" title=\"Les Indes Galantes - Bande annonce\" src=\"https:\/\/ent2d.ac-bordeaux.fr\/disciplines\/musique\/wp-content\/uploads\/sites\/32\/2021\/07\/Les-Indes-Galantesb.jpg\" alt=\"\" width=\"300\" height=\"169\" \/><\/a><\/td>\n<td width=\"75%\">\n<p class=\"justif\"><span class=\"surligne\">Nouveau :<\/span> Un long m\u00e9trage documentaire sortie sur les \u00e9crans le 23 juin.<\/p>\n<p class=\"justif\">\u00ab Il retrace la naissance et le travail consid\u00e9rable aboutissant \u00e0 la production des Indes galantes par l\u2019Op\u00e9ra de Paris en octobre 2019. C\u2019est un t\u00e9moignage passionnant et \u00e9clairant sur le monde de l\u2019op\u00e9ra, sur la musique de Rameau, sur les danses urbaines contemporaines et la fa\u00e7on dont tout cela dialogue au b\u00e9n\u00e9fice d\u2019une recr\u00e9ation exceptionnelle&#8230; \u00bb J. M. Caniard<\/p>\n<ul>\n<li class=\"justif\">D\u00e9couvrez <a href=\"https:\/\/www.allocine.fr\/film\/fichefilm_gen_cfilm=280843.html\" target=\"_blank\" rel=\"noopener noreferrer\">le synopsis et les secrets de tournage du documentaire sur le site allocine<\/a>.<\/li>\n<\/ul>\n<\/td>\n<\/tr>\n<\/tbody>\n<\/table>\n<h5><strong>\u25ba Jeff Beck &#8211; <em>You had it coming<\/em><br \/>\n<\/strong><\/h5>\n<table>\n<tbody>\n<tr>\n<td width=\"25%\"><a href=\"https:\/\/www.reseau-canope.fr\/notice\/jeff-beck-you-had-it-coming.html\" target=\"_blank\" rel=\"noopener noreferrer\"><img loading=\"lazy\" decoding=\"async\" class=\"alignright wp-image-2234 size-medium\" title=\"Jeff Beck - You had it coming\" src=\"https:\/\/ent2d.ac-bordeaux.fr\/disciplines\/musique\/wp-content\/uploads\/sites\/32\/2021\/04\/Jeff_Beck_visuel-211x300.jpg\" alt=\"\" width=\"211\" height=\"300\" srcset=\"https:\/\/ent2d.ac-bordeaux.fr\/disciplines\/musique\/wp-content\/uploads\/sites\/32\/2021\/04\/Jeff_Beck_visuel-211x300.jpg 211w, https:\/\/ent2d.ac-bordeaux.fr\/disciplines\/musique\/wp-content\/uploads\/sites\/32\/2021\/04\/Jeff_Beck_visuel.jpg 223w\" sizes=\"auto, (max-width: 211px) 100vw, 211px\" \/><\/a><\/td>\n<td width=\"75%\">\n<p class=\"justif\">En collaboration avec l\u2019Inspection g\u00e9n\u00e9rale en charge de l\u2019\u00e9ducation musicale, R\u00e9seau Canop\u00e9 propose un accompagnement p\u00e9dagogique* autour de Jeff Beck et son album <em>You Had It Coming<\/em> (2001), au programme de l\u2019enseignement de <strong>sp\u00e9cialit\u00e9 \u00ab musique \u00bb<\/strong> en classe terminale, session 2021-2022.<\/p>\n<p class=\"justif\">*con\u00e7u et r\u00e9dig\u00e9 par Philippe Gonin, guitariste, sp\u00e9cialiste de l\u2019histoire et de l\u2019analyse des musiques actuelles, enseignant \u00e0 l\u2019universit\u00e9 de Bourgogne.<\/p>\n<ul>\n<li class=\"justif\">D\u00e9couvrez <a href=\"https:\/\/www.reseau-canope.fr\/notice\/jeff-beck-you-had-it-coming.html\" target=\"_blank\" rel=\"noopener noreferrer\">le dossier web et la version t\u00e9l\u00e9chargeable (PDF)<\/a> sur <a href=\"https:\/\/www.reseau-canope.fr\/\" target=\"_blank\" rel=\"noopener noreferrer\">reseau-canope.fr<\/a><\/li>\n<li class=\"justif\">D\u00e9couvrez <a href=\"https:\/\/www.reseau-canope.fr\/notice\/preparer-le-baccalaureat-musique.html\" target=\"_blank\" rel=\"noopener noreferrer\">nos ressources en musique<\/a>.<\/li>\n<\/ul>\n<\/td>\n<\/tr>\n<\/tbody>\n<\/table>\n<p>&nbsp;<\/p>\n<hr \/>\n<h2><strong>Ressources pour la session 2020<\/strong><\/h2>\n<h5><strong>\u25ba La cinqui\u00e8me symphonie de Beethoven<br \/>\n<\/strong><\/h5>\n<table>\n<tbody>\n<tr>\n<td width=\"25%\"><img loading=\"lazy\" decoding=\"async\" class=\"alignright wp-image-1242 size-full\" title=\"Pr\u00e9sentation Birdland\" src=\"https:\/\/ent2d.ac-bordeaux.fr\/disciplines\/musique\/wp-content\/uploads\/sites\/32\/2019\/11\/beethovens.png\" alt=\"\" width=\"133\" height=\"100\" \/><\/td>\n<td width=\"75%\">\n<ul>\n<li class=\"justif\"><span class=\"surligne\">Une <a href=\"https:\/\/youtu.be\/3AKXpCxQRNY\" target=\"_blank\" rel=\"noopener noreferrer\">approche ludique<\/a> de la <\/span><em>Cinqui\u00e8me symphonie de Beethoven<\/em>, propos\u00e9e par France Musique sur youtube.<\/li>\n<li class=\"justif\">\u00c9couter : une <a href=\"https:\/\/youtu.be\/ssbp0JEx9oE\" target=\"_blank\" rel=\"noopener noreferrer\">interpr\u00e9tation l\u00e9gendaire<\/a> sous la baguette d&rsquo;Herbert von Karajan sur youtube.<\/li>\n<li>Une analyse sur le site de la <a href=\"http:\/\/Philharmonie de Paris\" target=\"_blank\" rel=\"noopener noreferrer\">Philharmonie de Paris<\/a>.<\/li>\n<\/ul>\n<\/td>\n<\/tr>\n<\/tbody>\n<\/table>\n<p>&nbsp;<\/p>\n<hr \/>\n<h5><strong>\u25ba Autres Ressources utiles<\/strong><\/h5>\n<ul>Propos\u00e9es par Thibaut Capelle, professeur au Lyc\u00e9e Blaise Pascal \u00e0 Orsay<\/p>\n<li>Lien vers le <a href=\"http:\/\/www.musique-orsay.fr\/\" target=\"_blank\" rel=\"noopener noreferrer\">site musique du lyc\u00e9e<\/a><\/li>\n<\/ul>\n<ul>Propos\u00e9es par Fabienne Miqueu, professeur au Lyc\u00e9e Marie Curie \u00e0 Tarbes<\/p>\n<li>Lien vers le <a href=\"http:\/\/optionmusiquelycee.wixsite.com\/mariecurietarbes\/option-facultative\" target=\"_blank\" rel=\"noopener noreferrer\">site musique du lyc\u00e9e<\/a> (onglet option facultative)<\/li>\n<\/ul>\n","protected":false},"excerpt":{"rendered":"<h2>Ressources pour la session 2021-2022<\/h2>\n<h5>\u25ba Jean-Philippe Rameau- Les Indes Galantes <\/h5>\n<p class=\"justif\">Nouveau : Un long m\u00e9trage documentaire sortie sur les \u00e9crans le 23 juin.<\/p>\n<p class=\"justif\">\u00ab Il retrace la naissance et le travail consid\u00e9rable aboutissant \u00e0 la production des Indes galantes par l\u2019Op\u00e9ra de Paris en octobre 2019. C\u2019est un t\u00e9moignage passionnant et &hellip; <\/p>\n<p><a class=\"more-link block-button\" href=\"https:\/\/ent2d.ac-bordeaux.fr\/disciplines\/musique\/lycee\/baccalaureat\/bac-ressources\/\">Lire la Suite &raquo;<\/a><\/p>\n","protected":false},"author":178,"featured_media":0,"parent":29,"menu_order":3,"comment_status":"closed","ping_status":"closed","template":"","meta":{"footnotes":""},"class_list":["post-58","page","type-page","status-publish","hentry","nodate"],"_links":{"self":[{"href":"https:\/\/ent2d.ac-bordeaux.fr\/disciplines\/musique\/wp-json\/wp\/v2\/pages\/58","targetHints":{"allow":["GET"]}}],"collection":[{"href":"https:\/\/ent2d.ac-bordeaux.fr\/disciplines\/musique\/wp-json\/wp\/v2\/pages"}],"about":[{"href":"https:\/\/ent2d.ac-bordeaux.fr\/disciplines\/musique\/wp-json\/wp\/v2\/types\/page"}],"author":[{"embeddable":true,"href":"https:\/\/ent2d.ac-bordeaux.fr\/disciplines\/musique\/wp-json\/wp\/v2\/users\/178"}],"replies":[{"embeddable":true,"href":"https:\/\/ent2d.ac-bordeaux.fr\/disciplines\/musique\/wp-json\/wp\/v2\/comments?post=58"}],"version-history":[{"count":78,"href":"https:\/\/ent2d.ac-bordeaux.fr\/disciplines\/musique\/wp-json\/wp\/v2\/pages\/58\/revisions"}],"predecessor-version":[{"id":2474,"href":"https:\/\/ent2d.ac-bordeaux.fr\/disciplines\/musique\/wp-json\/wp\/v2\/pages\/58\/revisions\/2474"}],"up":[{"embeddable":true,"href":"https:\/\/ent2d.ac-bordeaux.fr\/disciplines\/musique\/wp-json\/wp\/v2\/pages\/29"}],"wp:attachment":[{"href":"https:\/\/ent2d.ac-bordeaux.fr\/disciplines\/musique\/wp-json\/wp\/v2\/media?parent=58"}],"curies":[{"name":"wp","href":"https:\/\/api.w.org\/{rel}","templated":true}]}}