{"id":56,"date":"2017-04-29T12:41:50","date_gmt":"2017-04-29T10:41:50","guid":{"rendered":"https:\/\/ent2d.ac-bordeaux.fr\/disciplines\/musique\/?page_id=56"},"modified":"2020-11-26T23:14:59","modified_gmt":"2020-11-26T22:14:59","slug":"bac-epreuves","status":"publish","type":"page","link":"https:\/\/ent2d.ac-bordeaux.fr\/disciplines\/musique\/lycee\/baccalaureat\/bac-epreuves\/","title":{"rendered":"Bac &#8211; Organisation"},"content":{"rendered":"<hr \/>\n<h2><strong>Organisation des \u00e9preuves<\/strong><\/h2>\n<h5>\u25ba Enseignement de sp\u00e9cialit\u00e9<\/h5>\n<p><a href=\"https:\/\/eduscol.education.fr\/media\/3129\/download\" target=\"_blank\" rel=\"noopener noreferrer\">Mise en \u0153uvre du doublement des sujets \u00e9preuves terminales de sp\u00e9cialit\u00e9 bac 2021<\/a> (musique en page 15)<\/p>\n<h5>\u25ba Programmes en vigueur<\/h5>\n<p class=\"justif\"><a href=\"https:\/\/cache.media.eduscol.education.fr\/file\/SP1-MEN-22-1-2019\/84\/6\/spe567_annexe_22-1_1063846.pdf\" target=\"_blank\" rel=\"noopener noreferrer\">Programme des enseignements de sp\u00e9cialit\u00e9 Arts au cycle terminal<\/a> (Musique \u00e0 partir de la page 50)<\/p>\n<p class=\"justif\"><a href=\"https:\/\/cache.media.eduscol.education.fr\/file\/SP1-MEN-22-1-2019\/69\/5\/spe566_annexe2CORR_1063695.pdf\" target=\"_blank\" rel=\"noopener noreferrer\">Options Arts en premi\u00e8re et terminale des voies g\u00e9n\u00e9rale et technologique<\/a> (Musique \u00e0 partir de la page 33)<\/p>\n<hr \/>\n<h2><strong>Calendrier des \u00e9preuves &#8211; Session 2021<\/strong><\/h2>\n<h5>\u25ba Les \u00e9preuves de sp\u00e9cialit\u00e9<\/h5>\n<ul>\n<li>Les \u00e9crits de l&rsquo;\u00e9preuve artistique obligatoire auront lieu le <span class=\"surligne\">&#8230; de __h \u00e0 __h<\/span>.<\/li>\n<li>Les \u00e9preuves artistiques obligatoires orales se d\u00e9rouleront le&#8230; (\u00e0 para\u00eetre prochainement).<\/li>\n<\/ul>\n","protected":false},"excerpt":{"rendered":"<h2>Organisation des \u00e9preuves<\/h2>\n<h5>\u25ba Enseignement de sp\u00e9cialit\u00e9<\/h5>\n<p>Mise en \u0153uvre du doublement des sujets \u00e9preuves terminales de sp\u00e9cialit\u00e9 bac 2021 (musique en page 15)<\/p>\n<h5>\u25ba Programmes en vigueur<\/h5>\n<p class=\"justif\">Programme des enseignements de sp\u00e9cialit\u00e9 Arts au cycle terminal (Musique \u00e0 partir de la page 50)<\/p>\n<p class=\"justif\">Options Arts en premi\u00e8re et terminale des voies g\u00e9n\u00e9rale &hellip; <\/p>\n<p><a class=\"more-link block-button\" href=\"https:\/\/ent2d.ac-bordeaux.fr\/disciplines\/musique\/lycee\/baccalaureat\/bac-epreuves\/\">Lire la Suite &raquo;<\/a><\/p>\n","protected":false},"author":178,"featured_media":0,"parent":29,"menu_order":2,"comment_status":"closed","ping_status":"closed","template":"","meta":{"footnotes":""},"class_list":["post-56","page","type-page","status-publish","hentry","nodate"],"_links":{"self":[{"href":"https:\/\/ent2d.ac-bordeaux.fr\/disciplines\/musique\/wp-json\/wp\/v2\/pages\/56","targetHints":{"allow":["GET"]}}],"collection":[{"href":"https:\/\/ent2d.ac-bordeaux.fr\/disciplines\/musique\/wp-json\/wp\/v2\/pages"}],"about":[{"href":"https:\/\/ent2d.ac-bordeaux.fr\/disciplines\/musique\/wp-json\/wp\/v2\/types\/page"}],"author":[{"embeddable":true,"href":"https:\/\/ent2d.ac-bordeaux.fr\/disciplines\/musique\/wp-json\/wp\/v2\/users\/178"}],"replies":[{"embeddable":true,"href":"https:\/\/ent2d.ac-bordeaux.fr\/disciplines\/musique\/wp-json\/wp\/v2\/comments?post=56"}],"version-history":[{"count":30,"href":"https:\/\/ent2d.ac-bordeaux.fr\/disciplines\/musique\/wp-json\/wp\/v2\/pages\/56\/revisions"}],"predecessor-version":[{"id":2026,"href":"https:\/\/ent2d.ac-bordeaux.fr\/disciplines\/musique\/wp-json\/wp\/v2\/pages\/56\/revisions\/2026"}],"up":[{"embeddable":true,"href":"https:\/\/ent2d.ac-bordeaux.fr\/disciplines\/musique\/wp-json\/wp\/v2\/pages\/29"}],"wp:attachment":[{"href":"https:\/\/ent2d.ac-bordeaux.fr\/disciplines\/musique\/wp-json\/wp\/v2\/media?parent=56"}],"curies":[{"name":"wp","href":"https:\/\/api.w.org\/{rel}","templated":true}]}}