{"id":1550,"date":"2020-04-28T20:01:01","date_gmt":"2020-04-28T18:01:01","guid":{"rendered":"https:\/\/ent2d.ac-bordeaux.fr\/disciplines\/musique\/?page_id=1550"},"modified":"2022-08-31T19:19:30","modified_gmt":"2022-08-31T17:19:30","slug":"ressources-continuite","status":"publish","type":"page","link":"https:\/\/ent2d.ac-bordeaux.fr\/disciplines\/musique\/continuite-pedagogique\/ressources-continuite\/","title":{"rendered":"Ressources continuit\u00e9 p\u00e9dagogique"},"content":{"rendered":"<hr \/>\n<h2><strong>Ressources pour la mise en place de la continuit\u00e9 p\u00e9dagogique en \u00c9ducation musicale &#8211; Enseignements en p\u00e9riode de crise sanitaire<br \/>\n<\/strong><\/h2>\n<h6>ressources disciplinaires en <a href=\"https:\/\/ent2d.ac-bordeaux.fr\/disciplines\/musique\/continuite-pedagogique\/\">page 1<\/a><\/h6>\n<h6>ressources chorales en <a href=\"https:\/\/ent2d.ac-bordeaux.fr\/disciplines\/musique\/continuite-pedagogique\/ressources-continuite\/2\/\">page 2<\/a> (faire d\u00e9filer la page vers le bas)<\/h6>\n<h5 class=\"western\"><strong>\u25ba Courrier de M. J.M. Caniard, IA-IPR \u00c9ducation Musicale et chant choral<\/strong><\/h5>\n<p><a href=\"https:\/\/ent2d.ac-bordeaux.fr\/disciplines\/musique\/wp-content\/uploads\/sites\/32\/2020\/03\/Continuit\u00e9-p\u00e9dagogique_Education-musicale-et-chant-choral_17-3-2020.pdf\" target=\"_blank\" rel=\"noopener noreferrer\">Continuit\u00e9-p\u00e9dagogique_Education-musicale-et-chant-choral_17-3-2020.pdf<\/a><\/p>\n<h5 class=\"western\"><span class=\"surligne\">Nouveau :<\/span> <strong>\u25ba Fiche Rep\u00e8res et Protocole sanitaire<br \/>\n<\/strong><\/h5>\n<p><a href=\"https:\/\/www.education.gouv.fr\/media\/71370\/download\" rel=\"noopener noreferrer\">https:\/\/www.education.gouv.fr\/media\/71370\/download<\/a><\/p>\n<p class=\"justif\">\u25a0 Actualisation de la fiche \u00ab\u00a0REP\u00c8RES POUR L\u2019\u00c9DUCATION MUSICALE, LE CHANT CHORAL, LES PRATIQUES VOCALES ET INSTRUMENTALES EN CONTEXTE COVID Novembre 2020<\/p>\n<p>\u25a0 <a href=\"https:\/\/ent2d.ac-bordeaux.fr\/disciplines\/musique\/wp-content\/uploads\/sites\/32\/2020\/11\/protocole-sanitaire-ann-e-scolaire-2020-2021-71258.pdf\" target=\"_blank\" rel=\"noopener noreferrer\">Protocole Sanitaire<\/a><\/p>\n<h5 class=\"western\"><strong>\u25ba Sur le site rectoral<\/strong><\/h5>\n<p><a href=\"http:\/\/www.ac-bordeaux.fr\/cid150186\/continuite-pedagogique.html\" target=\"_blank\" rel=\"noopener noreferrer\">http:\/\/www.ac-bordeaux.fr\/cid150186\/continuite-pedagogique.html<\/a><\/p>\n<p class=\"justif\">L&rsquo;acc\u00e8s \u00e0 des ressources r\u00e9gionales (ENT) ou nationales, en particulier avec les plateformes d&rsquo;enseignement \u00e0 distance du CNED et notamment le dispositif \u00ab\u00a0<em>Classe \u00e0 la maison &#8211; coll\u00e8ge<\/em>\u00ab\u00a0. Celui-ci requiert une inscription et permet ensuite d&rsquo;acc\u00e9der \u00e0 des cours (dont l&rsquo;\u00e9ducation musicale) class\u00e9s par niveaux et par s\u00e9ances : \u00e0 d\u00e9couvrir!<\/p>\n<h5 class=\"western\"><span class=\"surligne\">Nouveau :<\/span> <strong>\u25ba Sur <a href=\"https:\/\/eduscol.education.fr\/education-musicale\/\" target=\"_blank\" rel=\"noopener noreferrer\">EDUSCOL<\/a><br \/>\n<\/strong><\/h5>\n<p><a href=\"https:\/\/eduscol.education.fr\/education-musicale\/edunum\/edunum-musique-4?_authenticator=3bd720bfafeb3cd02dd8f2896b3dfa3b09c987ee\" target=\"_blank\" rel=\"noopener noreferrer\">https:\/\/eduscol.education.fr\/education-musicale\/edunum\/edunum-musique-4?_authenticator=3bd720bfafeb3cd02dd8f2896b3dfa3b09c987ee<\/a><\/p>\n<p class=\"justif\">La lettre <em>\u00c9du_Num \u00c9ducation musicale N\u00b04 : Enseignement hybride<\/em> ; Zoom sur les recommandations officielles, Enseigner et se former (exemples de ressources pratiques), Se tenir inform\u00e9.<\/p>\n<h5 class=\"western\"><strong>\u25ba Sur le site de la DANE<br \/>\n<\/strong><\/h5>\n<p><a href=\"https:\/\/dane.ac-bordeaux.fr\/\" target=\"_blank\" rel=\"noopener noreferrer\">https:\/\/dane.ac-bordeaux.fr\/<\/a><\/p>\n<p class=\"justif\">Un guide pratique pour aider les enseignants dans la mise en place de la continuit\u00e9 p\u00e9dagogique.<\/p>\n<p class=\"justif\"><span class=\"surligne\">Nouveau :<\/span> Mettre en place un enseignement \u00e0 distance dans l&rsquo;Acad\u00e9mie ; page \u00ab\u00a0<a href=\"https:\/\/dane.ac-bordeaux.fr\/continuite-pedagogique\/\" target=\"_blank\" rel=\"noopener noreferrer\">enseigner \u00e0 distance<\/a>\u00ab\u00a0.<\/p>\n<h5 class=\"western\"><strong>\u25ba Page nationale h\u00e9berg\u00e9e sur le site \u00c9ducation musicale de l&rsquo;acad\u00e9mie de Cr\u00e9teil<\/strong><\/h5>\n<p><a href=\"http:\/\/musique.ac-creteil.fr\/spip.php?article502\" target=\"_blank\" rel=\"noopener noreferrer\">http:\/\/musique.ac-creteil.fr\/spip.php?article502<\/a><\/p>\n<table>\n<tbody>\n<tr>\n<td width=\"30%\"><img loading=\"lazy\" decoding=\"async\" class=\"alignright wp-image-1459 size-medium\" title=\"Logo Minist\u00e8re \u00c9ducation Nationale\" src=\"https:\/\/ent2d.ac-bordeaux.fr\/disciplines\/musique\/wp-content\/uploads\/sites\/32\/2020\/03\/ministere_ednat_jeunesse-300x235.png\" alt=\"\" width=\"300\" height=\"235\" \/><\/td>\n<td class=\"justif\" colspan=\"2\" width=\"70%\"><span style=\"color: #3c9cd2\"><em>Toutes les acad\u00e9mies se mobilisent pour apporter des ressources \u00e0 disposition des professeurs pour la mise en \u0153uvre de la continuit\u00e9 p\u00e9dagogique au coll\u00e8ge et au lyc\u00e9e. Quelle que soit son acad\u00e9mie, elle permet \u00e0 chaque professeur de profiter des propositions \u00e9manant de toutes les autres. Cette page est ainsi compl\u00e9mentaire de celles, sp\u00e9cifiques \u00e0 chaque acad\u00e9mie et dont les adresses figurent \u00e9galement ici, qui proposent \u00e9galement des ressources utiles<\/em>.<\/span>.<\/td>\n<\/tr>\n<\/tbody>\n<\/table>\n<p class=\"justif\">Sur impulsion de M. Vincent Maestracci, IGESR, une page nationale listant plusieurs ressources d\u00e9j\u00e0 existantes sur les diff\u00e9rents sites acad\u00e9miques (dont le notre), \u00c9dubase, \u00c9duth\u00e8que et autres&#8230; accompagn\u00e9es d&rsquo;un court commentaire de pr\u00e9sentation.<\/p>\n<h5 class=\"western\"><strong>\u25ba Sur le site Acad\u00e9mique Musique de Bordeaux<\/strong><\/h5>\n<p><a href=\"https:\/\/ent2d.ac-bordeaux.fr\/disciplines\/musique\/\" target=\"_blank\" rel=\"noopener noreferrer\">https:\/\/ent2d.ac-bordeaux.fr\/disciplines\/musique\/<\/a><\/p>\n<p class=\"justif\">Beaucoup de ressources d\u00e9j\u00e0 pr\u00e9sentes, ainsi que des outils accompagn\u00e9s parfois de tutoriels. Voir particuli\u00e8rement tout ce qui se trouve dans les rubriques \u25ba P\u00e9dagogie ou \u25ba Usages du num\u00e9rique. Une liste de sites compl\u00e9mentaires (synth\u00e9 virtuel, educarte, op\u00e9ra de paris&#8230;), propos\u00e9s par R\u00e9mi Mass\u00e9, est disponible en <a href=\"https:\/\/ent2d.ac-bordeaux.fr\/disciplines\/musique\/wp-content\/uploads\/sites\/32\/2020\/03\/Continuit\u00e9-P\u00e9dagogique-Sites-compl\u00e9mentaires.pdf\" target=\"_blank\" rel=\"noopener noreferrer\">t\u00e9l\u00e9chargement<\/a>.<\/p>\n<h5 class=\"western\"><strong>\u25ba Sur le site Apps.education<br \/>\n<\/strong><\/h5>\n<p><a href=\"https:\/\/apps.education.fr\/\" target=\"_blank\" rel=\"noopener noreferrer\">https:\/\/apps.education.fr\/<\/a><\/p>\n<p class=\"justif\">Un ensemble d&rsquo;application et outils pour favoriser le travail \u00e0 distance. Apps.education.fr est un projet pilot\u00e9 et d\u00e9velopp\u00e9 par la Direction du num\u00e9rique pour l&rsquo;\u00e9ducation.\u00a0 Propos\u00e9s dans une version Beta, ces outils sont mis \u00e0 disposition temporairement pendant la crise sanitaire, avant que la plateforme ne soit p\u00e9rennis\u00e9e \u00e0 l&rsquo;\u00e9chelon national.<\/p>\n<p><!--nextpage--><\/p>\n<h3><strong>Chorales<\/strong><\/h3>\n<p class=\"justif\"><em>\u00ab\u00a0\u00c0 ce jour, maintenir au mieux le cap des concerts permet de donner suite aux apprentissages d\u00e9j\u00e0 effectu\u00e9s par les \u00e9l\u00e8ves choristes<\/em>&#8230;\u00a0\u00bb Ci-dessous, d\u00e9partement par d\u00e9partement, une mutualisation des ressources (voix par voix, instrumentaux, partitions&#8230; ou informations d&rsquo;acc\u00e8s). Cette liste sera abond\u00e9e au fur et \u00e0 mesure.<\/p>\n<h5 class=\"western\"><strong>\u25ba Dordogne<\/strong><\/h5>\n<ul>\n<li><span class=\"surligne\">Nouveau :<\/span> \u00c9chauffements vocaux pour chorale semi-confin\u00e9e &#8211; Proposition de Nancy Gava Professeur EM2C &#8211; Clg Henri IV &#8211; Bergerac.\n<ul>\n<li><a href=\"https:\/\/youtu.be\/9wtmA9_Kokg\" target=\"_blank\" rel=\"noopener noreferrer\">Vid\u00e9o 1<\/a><\/li>\n<li><a href=\"https:\/\/youtu.be\/1P7Fv8iyrhw\" target=\"_blank\" rel=\"noopener noreferrer\">Vid\u00e9o 2<\/a><\/li>\n<\/ul>\n<\/li>\n<\/ul>\n<h5 class=\"western\"><strong>\u25ba Gironde<\/strong><\/h5>\n<ul>\n<li>Portraits du pass\u00e9 &#8211; Cr\u00e9ation Sally Galet &#8211; Gironde \/ Chorale Cycle 3 \/ contacter Magali Gardeur &#8211; Professeur EM2C &#8211; Clg A. Camus &#8211; Eysines (33) pour les ressources.<\/li>\n<li><a href=\"http:\/\/www.chante-ecole.fr\/desmotspourledire.html\" target=\"_blank\" rel=\"noopener noreferrer\">Des mots pour le dire<\/a> &#8211; JC Boudet \/ S. Moulinier \/ Chorale &#8211; Coll\u00e8ge \/ Enregistrements voix par voix + ch\u0153ur r\u00e9alis\u00e9s lors du stage de rentr\u00e9e par JC Boudet &#8211; Professeur EM2C &#8211; Clg J. Zay &#8211; Biganos (33)<\/li>\n<li><a href=\"https:\/\/padlet.com\/sarah_boissou\/choraleccm\" target=\"_blank\" rel=\"noopener noreferrer\">Des mots pour le dire<\/a> \/ Chorale &#8211; Coll\u00e8ge \/ Padlet r\u00e9alis\u00e9 par Sarah Boissou &#8211; Professeur EM2C &#8211; Clg C. Mass\u00e9 &#8211; Ambar\u00e8s et Lagrave (33) \/ Mot de passe : choraleccm<\/li>\n<\/ul>\n<h5 class=\"western\"><strong>\u25ba Landes<br \/>\n<\/strong><\/h5>\n<h5 class=\"western\"><strong>\u25ba Lot &amp; Garonne<br \/>\n<\/strong><\/h5>\n<h5 class=\"western\"><strong>\u25ba Pyr\u00e9n\u00e9es Atlantiques<\/strong><\/h5>\n<ul>\n<li>Programme Cabrel &#8211; Arrangements par les professeurs d&rsquo;\u00c9ducation musicale du d\u00e9partement Pyr\u00e9n\u00e9es Atlantiques \/ Chorale &#8211; Coll\u00e8ge \/ Padlet diffus\u00e9 sur la liste des participants au projet.<\/li>\n<\/ul>\n<p>&nbsp;<\/p>\n","protected":false},"excerpt":{"rendered":"<h2>Ressources pour la mise en place de la continuit\u00e9 p\u00e9dagogique en \u00c9ducation musicale &#8211; Enseignements en p\u00e9riode de crise sanitaire <\/h2>\n<p> ressources disciplinaires en page 1 ressources chorales en page 2 (faire d\u00e9filer la page vers le bas) <\/p>\n<h5 class=\"western\">\u25ba Courrier de M. J.M. Caniard, IA-IPR \u00c9ducation Musicale et chant choral<\/h5>\n<p>Continuit\u00e9-p\u00e9dagogique_Education-musicale-et-chant-choral_17-3-2020.pdf<\/p>\n<h5 class=\"western\">Nouveau : &hellip; <\/p>\n<p><a class=\"more-link block-button\" href=\"https:\/\/ent2d.ac-bordeaux.fr\/disciplines\/musique\/continuite-pedagogique\/ressources-continuite\/\">Lire la Suite &raquo;<\/a><\/p>\n<\/h5>\n","protected":false},"author":178,"featured_media":0,"parent":1406,"menu_order":1,"comment_status":"closed","ping_status":"closed","template":"","meta":{"footnotes":""},"class_list":["post-1550","page","type-page","status-publish","hentry","nodate"],"_links":{"self":[{"href":"https:\/\/ent2d.ac-bordeaux.fr\/disciplines\/musique\/wp-json\/wp\/v2\/pages\/1550","targetHints":{"allow":["GET"]}}],"collection":[{"href":"https:\/\/ent2d.ac-bordeaux.fr\/disciplines\/musique\/wp-json\/wp\/v2\/pages"}],"about":[{"href":"https:\/\/ent2d.ac-bordeaux.fr\/disciplines\/musique\/wp-json\/wp\/v2\/types\/page"}],"author":[{"embeddable":true,"href":"https:\/\/ent2d.ac-bordeaux.fr\/disciplines\/musique\/wp-json\/wp\/v2\/users\/178"}],"replies":[{"embeddable":true,"href":"https:\/\/ent2d.ac-bordeaux.fr\/disciplines\/musique\/wp-json\/wp\/v2\/comments?post=1550"}],"version-history":[{"count":24,"href":"https:\/\/ent2d.ac-bordeaux.fr\/disciplines\/musique\/wp-json\/wp\/v2\/pages\/1550\/revisions"}],"predecessor-version":[{"id":2924,"href":"https:\/\/ent2d.ac-bordeaux.fr\/disciplines\/musique\/wp-json\/wp\/v2\/pages\/1550\/revisions\/2924"}],"up":[{"embeddable":true,"href":"https:\/\/ent2d.ac-bordeaux.fr\/disciplines\/musique\/wp-json\/wp\/v2\/pages\/1406"}],"wp:attachment":[{"href":"https:\/\/ent2d.ac-bordeaux.fr\/disciplines\/musique\/wp-json\/wp\/v2\/media?parent=1550"}],"curies":[{"name":"wp","href":"https:\/\/api.w.org\/{rel}","templated":true}]}}