{"id":3560,"date":"2025-04-07T08:33:05","date_gmt":"2025-04-07T06:33:05","guid":{"rendered":"https:\/\/ent2d.ac-bordeaux.fr\/disciplines\/maths-sciences\/?page_id=3560"},"modified":"2025-04-07T09:50:49","modified_gmt":"2025-04-07T07:50:49","slug":"parcours-poursuite-detudes","status":"publish","type":"page","link":"https:\/\/ent2d.ac-bordeaux.fr\/disciplines\/maths-sciences\/parcours-poursuite-detudes\/","title":{"rendered":"Parcours poursuite d&rsquo;\u00e9tudes"},"content":{"rendered":"<p>&nbsp;<\/p>\n<div class=\"\">\n<ul class=\"MailOutline\">\n<li class=\"\"><span class=\"\">Recommandations des IEN :\u00a0<\/span><a href=\"https:\/\/ent2d.ac-bordeaux.fr\/disciplines\/maths-sciences\/wp-content\/uploads\/sites\/13\/2025\/04\/Parcours-poursuite-etude_MPC_2025.pdf\" target=\"_blank\" rel=\"noopener\"><span class=\"\">Parcours poursuite etude_MPC_2025.pdf<\/span><\/a><\/li>\n<\/ul>\n<ul>\n<li><span class=\"\">Cahier de math\u00e9matiques (F. Bonmatin) :<br \/>\n<a href=\"https:\/\/ent2d.ac-bordeaux.fr\/disciplines\/maths-sciences\/wp-content\/uploads\/sites\/13\/2025\/04\/Cahier_de_Mathematiques-LDV.pdf\" target=\"_blank\" rel=\"noopener\">Cahier_de_Mathematiques-LDV.pdf<\/a> \u00a0\u00a0 \u00a0<\/span><a href=\"https:\/\/ent2d.ac-bordeaux.fr\/disciplines\/maths-sciences\/wp-content\/uploads\/sites\/13\/2025\/04\/Cahier_de_Mathematiques_LDV-Page-de-garde-et-sommaire.pdf\" target=\"_blank\" rel=\"noopener\"><span class=\"\">Page de garde et sommaire.pdf<\/span><\/a><\/li>\n<li><span class=\"\">\u00a0<\/span><span class=\"\">R<\/span>essources produites dans les lyc\u00e9es Albert Claveille et L\u00e9onard de Vinci de P\u00e9rigueux :\n<ul>\n<li>Activit\u00e9 autour de la fonction Ln :\u00a0<a href=\"https:\/\/ent2d.ac-bordeaux.fr\/disciplines\/maths-sciences\/wp-content\/uploads\/sites\/13\/2025\/04\/Activite-fonction-ln-2025.pdf\" target=\"_blank\" rel=\"noopener\">Activite-fonction-ln-2025.pdf<\/a>\u00a0 \u00a0 \u00a0 <a href=\"https:\/\/ent2d.ac-bordeaux.fr\/disciplines\/maths-sciences\/wp-content\/uploads\/sites\/13\/2025\/04\/fonction-ln-eleve.ggb\" target=\"_blank\" rel=\"noopener\">fonction-ln-eleve.ggb<\/a><\/li>\n<li class=\"\">Activit\u00e9 calcul int\u00e9gral :\u00a0<a href=\"https:\/\/ent2d.ac-bordeaux.fr\/disciplines\/maths-sciences\/wp-content\/uploads\/sites\/13\/2025\/04\/Activite_cours_calcul_integral_groupement_A.pdf\" target=\"_blank\" rel=\"noopener\">Activite_cours_calcul_integral_groupement_A.pdf<\/a>\u00a0 \u00a0 \u00a0 \u00a0 \u00a0 \u00a0 \u00a0 \u00a0 \u00a0 \u00a0 \u00a0 \u00a0 \u00a0 \u00a0 \u00a0 \u00a0 \u00a0 \u00a0 \u00a0 \u00a0 \u00a0 \u00a0 \u00a0 \u00a0 \u00a0 \u00a0 \u00a0 \u00a0 \u00a0 \u00a0 \u00a0 \u00a0 \u00a0 \u00a0 \u00a0 \u00a0 \u00a0 \u00a0 \u00a0 \u00a0 \u00a0 \u00a0 <a href=\"https:\/\/ent2d.ac-bordeaux.fr\/disciplines\/maths-sciences\/wp-content\/uploads\/sites\/13\/2025\/04\/Activite_cours_calcul_integral_groupementB.pdf\" target=\"_blank\" rel=\"noopener\">Activite_cours_calcul_integral_groupementB.pdf<\/a><\/li>\n<li class=\"\">Activit\u00e9 sur les complexes\u00a0:\u00a0<a href=\"https:\/\/ent2d.ac-bordeaux.fr\/disciplines\/maths-sciences\/wp-content\/uploads\/sites\/13\/2025\/04\/Activite_cours_complexes.pdf\" target=\"_blank\" rel=\"noopener\">Activite_cours_complexes.pdf<\/a><\/li>\n<li class=\"\">Activit\u00e9 sur la fonction exponentielle\u00a0 : <a href=\"https:\/\/ent2d.ac-bordeaux.fr\/disciplines\/maths-sciences\/wp-content\/uploads\/sites\/13\/2025\/04\/Activite_decouverte_fonction_exponentielle_cours.pdf\" target=\"_blank\" rel=\"noopener\">Activite_fonction_exponentielle_cours.pdf<\/a><\/li>\n<li class=\"\">Parcours_reussite_ln_propri\u00e9t\u00e9s_operatoires :\u00a0 \u00a0 \u00a0 \u00a0 \u00a0 \u00a0 \u00a0 \u00a0 \u00a0 \u00a0 \u00a0 \u00a0 \u00a0 \u00a0 .\u00a0 \u00a0 \u00a0 \u00a0 \u00a0 \u00a0 \u00a0 \u00a0 \u00a0 \u00a0 \u00a0. .. <a href=\"https:\/\/ent2d.ac-bordeaux.fr\/disciplines\/maths-sciences\/wp-content\/uploads\/sites\/13\/2025\/04\/Parcours_reussite_ln_proprietes_operatoires.pdf\" target=\"_blank\" rel=\"noopener\">Parcours_reussite_ln_proprietes_operatoires.pdf<\/a><\/li>\n<li class=\"\">Parcours_reussite_ln_variations :\u00a0<a href=\"https:\/\/ent2d.ac-bordeaux.fr\/disciplines\/maths-sciences\/wp-content\/uploads\/sites\/13\/2025\/04\/Parcours_reussite_ln_variations.pdf\" target=\"_blank\" rel=\"noopener\">Parcours_reussite_ln_variations.pdf<\/a><\/li>\n<li class=\"\">Parcours_reussite_primitives :\u00a0<a href=\"https:\/\/ent2d.ac-bordeaux.fr\/disciplines\/maths-sciences\/wp-content\/uploads\/sites\/13\/2025\/04\/Parcours_reussite_primitives.pdf\" target=\"_blank\" rel=\"noopener\">Parcours_reussite_primitives.pdf<\/a><\/li>\n<\/ul>\n<\/li>\n<\/ul>\n<div class=\"\"><\/div>\n<ul class=\"MailOutline\">\n<li class=\"\">Vademecum Liaison Bac pro &#8211; BTS :\u00a0<a href=\"https:\/\/ent2d.ac-bordeaux.fr\/disciplines\/maths-sciences\/wp-content\/uploads\/sites\/13\/2025\/04\/Vademecum-Liaison-BacPro-BTS-avec-annexes.pdf\" target=\"_blank\" rel=\"noopener\">Vademecum Liaison BacPro-BTS (avec annexes).pdf<\/a><\/li>\n<li class=\"\">Fiches des attendus en BTS (IGESR) :\n<ul class=\"\">\n<li class=\"\"><a href=\"https:\/\/ent2d.ac-bordeaux.fr\/disciplines\/maths-sciences\/wp-content\/uploads\/sites\/13\/2025\/04\/Attendus-EG-en-BTS-Maths.pdf\" target=\"_blank\" rel=\"noopener\">Attendus EG en BTS Maths.pdf<\/a><\/li>\n<li class=\"\"><a href=\"https:\/\/ent2d.ac-bordeaux.fr\/disciplines\/maths-sciences\/wp-content\/uploads\/sites\/13\/2025\/04\/Attendus-PC-en-BTS-N1-PC.pdf\" target=\"_blank\" rel=\"noopener\">Attendus PC en BTS N1 PC.pdf<\/a><\/li>\n<li class=\"\"><a href=\"https:\/\/ent2d.ac-bordeaux.fr\/disciplines\/maths-sciences\/wp-content\/uploads\/sites\/13\/2025\/04\/Attendus-PC-en-BTS-N2-PC.pdf\" target=\"_blank\" rel=\"noopener\">Attendus PC en BTS N2 PC.pdf<\/a><\/li>\n<li class=\"\"><a href=\"https:\/\/ent2d.ac-bordeaux.fr\/disciplines\/maths-sciences\/wp-content\/uploads\/sites\/13\/2025\/04\/Attendus-PC-en-BTS-N3-PC.pdf\" target=\"_blank\" rel=\"noopener\">Attendus PC en BTS N3 PC.pdf<\/a><\/li>\n<\/ul>\n<\/li>\n<\/ul>\n<div class=\"\"><\/div>\n<ul class=\"MailOutline\">\n<li class=\"\">Lien vers le site eduscol :<br \/>\n<a class=\"\" href=\"https:\/\/eduscol.education.fr\/3215\/le-parcours-differencie-en-terminale-professionnelle\" target=\"_blank\" rel=\"noopener\">https:\/\/eduscol.education.fr\/3215\/le-parcours-differencie-en-terminale-professionnelle<\/a><\/li>\n<\/ul>\n<\/div>\n<div class=\"\"><\/div>\n","protected":false},"excerpt":{"rendered":"<p>&nbsp; Recommandations des IEN :\u00a0Parcours poursuite etude_MPC_2025.pdf Cahier de math\u00e9matiques (F. Bonmatin) : Cahier_de_Mathematiques-LDV.pdf \u00a0\u00a0 \u00a0Page de garde et sommaire.pdf<\/p>\n","protected":false},"author":43,"featured_media":0,"parent":0,"menu_order":0,"comment_status":"closed","ping_status":"closed","template":"","meta":{"_bbp_topic_count":0,"_bbp_reply_count":0,"_bbp_total_topic_count":0,"_bbp_total_reply_count":0,"_bbp_voice_count":0,"_bbp_anonymous_reply_count":0,"_bbp_topic_count_hidden":0,"_bbp_reply_count_hidden":0,"_bbp_forum_subforum_count":0,"footnotes":""},"class_list":["post-3560","page","type-page","status-publish","hentry"],"_links":{"self":[{"href":"https:\/\/ent2d.ac-bordeaux.fr\/disciplines\/maths-sciences\/wp-json\/wp\/v2\/pages\/3560","targetHints":{"allow":["GET"]}}],"collection":[{"href":"https:\/\/ent2d.ac-bordeaux.fr\/disciplines\/maths-sciences\/wp-json\/wp\/v2\/pages"}],"about":[{"href":"https:\/\/ent2d.ac-bordeaux.fr\/disciplines\/maths-sciences\/wp-json\/wp\/v2\/types\/page"}],"author":[{"embeddable":true,"href":"https:\/\/ent2d.ac-bordeaux.fr\/disciplines\/maths-sciences\/wp-json\/wp\/v2\/users\/43"}],"replies":[{"embeddable":true,"href":"https:\/\/ent2d.ac-bordeaux.fr\/disciplines\/maths-sciences\/wp-json\/wp\/v2\/comments?post=3560"}],"version-history":[{"count":13,"href":"https:\/\/ent2d.ac-bordeaux.fr\/disciplines\/maths-sciences\/wp-json\/wp\/v2\/pages\/3560\/revisions"}],"predecessor-version":[{"id":3594,"href":"https:\/\/ent2d.ac-bordeaux.fr\/disciplines\/maths-sciences\/wp-json\/wp\/v2\/pages\/3560\/revisions\/3594"}],"wp:attachment":[{"href":"https:\/\/ent2d.ac-bordeaux.fr\/disciplines\/maths-sciences\/wp-json\/wp\/v2\/media?parent=3560"}],"curies":[{"name":"wp","href":"https:\/\/api.w.org\/{rel}","templated":true}]}}