{"id":1588,"date":"2016-07-23T21:16:44","date_gmt":"2016-07-23T19:16:44","guid":{"rendered":"https:\/\/ent2d.ac-bordeaux.fr\/disciplines\/maths-sciences\/?page_id=1588"},"modified":"2021-10-30T11:11:22","modified_gmt":"2021-10-30T09:11:22","slug":"la-liste-maths-sciences","status":"publish","type":"page","link":"https:\/\/ent2d.ac-bordeaux.fr\/disciplines\/maths-sciences\/la-liste-maths-sciences\/","title":{"rendered":"La liste Maths Sciences"},"content":{"rendered":"<p>La liste Maths Sciences est le prolongement de ce site.<\/p>\n<p>Elle est destin\u00e9e \u00e0 faciliter les \u00e9changes entre les enseignants de Maths Sciences de l&rsquo;acad\u00e9mie.<\/p>\n<p>Une liste de diffusion est une liste d&rsquo;envoi permettant \u00e0 un groupe d&rsquo;abonn\u00e9s de recevoir automatiquement par courrier \u00e9lectronique l&rsquo;ensemble des messages exp\u00e9di\u00e9s \u00e0 la liste : tout message envoy\u00e9 \u00e0 la liste par un abonn\u00e9 est re\u00e7u par chacun des autres abonn\u00e9s.<\/p>\n<p>Toute contribution sera envoy\u00e9e \u00e0 l&rsquo;adresse <a href=\"mailto:maths_sciences@ac-bordeaux.fr\">maths_sciences@ac-bordeaux.fr<\/a><\/p>\n<h6>Abonnement<\/h6>\n<p>Pour s&rsquo;abonner, il suffit d&rsquo;indiquer son adresse de messagerie <a href=\"https:\/\/listes.ac-bordeaux.fr\/sympa\/subscribe\/maths_sciences\" target=\"_blank\" rel=\"noopener noreferrer\">sur cette page<\/a>.<\/p>\n<ul>\n<li>S&rsquo;il s&rsquo;agit d&rsquo;une adresse acad\u00e9mique (qui se termine par @ac-bordeaux.fr), l&rsquo;inscription est imm\u00e9diate, le mot de passe servant \u00e0 gerer les param\u00e8tres de la liste est le m\u00eame que le mot de passe de messagerie.<\/li>\n<\/ul>\n<ul>\n<li>Sinon, un mot de passe vous sera envoy\u00e9 (L&rsquo;envoi peut prendre quelques minutes). L&rsquo;abonnement sera effectif lorsque ce mot de passe fourni aura \u00e9t\u00e9 saisi <a href=\"https:\/\/listes.ac-bordeaux.fr\/sympa\/subscribe\/maths_sciences\" target=\"_blank\" rel=\"noopener noreferrer\">sur la page \u00ab\u00a0inscription\u00a0\u00bb<\/a>. Il est plus simple de ne pas fermer cette page durant la proc\u00e9dure.<\/li>\n<\/ul>\n<h6>D\u00e9sabonnement<\/h6>\n<p>Pour se d\u00e9sabonner, il suffit d&rsquo;indiquer son adresse <a href=\"https:\/\/listes.ac-bordeaux.fr\/sympa\/signoff\/maths_sciences\" target=\"_blank\" rel=\"noopener noreferrer\">sur cette page<\/a><\/p>\n<h6>Archives de la liste<\/h6>\n<p>Les anciens messages sont <a href=\"https:\/\/listes.ac-bordeaux.fr\/sympa\/arc\/maths_sciences\" target=\"_blank\" rel=\"noopener noreferrer\">consultables ici<\/a><\/p>\n<p style=\"text-align: center\">En cas de probl\u00e8me, vous pouvez contacter les gestionnaires de cette liste :<\/p>\n<p style=\"text-align: center\"><a href=\"mailto:Olivieraumaire@aol.com\" target=\"_blank\" rel=\"noopener noreferrer\">Olivier AUMAIRE<\/a>\u00a0 et\u00a0<a href=\"mailto:vincent.samuel@ac-bordeaux.fr\" target=\"_blank\" rel=\"noopener noreferrer\">Vincent SAMUEL<\/a><\/p>\n","protected":false},"excerpt":{"rendered":"<p>La liste Maths Sciences est le prolongement de ce site. Elle est destin\u00e9e \u00e0 faciliter les \u00e9changes entre les enseignants<\/p>\n","protected":false},"author":43,"featured_media":0,"parent":0,"menu_order":0,"comment_status":"closed","ping_status":"closed","template":"","meta":{"_bbp_topic_count":0,"_bbp_reply_count":0,"_bbp_total_topic_count":0,"_bbp_total_reply_count":0,"_bbp_voice_count":0,"_bbp_anonymous_reply_count":0,"_bbp_topic_count_hidden":0,"_bbp_reply_count_hidden":0,"_bbp_forum_subforum_count":0,"footnotes":""},"class_list":["post-1588","page","type-page","status-publish","hentry"],"_links":{"self":[{"href":"https:\/\/ent2d.ac-bordeaux.fr\/disciplines\/maths-sciences\/wp-json\/wp\/v2\/pages\/1588","targetHints":{"allow":["GET"]}}],"collection":[{"href":"https:\/\/ent2d.ac-bordeaux.fr\/disciplines\/maths-sciences\/wp-json\/wp\/v2\/pages"}],"about":[{"href":"https:\/\/ent2d.ac-bordeaux.fr\/disciplines\/maths-sciences\/wp-json\/wp\/v2\/types\/page"}],"author":[{"embeddable":true,"href":"https:\/\/ent2d.ac-bordeaux.fr\/disciplines\/maths-sciences\/wp-json\/wp\/v2\/users\/43"}],"replies":[{"embeddable":true,"href":"https:\/\/ent2d.ac-bordeaux.fr\/disciplines\/maths-sciences\/wp-json\/wp\/v2\/comments?post=1588"}],"version-history":[{"count":5,"href":"https:\/\/ent2d.ac-bordeaux.fr\/disciplines\/maths-sciences\/wp-json\/wp\/v2\/pages\/1588\/revisions"}],"predecessor-version":[{"id":2665,"href":"https:\/\/ent2d.ac-bordeaux.fr\/disciplines\/maths-sciences\/wp-json\/wp\/v2\/pages\/1588\/revisions\/2665"}],"wp:attachment":[{"href":"https:\/\/ent2d.ac-bordeaux.fr\/disciplines\/maths-sciences\/wp-json\/wp\/v2\/media?parent=1588"}],"curies":[{"name":"wp","href":"https:\/\/api.w.org\/{rel}","templated":true}]}}