{"id":8063,"date":"2023-05-23T13:35:57","date_gmt":"2023-05-23T12:35:57","guid":{"rendered":"https:\/\/ent2d.ac-bordeaux.fr\/disciplines\/mathematiques\/?page_id=8063"},"modified":"2025-07-10T10:00:24","modified_gmt":"2025-07-10T09:00:24","slug":"textes-et-ressources-nationales-cycle-3","status":"publish","type":"page","link":"https:\/\/ent2d.ac-bordeaux.fr\/disciplines\/mathematiques\/cycle-3\/textes-et-ressources-nationales-cycle-3\/","title":{"rendered":"Textes et ressources nationales &#8211; cycle 3"},"content":{"rendered":"\n<p id=\"block-7931b57e-ca3e-465d-a876-03f859adc4dc\">\ufeff<\/p>\n\n\n\n<ul class=\"wp-block-list\" id=\"block-c9b070b2-4873-48bc-9895-b1345a395c41\">\n<li><a href=\"https:\/\/www.education.gouv.fr\/sites\/default\/files\/ensel620_annexe2-v2.pdf\" target=\"_blank\" rel=\"noreferrer noopener\">Programme pour le cycle 3 &#8211; 2025<\/a><\/li>\n\n\n\n<li><a href=\"https:\/\/eduscol.education.fr\/document\/64878\/download\" target=\"_blank\" rel=\"noreferrer noopener\">Document &#8220;Exemples de mises en \u0153uvre&#8221; pour la classe de 6e<\/a> (2025)<\/li>\n<\/ul>\n\n\n\n<ul class=\"wp-block-list\">\n<li>Documents &#8220;Exemples de mises en \u0153uvre&#8221; <a href=\"https:\/\/eduscol.education.fr\/document\/64872\/download\">pour la classe de CM1<\/a> et <a href=\"https:\/\/eduscol.education.fr\/document\/64866\/download\" target=\"_blank\" rel=\"noreferrer noopener\">pour la classe de CM2<\/a><\/li>\n<\/ul>\n\n\n\n<ul class=\"wp-block-list\">\n<li><a href=\"https:\/\/eduscol.education.fr\/139\/le-socle-commun-de-connaissances-de-competences-et-de-culture\" target=\"_blank\" rel=\"noreferrer noopener\">Socle commun de connaissances, de comp\u00e9tences et de cultur<\/a>e<\/li>\n<\/ul>\n\n\n\n<ul class=\"wp-block-list\" id=\"block-87be9857-0d9a-4b4c-a596-9f5bc7c038d7\">\n<li><a href=\"https:\/\/eduscol.education.fr\/cid142279\/evaluations-de-6eme-2019-2020.html\" target=\"_blank\" rel=\"noreferrer noopener\">\u00c9valuations de d\u00e9but de 6\u00e8me : des outils pour les professeurs<\/a><\/li>\n\n\n\n<li><a href=\"http:\/\/eduscol.education.fr\/cid103803\/evaluer-la-maitrise-du-socle-commun-du-cycle-2-au-cycle-4.htm\" target=\"_blank\" rel=\"noreferrer noopener\">\u00c9valuation du socle commun: documents d&#8217;accompagnement (et descripteurs du niveau 3 de l&#8217;\u00e9chelle)<\/a><\/li>\n<\/ul>\n\n\n\n<ul class=\"wp-block-list\"><\/ul>\n\n\n\n<ul class=\"wp-block-list\"><\/ul>\n\n\n\n<ul class=\"wp-block-list\"><\/ul>\n\n\n\n<ul class=\"wp-block-list\">\n<li><a href=\"https:\/\/ent2d.ac-bordeaux.fr\/disciplines\/mathematiques\/guide-la-resolution-de-problemes-au-college\/\"><strong>La r\u00e9solution de probl\u00e8mes au coll\u00e8ge<\/strong><\/a> (d\u00e9cembre 2021)<\/li>\n\n\n\n<li><a href=\"http:\/\/eduscol.education.fr\/cid101461\/ressources-maths-cycle.html\">Ressources d\u2019accompagnement du programme de math\u00e9matiques (cycle 3)<\/a><\/li>\n\n\n\n<li><a href=\"http:\/\/eduscol.education.fr\/cid103803\/evaluer-la-maitrise-du-socle-commun-du-cycle-2-au-cycle-4.htm\" target=\"_blank\" rel=\"noreferrer noopener\">\u00c9valuation du socle commun: documents d&#8217;accompagnement (et descripteurs du niveau 3 de l&#8217;\u00e9chelle)<\/a><\/li>\n\n\n\n<li><a href=\"https:\/\/eduscol.education.fr\/cid142279\/evaluations-de-6eme-2019-2020.html\">\u00c9valuations de d\u00e9but de 6\u00e8me: des outils pour les professeurs<\/a><\/li>\n<\/ul>\n","protected":false},"excerpt":{"rendered":"<p>\ufeff<\/p>\n","protected":false},"author":35,"featured_media":0,"parent":7987,"menu_order":0,"comment_status":"closed","ping_status":"closed","template":"","meta":{"_bbp_topic_count":0,"_bbp_reply_count":0,"_bbp_total_topic_count":0,"_bbp_total_reply_count":0,"_bbp_voice_count":0,"_bbp_anonymous_reply_count":0,"_bbp_topic_count_hidden":0,"_bbp_reply_count_hidden":0,"_bbp_forum_subforum_count":0,"footnotes":""},"class_list":["post-8063","page","type-page","status-publish","hentry","nodate","item-wrap"],"_links":{"self":[{"href":"https:\/\/ent2d.ac-bordeaux.fr\/disciplines\/mathematiques\/wp-json\/wp\/v2\/pages\/8063","targetHints":{"allow":["GET"]}}],"collection":[{"href":"https:\/\/ent2d.ac-bordeaux.fr\/disciplines\/mathematiques\/wp-json\/wp\/v2\/pages"}],"about":[{"href":"https:\/\/ent2d.ac-bordeaux.fr\/disciplines\/mathematiques\/wp-json\/wp\/v2\/types\/page"}],"author":[{"embeddable":true,"href":"https:\/\/ent2d.ac-bordeaux.fr\/disciplines\/mathematiques\/wp-json\/wp\/v2\/users\/35"}],"replies":[{"embeddable":true,"href":"https:\/\/ent2d.ac-bordeaux.fr\/disciplines\/mathematiques\/wp-json\/wp\/v2\/comments?post=8063"}],"version-history":[{"count":13,"href":"https:\/\/ent2d.ac-bordeaux.fr\/disciplines\/mathematiques\/wp-json\/wp\/v2\/pages\/8063\/revisions"}],"predecessor-version":[{"id":11043,"href":"https:\/\/ent2d.ac-bordeaux.fr\/disciplines\/mathematiques\/wp-json\/wp\/v2\/pages\/8063\/revisions\/11043"}],"up":[{"embeddable":true,"href":"https:\/\/ent2d.ac-bordeaux.fr\/disciplines\/mathematiques\/wp-json\/wp\/v2\/pages\/7987"}],"wp:attachment":[{"href":"https:\/\/ent2d.ac-bordeaux.fr\/disciplines\/mathematiques\/wp-json\/wp\/v2\/media?parent=8063"}],"curies":[{"name":"wp","href":"https:\/\/api.w.org\/{rel}","templated":true}]}}