{"id":4748,"date":"2019-09-06T18:37:07","date_gmt":"2019-09-06T17:37:07","guid":{"rendered":"https:\/\/ent2d.ac-bordeaux.fr\/disciplines\/mathematiques\/?page_id=4748"},"modified":"2019-10-07T17:53:42","modified_gmt":"2019-10-07T16:53:42","slug":"concours-certifications","status":"publish","type":"page","link":"https:\/\/ent2d.ac-bordeaux.fr\/disciplines\/mathematiques\/formation-des-enseignants\/concours-certifications\/","title":{"rendered":"Concours d&#8217;enseignement et d&#8217;encadrement, certifications"},"content":{"rendered":"<p>Les concours pour devenir enseignant de math\u00e9matiques sont le CAPES (Certificat d&#8217;Aptitude au Professorat de l&#8217;Enseignement du Second degr\u00e9) et l&#8217;agr\u00e9gation. Le site <a href=\"http:\/\/www.devenirenseignant.gouv.fr\/\">DevenirEnseignant.gouv.fr<\/a> propose des pr\u00e9sentations d\u00e9taill\u00e9es (conditions d&#8217;acc\u00e8s, fonctionnement,&#8230;) de ces concours :<\/p>\n<ul>\n<li><a href=\"http:\/\/www.devenirenseignant.gouv.fr\/pid33985\/enseigner-college-lycee-general-capes.html\">CAPES (concours externe, interne ou r\u00e9serv\u00e9)<\/a><\/li>\n<li><a href=\"http:\/\/www.devenirenseignant.gouv.fr\/pid33987\/enseigner-dans-les-classes-preparatoires-agregation.html\">Agr\u00e9gation (interne\/externe)<\/a><\/li>\n<\/ul>\n<p>Les sites officiels des concours apportent aux candidats des informations pratiques sur le d\u00e9roulement de ces concours mais aussi des conseils de pr\u00e9paration. Il est vivement recommand\u00e9 de lire attentivement les rapports du jury des ann\u00e9es pr\u00e9c\u00e9dentes. Voici ces sites officiels:<\/p>\n<ul>\n<li><a href=\"http:\/\/capes-math.org\/\">Capes externe de math\u00e9matiques<\/a><\/li>\n<li><a href=\"http:\/\/interne.capes-math.org\/\">Capes interne \/ CAERPC de math\u00e9matiques<\/a><\/li>\n<li><a href=\"https:\/\/agreg.org\/\">Agr\u00e9gation externe de math\u00e9matiques<\/a><\/li>\n<li><a href=\"https:\/\/interne.agreg.org\/\">Agr\u00e9gation interne de math\u00e9matiques<\/a><\/li>\n<\/ul>\n<p>Les enseignants titulaires peuvent \u00e9galement passer la certification compl\u00e9mentaire pour enseigner en langue \u00e9trang\u00e8re ou r\u00e9gionale (pour une DNL), le CAFFA (certificat d&#8217;aptitude aux fonctions de formateur acad\u00e9mique) ou des concours des personnels d&#8217;encadrement.<\/p>\n<ul>\n<li><a href=\"http:\/\/www.devenirenseignant.gouv.fr\/pid33987\/enseigner-dans-les-classes-preparatoires-agregation.html\">CAFFA (certificat d&#8217;aptitude aux fonctions de formateur acad\u00e9mique)<\/a><\/li>\n<li><a href=\"http:\/\/www.ac-bordeaux.fr\/cid79743\/certification-complementaire.html\">Certification compl\u00e9mentaire en langue \u00e9trang\u00e8re ou r\u00e9gionale<\/a> (voir aussi le <a href=\"https:\/\/ent2d.ac-bordeaux.fr\/disciplines\/mathematiques\/wp-content\/uploads\/sites\/3\/2017\/04\/IGEN-Maths-en-langues-sans-annexes.pdf\">document r\u00e9dig\u00e9 par l\u2019IGEN sur l\u2019enseignement des math\u00e9matiques en langue \u00e9trang\u00e8re<\/a>)<\/li>\n<li><a href=\"http:\/\/www.education.gouv.fr\/cid5349\/concours-des-personnels-d-encadrement.html\">Concours des personnels d&#8217;encadrement<\/a><\/li>\n<\/ul>\n","protected":false},"excerpt":{"rendered":"<p>Les concours pour devenir enseignant de math\u00e9matiques sont le CAPES (Certificat d&#8217;Aptitude au Professorat de l&#8217;Enseignement du Second degr\u00e9) et l&#8217;agr\u00e9gation. Le site DevenirEnseignant.gouv.fr propose des pr\u00e9sentations d\u00e9taill\u00e9es (conditions d&#8217;acc\u00e8s, fonctionnement,&#8230;) de ces concours : CAPES (concours externe, interne ou r\u00e9serv\u00e9) Agr\u00e9gation (interne\/externe) Les sites officiels des concours apportent aux candidats des informations pratiques sur &hellip; <\/p>\n<p><a class=\"more-link btn\" href=\"https:\/\/ent2d.ac-bordeaux.fr\/disciplines\/mathematiques\/formation-des-enseignants\/concours-certifications\/\">Lire la suite<\/a><\/p>\n","protected":false},"author":5,"featured_media":0,"parent":1220,"menu_order":0,"comment_status":"closed","ping_status":"closed","template":"","meta":{"_bbp_topic_count":0,"_bbp_reply_count":0,"_bbp_total_topic_count":0,"_bbp_total_reply_count":0,"_bbp_voice_count":0,"_bbp_anonymous_reply_count":0,"_bbp_topic_count_hidden":0,"_bbp_reply_count_hidden":0,"_bbp_forum_subforum_count":0,"footnotes":""},"class_list":["post-4748","page","type-page","status-publish","hentry","nodate","item-wrap"],"_links":{"self":[{"href":"https:\/\/ent2d.ac-bordeaux.fr\/disciplines\/mathematiques\/wp-json\/wp\/v2\/pages\/4748","targetHints":{"allow":["GET"]}}],"collection":[{"href":"https:\/\/ent2d.ac-bordeaux.fr\/disciplines\/mathematiques\/wp-json\/wp\/v2\/pages"}],"about":[{"href":"https:\/\/ent2d.ac-bordeaux.fr\/disciplines\/mathematiques\/wp-json\/wp\/v2\/types\/page"}],"author":[{"embeddable":true,"href":"https:\/\/ent2d.ac-bordeaux.fr\/disciplines\/mathematiques\/wp-json\/wp\/v2\/users\/5"}],"replies":[{"embeddable":true,"href":"https:\/\/ent2d.ac-bordeaux.fr\/disciplines\/mathematiques\/wp-json\/wp\/v2\/comments?post=4748"}],"version-history":[{"count":6,"href":"https:\/\/ent2d.ac-bordeaux.fr\/disciplines\/mathematiques\/wp-json\/wp\/v2\/pages\/4748\/revisions"}],"predecessor-version":[{"id":11134,"href":"https:\/\/ent2d.ac-bordeaux.fr\/disciplines\/mathematiques\/wp-json\/wp\/v2\/pages\/4748\/revisions\/11134"}],"up":[{"embeddable":true,"href":"https:\/\/ent2d.ac-bordeaux.fr\/disciplines\/mathematiques\/wp-json\/wp\/v2\/pages\/1220"}],"wp:attachment":[{"href":"https:\/\/ent2d.ac-bordeaux.fr\/disciplines\/mathematiques\/wp-json\/wp\/v2\/media?parent=4748"}],"curies":[{"name":"wp","href":"https:\/\/api.w.org\/{rel}","templated":true}]}}