{"id":7326,"date":"2022-10-30T10:08:55","date_gmt":"2022-10-30T09:08:55","guid":{"rendered":"https:\/\/ent2d.ac-bordeaux.fr\/disciplines\/matematikak-euskaraz\/?page_id=7326"},"modified":"2024-01-05T17:34:43","modified_gmt":"2024-01-05T16:34:43","slug":"horri-buruz","status":"publish","type":"page","link":"https:\/\/ent2d.ac-bordeaux.fr\/disciplines\/matematikak-euskaraz\/horri-buruz\/","title":{"rendered":"Aurkezpena"},"content":{"rendered":"<p style=\"text-align: right\"><a id=\"gora\" name=\"gora\"><\/a><a href=\"#FR\"><strong>Version fran\u00e7aise<\/strong> de cette pr\u00e9sentation<\/a><\/p>\n<h1><\/h1>\n<p>Webgune honen helburua euskarazko Matematika baliabideak elkartzea da. <a href=\"https:\/\/ent2d.ac-bordeaux.fr\/disciplines\/mathematiques\/mathematiques-en-basque\/\" target=\"_blank\" rel=\"noopener\">Akademiako Matematikako webgunearen orria<\/a>ren luzatzea eta garapena da.<\/p>\n<p>Akademian Euskaraz erakasten duten Matematika erakasle guzien lanek mamia ematen diote, bakoitzak bere aldetik dokumentu ainitz itzultzen edo sortzen dituelako.<br \/>\nElkarlan hori ez da eredutzat hartua izan behar. Helburua egindakoa partekatzea da, edo berriz erabiltzeko, ustiatzeko norberak bere gustura, edota egokitzeko, eta batez ere denbora irabazteko.<\/p>\n<table style=\"height: 151px\" width=\"520\">\n<tbody>\n<tr>\n<td>\n<h4><strong>Webgune honen<br \/>\ngai nagusiak dira:<br \/>\n<\/strong><\/h4>\n<\/td>\n<td>\n<ul>\n<li><strong>matematiken asteetan <\/strong>euskaraz egina den lana,<\/li>\n<li><strong>mintegien<\/strong> programak, mintzaldien aurkezpenak eta erabiliak ziren dokumentuak,<\/li>\n<\/ul>\n<\/td>\n<\/tr>\n<tr>\n<td>\n<h4>baita lotura<br \/>\nbatzuk dira ere:<\/h4>\n<\/td>\n<td>\n<ul>\n<li><strong>lexikoa eta hiztegi<\/strong>ri buruz,<\/li>\n<li><strong>IKAS<\/strong> elkartearen buruz<\/li>\n<\/ul>\n<\/td>\n<\/tr>\n<\/tbody>\n<\/table>\n<p>Izan ere, besteak beste, atzeman daitezke Ikas elkarteak argitaratzen dituen kolegioko lau mailetako Transmath ariketa kaierei buruzko loturak eta bereziki eskura emanen den lexikoari dagokionez.<\/p>\n<p style=\"text-align: right\"><a id=\"FR\" name=\"FR\"><\/a><a href=\"#gora\"><strong>Gora<\/strong> : aurkezpena euskaraz<\/a><\/p>\n<h1><span style=\"color: #3c7d1f\">Pr\u00e9sentation<\/span><\/h1>\n<h1><\/h1>\n<p>L\u2019objectif de ce site est de regrouper les ressources math\u00e9matiques produites en langue basque. C&rsquo;est le prolongement et le d\u00e9veloppement de la page <a href=\"https:\/\/ent2d.ac-bordeaux.fr\/disciplines\/mathematiques\/mathematiques-en-basque\/\" target=\"_blank\" rel=\"noopener\">\u00ab\u00a0En basque\u00a0\u00bb du site des Math\u00e9matiques de l&rsquo;acad\u00e9mie<\/a>.<\/p>\n<p>Il est aliment\u00e9e par le travail de l\u2019ensemble des professeurs de math\u00e9matiques de l\u2019acad\u00e9mie enseignant en langue basque, qui chacun de leur c\u00f4t\u00e9 traduisent ou cr\u00e9ent un grand nombre de documents.<br \/>\nCe travail collaboratif n\u2019a cependant aucune vocation \u00e0 \u00eatre pris pour mod\u00e8le. L\u2019id\u00e9e est de partager ce qui est fait afin de le r\u00e9utiliser, de s\u2019en inspirer, et de gagner un temps pr\u00e9cieux.<\/p>\n<table style=\"height: 151px\" width=\"520\">\n<tbody>\n<tr>\n<td>\n<h4><strong>Les principaux th\u00e8mes<br \/>\n<\/strong><strong>abord\u00e9s ici sont :<\/strong><\/h4>\n<\/td>\n<td>\n<ul>\n<li>le travail fait en basque pendant <strong>les semaines des math\u00e9matiques ,<\/strong><\/li>\n<li>le programme et les documents utilis\u00e9s <strong>lors des s\u00e9minaires \u00ab\u00a0Enseigner les math\u00e9matiques en basque\u00a0\u00bb<\/strong>,<\/li>\n<\/ul>\n<\/td>\n<\/tr>\n<tr>\n<td>\n<h4><strong>auxquels s&rsquo;ajoutent quelques liens : <\/strong><\/h4>\n<\/td>\n<td>\n<ul>\n<li>vers <strong>des dictionnaires<\/strong>, <strong>un lexique, des outils linguistiques et des sites \u00ab\u00a0traducteurs\u00a0\u00bb,<br \/>\n<\/strong><\/li>\n<li>vers l&rsquo;association <strong>IKAS<\/strong>.<\/li>\n<\/ul>\n<\/td>\n<\/tr>\n<\/tbody>\n<\/table>\n<p>On y trouve, en effet, entre autres choses, des liens vers le site de l\u2019association Ikas qui publie, par exemple, les cahiers d\u2019exercices Transmath des quatre niveaux du coll\u00e8ge traduits en Basque et plus particuli\u00e8rement vers le lexique qui est y mis \u00e0 disposition.<\/p>\n","protected":false},"excerpt":{"rendered":"<p>Version fran\u00e7aise de cette pr\u00e9sentation Webgune honen helburua euskarazko Matematika baliabideak elkartzea da. Akademiako Matematikako webgunearen orriaren luzatzea eta garapena da. Akademian Euskaraz erakasten duten Matematika erakasle guzien lanek mamia ematen diote, bakoitzak bere aldetik dokumentu ainitz itzultzen edo sortzen dituelako. Elkarlan hori ez da eredutzat hartua izan behar. Helburua egindakoa partekatzea da, edo berriz &hellip; <\/p>\n<p><a class=\"more-link btn\" href=\"https:\/\/ent2d.ac-bordeaux.fr\/disciplines\/matematikak-euskaraz\/horri-buruz\/\">Lire la suite<\/a><\/p>\n","protected":false},"author":637,"featured_media":0,"parent":0,"menu_order":0,"comment_status":"closed","ping_status":"closed","template":"","meta":{"footnotes":""},"class_list":["post-7326","page","type-page","status-publish","hentry","nodate","item-wrap"],"_links":{"self":[{"href":"https:\/\/ent2d.ac-bordeaux.fr\/disciplines\/matematikak-euskaraz\/wp-json\/wp\/v2\/pages\/7326","targetHints":{"allow":["GET"]}}],"collection":[{"href":"https:\/\/ent2d.ac-bordeaux.fr\/disciplines\/matematikak-euskaraz\/wp-json\/wp\/v2\/pages"}],"about":[{"href":"https:\/\/ent2d.ac-bordeaux.fr\/disciplines\/matematikak-euskaraz\/wp-json\/wp\/v2\/types\/page"}],"author":[{"embeddable":true,"href":"https:\/\/ent2d.ac-bordeaux.fr\/disciplines\/matematikak-euskaraz\/wp-json\/wp\/v2\/users\/637"}],"replies":[{"embeddable":true,"href":"https:\/\/ent2d.ac-bordeaux.fr\/disciplines\/matematikak-euskaraz\/wp-json\/wp\/v2\/comments?post=7326"}],"version-history":[{"count":38,"href":"https:\/\/ent2d.ac-bordeaux.fr\/disciplines\/matematikak-euskaraz\/wp-json\/wp\/v2\/pages\/7326\/revisions"}],"predecessor-version":[{"id":8562,"href":"https:\/\/ent2d.ac-bordeaux.fr\/disciplines\/matematikak-euskaraz\/wp-json\/wp\/v2\/pages\/7326\/revisions\/8562"}],"wp:attachment":[{"href":"https:\/\/ent2d.ac-bordeaux.fr\/disciplines\/matematikak-euskaraz\/wp-json\/wp\/v2\/media?parent=7326"}],"curies":[{"name":"wp","href":"https:\/\/api.w.org\/{rel}","templated":true}]}}