{"id":444,"date":"2020-05-21T09:50:57","date_gmt":"2020-05-21T07:50:57","guid":{"rendered":"https:\/\/ent2d.ac-bordeaux.fr\/disciplines\/maintenance\/?page_id=444"},"modified":"2020-05-21T09:50:58","modified_gmt":"2020-05-21T07:50:58","slug":"napo-dans-attention-maintenance","status":"publish","type":"page","link":"https:\/\/ent2d.ac-bordeaux.fr\/disciplines\/maintenance\/prevention-securite\/napo-dans-attention-maintenance\/","title":{"rendered":"Napo dans&#8230; Attention maintenance !"},"content":{"rendered":"\n<figure class=\"wp-block-embed-youtube wp-block-embed is-type-video is-provider-youtube wp-embed-aspect-16-9 wp-has-aspect-ratio\"><div class=\"wp-block-embed__wrapper\">\n<iframe loading=\"lazy\" title=\"Napo dans... Attention maintenance !\" width=\"500\" height=\"281\" src=\"https:\/\/www.youtube.com\/embed\/NCLjm8K-Xrk?feature=oembed\" frameborder=\"0\" allow=\"accelerometer; autoplay; clipboard-write; encrypted-media; gyroscope; picture-in-picture; web-share\" referrerpolicy=\"strict-origin-when-cross-origin\" allowfullscreen><\/iframe>\n<\/div><\/figure>\n\n\n\n<p>L\u2019absence\n de normes de maintenance ad\u00e9quates constitue une des principales causes\n des accidents et maladies professionnelles. De nombreux accidents se \nproduisent au cours des travaux de maintenance, par manque de \nmaintenance ou encore en raison de la mauvaise qualit\u00e9 de la \nmaintenance.<\/p>\n\n\n\n<p>Ce film montre Napo dans diverses situations : parfois, il est charg\u00e9\n de la maintenance, d\u2019autres fois, il est un employ\u00e9. Il pr\u00e9sente \nl\u2019importance d\u2019isoler ou de \u00abtout couper\u00bb pendant les travaux de \nmaintenance sur une machine, les probl\u00e8mes des \u00abrisques cach\u00e9s\u00bb ou des \ntravaux men\u00e9s dans des espaces r\u00e9duits, ainsi que l\u2019importance de faire \nappel \u00e0 des personnes comp\u00e9tentes pour r\u00e9aliser les travaux de \nmaintenance, en particulier lors des inspections et des essais.<\/p>\n","protected":false},"excerpt":{"rendered":"<p>L\u2019absence de normes de maintenance ad\u00e9quates constitue une des principales causes des accidents et maladies professionnelles. De nombreux accidents se produisent au cours des travaux de maintenance, par manque de maintenance ou encore en raison de la mauvaise qualit\u00e9 de la maintenance. Ce film montre Napo dans diverses situations : parfois, il est charg\u00e9 de &hellip; <\/p>\n<p><a class=\"more-link block-button\" href=\"https:\/\/ent2d.ac-bordeaux.fr\/disciplines\/maintenance\/prevention-securite\/napo-dans-attention-maintenance\/\">Lire la Suite &raquo;<\/a><\/p>\n","protected":false},"author":95,"featured_media":0,"parent":29,"menu_order":0,"comment_status":"closed","ping_status":"closed","template":"","meta":{"footnotes":""},"class_list":["post-444","page","type-page","status-publish","hentry","nodate"],"_links":{"self":[{"href":"https:\/\/ent2d.ac-bordeaux.fr\/disciplines\/maintenance\/wp-json\/wp\/v2\/pages\/444","targetHints":{"allow":["GET"]}}],"collection":[{"href":"https:\/\/ent2d.ac-bordeaux.fr\/disciplines\/maintenance\/wp-json\/wp\/v2\/pages"}],"about":[{"href":"https:\/\/ent2d.ac-bordeaux.fr\/disciplines\/maintenance\/wp-json\/wp\/v2\/types\/page"}],"author":[{"embeddable":true,"href":"https:\/\/ent2d.ac-bordeaux.fr\/disciplines\/maintenance\/wp-json\/wp\/v2\/users\/95"}],"replies":[{"embeddable":true,"href":"https:\/\/ent2d.ac-bordeaux.fr\/disciplines\/maintenance\/wp-json\/wp\/v2\/comments?post=444"}],"version-history":[{"count":1,"href":"https:\/\/ent2d.ac-bordeaux.fr\/disciplines\/maintenance\/wp-json\/wp\/v2\/pages\/444\/revisions"}],"predecessor-version":[{"id":445,"href":"https:\/\/ent2d.ac-bordeaux.fr\/disciplines\/maintenance\/wp-json\/wp\/v2\/pages\/444\/revisions\/445"}],"up":[{"embeddable":true,"href":"https:\/\/ent2d.ac-bordeaux.fr\/disciplines\/maintenance\/wp-json\/wp\/v2\/pages\/29"}],"wp:attachment":[{"href":"https:\/\/ent2d.ac-bordeaux.fr\/disciplines\/maintenance\/wp-json\/wp\/v2\/media?parent=444"}],"curies":[{"name":"wp","href":"https:\/\/api.w.org\/{rel}","templated":true}]}}