{"id":718,"date":"2020-04-08T13:01:54","date_gmt":"2020-04-08T11:01:54","guid":{"rendered":"https:\/\/ent2d.ac-bordeaux.fr\/disciplines\/logistique-transport\/?page_id=718"},"modified":"2022-11-30T22:05:15","modified_gmt":"2022-11-30T21:05:15","slug":"environnement","status":"publish","type":"page","link":"https:\/\/ent2d.ac-bordeaux.fr\/disciplines\/logistique-transport\/environnement\/","title":{"rendered":"Environnement"},"content":{"rendered":"<table style=\"width: 672.1875px\">\n<tbody>\n<tr style=\"height: 193px\">\n<td style=\"width: 412px;height: 193px\">\n<p style=\"text-align: center\"><strong><img loading=\"lazy\" decoding=\"async\" class=\"wp-image-1482 aligncenter\" src=\"https:\/\/ent2d.ac-bordeaux.fr\/disciplines\/logistique-transport\/wp-content\/uploads\/sites\/58\/2022\/11\/Logo-Gouvernement.png\" alt=\"\" width=\"167\" height=\"94\" srcset=\"https:\/\/ent2d.ac-bordeaux.fr\/disciplines\/logistique-transport\/wp-content\/uploads\/sites\/58\/2022\/11\/Logo-Gouvernement.png 544w, https:\/\/ent2d.ac-bordeaux.fr\/disciplines\/logistique-transport\/wp-content\/uploads\/sites\/58\/2022\/11\/Logo-Gouvernement-300x169.png 300w\" sizes=\"auto, (max-width: 167px) 100vw, 167px\" \/>Minist\u00e8re de la Transition \u00e9cologique et solidaire<\/strong><\/p>\n<\/td>\n<td style=\"width: 252.1875px;height: 193px;text-align: center;vertical-align: middle\"><a href=\"https:\/\/www.ecologique-solidaire.gouv.fr\" target=\"_blank\" rel=\"noopener noreferrer\">Site internet<\/a><\/td>\n<\/tr>\n<tr style=\"height: 364px\">\n<td style=\"width: 412px;height: 364px\">\n<h1 class=\"single-title entry-title\"><span style=\"font-size: 18pt\">Les enjeux RSE<br \/>\ndans le secteur de la livraison<\/span><\/h1>\n<p>DPD 05.10.2021<\/p>\n<p><span style=\"font-size: 10pt\">Les questions environnementales sont au c\u0153ur des pr\u00e9occupations des entreprises et des consommateurs. Selon l\u2019\u00e9tude r\u00e9alis\u00e9e par DPDgroup aupr\u00e8s des\u00a0 e-acheteurs europ\u00e9ens, <strong>70 % de ces e-acheteurs r\u00e9guliers consid\u00e8rent que les marques et entreprises doivent \u00eatre responsables sur le plan environnemental.<br \/>\n<\/strong><\/span><span style=\"font-size: 10pt\"><strong>&#8230;\u00a0<\/strong><\/span><\/td>\n<td style=\"width: 252.1875px;height: 364px;text-align: center;vertical-align: middle\"><a href=\"https:\/\/www.ecommerce-nation.fr\/enjeux-rse-secteur-livraison\/\" target=\"_blank\" rel=\"noopener\">ICI<\/a><\/td>\n<\/tr>\n<\/tbody>\n<\/table>\n","protected":false},"excerpt":{"rendered":"<p>Minist\u00e8re de la Transition \u00e9cologique et solidaire Site internet Les enjeux RSE dans le secteur de la livraison DPD 05.10.2021 Les questions environnementales sont au c\u0153ur des pr\u00e9occupations des entreprises et des consommateurs. Selon l\u2019\u00e9tude r\u00e9alis\u00e9e par DPDgroup aupr\u00e8s des\u00a0 e-acheteurs europ\u00e9ens, 70 % de ces e-acheteurs r\u00e9guliers consid\u00e8rent que les marques et entreprises doivent &hellip; <\/p>\n<p><a class=\"more-link btn\" href=\"https:\/\/ent2d.ac-bordeaux.fr\/disciplines\/logistique-transport\/environnement\/\">Lire la suite<\/a><\/p>\n","protected":false},"author":1078,"featured_media":0,"parent":0,"menu_order":0,"comment_status":"closed","ping_status":"closed","template":"","meta":{"_bbp_topic_count":0,"_bbp_reply_count":0,"_bbp_total_topic_count":0,"_bbp_total_reply_count":0,"_bbp_voice_count":0,"_bbp_anonymous_reply_count":0,"_bbp_topic_count_hidden":0,"_bbp_reply_count_hidden":0,"_bbp_forum_subforum_count":0,"footnotes":""},"class_list":["post-718","page","type-page","status-publish","hentry","nodate","item-wrap"],"_links":{"self":[{"href":"https:\/\/ent2d.ac-bordeaux.fr\/disciplines\/logistique-transport\/wp-json\/wp\/v2\/pages\/718","targetHints":{"allow":["GET"]}}],"collection":[{"href":"https:\/\/ent2d.ac-bordeaux.fr\/disciplines\/logistique-transport\/wp-json\/wp\/v2\/pages"}],"about":[{"href":"https:\/\/ent2d.ac-bordeaux.fr\/disciplines\/logistique-transport\/wp-json\/wp\/v2\/types\/page"}],"author":[{"embeddable":true,"href":"https:\/\/ent2d.ac-bordeaux.fr\/disciplines\/logistique-transport\/wp-json\/wp\/v2\/users\/1078"}],"replies":[{"embeddable":true,"href":"https:\/\/ent2d.ac-bordeaux.fr\/disciplines\/logistique-transport\/wp-json\/wp\/v2\/comments?post=718"}],"version-history":[{"count":6,"href":"https:\/\/ent2d.ac-bordeaux.fr\/disciplines\/logistique-transport\/wp-json\/wp\/v2\/pages\/718\/revisions"}],"predecessor-version":[{"id":1483,"href":"https:\/\/ent2d.ac-bordeaux.fr\/disciplines\/logistique-transport\/wp-json\/wp\/v2\/pages\/718\/revisions\/1483"}],"wp:attachment":[{"href":"https:\/\/ent2d.ac-bordeaux.fr\/disciplines\/logistique-transport\/wp-json\/wp\/v2\/media?parent=718"}],"curies":[{"name":"wp","href":"https:\/\/api.w.org\/{rel}","templated":true}]}}

<table style="width: 672.1875px">
<tbody>
<tr style="height: 193px">
<td style="width: 412px;height: 193px">
<p style="text-align: center"><strong><img loading="lazy" decoding="async" class="wp-image-1482 aligncenter" src="https://ent2d.ac-bordeaux.fr/disciplines/logistique-transport/wp-content/uploads/sites/58/2022/11/Logo-Gouvernement.png" alt="" width="167" height="94" srcset="https://ent2d.ac-bordeaux.fr/disciplines/logistique-transport/wp-content/uploads/sites/58/2022/11/Logo-Gouvernement.png 544w, https://ent2d.ac-bordeaux.fr/disciplines/logistique-transport/wp-content/uploads/sites/58/2022/11/Logo-Gouvernement-300x169.png 300w" sizes="auto, (max-width: 167px) 100vw, 167px" />Ministère de la Transition écologique et solidaire</strong></p>
</td>
<td style="width: 252.1875px;height: 193px;text-align: center;vertical-align: middle"><a href="https://www.ecologique-solidaire.gouv.fr" target="_blank" rel="noopener noreferrer">Site internet</a></td>
</tr>
<tr style="height: 364px">
<td style="width: 412px;height: 364px">
<h1 class="single-title entry-title"><span style="font-size: 18pt">Les enjeux RSE<br />
dans le secteur de la livraison</span></h1>
<p>DPD 05.10.2021</p>
<p><span style="font-size: 10pt">Les questions environnementales sont au cœur des préoccupations des entreprises et des consommateurs. Selon l’étude réalisée par DPDgroup auprès des  e-acheteurs européens, <strong>70 % de ces e-acheteurs réguliers considèrent que les marques et entreprises doivent être responsables sur le plan environnemental.<br />
</strong></span><span style="font-size: 10pt"><strong>&#8230; </strong></span></td>
<td style="width: 252.1875px;height: 364px;text-align: center;vertical-align: middle"><a href="https://www.ecommerce-nation.fr/enjeux-rse-secteur-livraison/" target="_blank" rel="noopener">ICI</a></td>
</tr>
</tbody>
</table>

<p>Ministère de la Transition écologique et solidaire Site internet Les enjeux RSE dans le secteur de la livraison DPD 05.10.2021 Les questions environnementales sont au cœur des préoccupations des entreprises et des consommateurs. Selon l’étude réalisée par DPDgroup auprès des  e-acheteurs européens, 70 % de ces e-acheteurs réguliers considèrent que les marques et entreprises doivent &hellip; </p>
<p><a class="more-link btn" href="https://ent2d.ac-bordeaux.fr/disciplines/logistique-transport/environnement/">Lire la suite</a></p>
