{"id":713,"date":"2020-04-08T12:47:34","date_gmt":"2020-04-08T10:47:34","guid":{"rendered":"https:\/\/ent2d.ac-bordeaux.fr\/disciplines\/logistique-transport\/?page_id=713"},"modified":"2020-04-29T18:56:28","modified_gmt":"2020-04-29T16:56:28","slug":"sante","status":"publish","type":"page","link":"https:\/\/ent2d.ac-bordeaux.fr\/disciplines\/logistique-transport\/sante\/","title":{"rendered":"Sant\u00e9"},"content":{"rendered":"<p style=\"text-align: left\"><span style=\"color: #000000;font-size: 18pt\"><strong>CACES<\/strong><\/span><\/p>\n<table style=\"width: 561px\">\n<tbody>\n<tr>\n<td style=\"width: 426.533px\">&#8211; Livre blanc r\u00e9novation<\/td>\n<td style=\"width: 127.467px;text-align: center\"><a href=\"https:\/\/ent2d.ac-bordeaux.fr\/disciplines\/logistique-transport\/wp-content\/uploads\/sites\/58\/2020\/04\/LIVRE-BLANC-CACES.pdf\">T\u00e9l\u00e9charger<\/a><\/td>\n<\/tr>\n<tr>\n<td style=\"width: 426.533px\">\n<p>&#8211; JORF n\u00b00104 du 29 avril 2020 <br \/>texte n\u00b0 21 <\/p>\n<p>Arr\u00eat\u00e9 du 20 avril 2020 portant modification des arr\u00eat\u00e9s de cr\u00e9ation des dipl\u00f4mes professionnels relevant des dispositions du code du travail relatives \u00e0 la conduite de chariots de manutention automoteurs \u00e0 conducteur port\u00e9<\/p>\n<\/td>\n<td style=\"width: 127.467px;text-align: center\"><a href=\"https:\/\/www.legifrance.gouv.fr\/affichTexte.do?cidTexte=JORFTEXT000041828982&amp;categorieLien=id\" target=\"_blank\" rel=\"noopener noreferrer\">Site internet<\/a><\/td>\n<\/tr>\n<tr>\n<td style=\"width: 426.533px\">\u00a0<\/td>\n<td style=\"width: 127.467px\">\u00a0<\/td>\n<\/tr>\n<\/tbody>\n<\/table>\n<p><strong><span style=\"font-size: 18pt\">CARSAT<\/span><\/strong><\/p>\n<table style=\"width: 558.967px\">\n<tbody>\n<tr>\n<td style=\"width: 422px\"><a href=\"https:\/\/ent2d.ac-bordeaux.fr\/disciplines\/logistique-transport\/wp-content\/uploads\/sites\/58\/2020\/04\/carsat_logo.jpg\"><img loading=\"lazy\" decoding=\"async\" class=\"alignnone wp-image-730 size-full\" src=\"https:\/\/ent2d.ac-bordeaux.fr\/disciplines\/logistique-transport\/wp-content\/uploads\/sites\/58\/2020\/04\/carsat_logo.jpg\" alt=\"\" width=\"243\" height=\"82\" \/><\/a><\/td>\n<td style=\"width: 128.967px;text-align: center\"><a href=\"https:\/\/www.carsat-aquitaine.fr\/\" target=\"_blank\" rel=\"noopener noreferrer\">Site internet<\/a><\/td>\n<\/tr>\n<\/tbody>\n<\/table>\n<p><span style=\"font-size: 18pt\"><strong>INRS<\/strong><\/span><\/p>\n<table style=\"width: 561.033px\">\n<tbody>\n<tr>\n<td style=\"width: 428px\"><a href=\"https:\/\/ent2d.ac-bordeaux.fr\/disciplines\/logistique-transport\/wp-content\/uploads\/sites\/58\/2020\/04\/logo-INRS.png\"><img loading=\"lazy\" decoding=\"async\" class=\"alignnone size-full wp-image-733\" src=\"https:\/\/ent2d.ac-bordeaux.fr\/disciplines\/logistique-transport\/wp-content\/uploads\/sites\/58\/2020\/04\/logo-INRS.png\" alt=\"\" width=\"187\" height=\"65\" \/><\/a><\/td>\n<td style=\"width: 124.033px;text-align: center\"><a href=\"http:\/\/www.inrs.fr\" target=\"_blank\" rel=\"noopener noreferrer\">Site internet<\/a><\/td>\n<\/tr>\n<\/tbody>\n<\/table>\n<p>\u00a0<\/p>\n\n\n<p><\/p>\n","protected":false},"excerpt":{"rendered":"<p>CACES &#8211; Livre blanc r\u00e9novation T\u00e9l\u00e9charger &#8211; JORF n\u00b00104 du 29 avril 2020 texte n\u00b0 21 Arr\u00eat\u00e9 du 20 avril 2020 portant modification des arr\u00eat\u00e9s de cr\u00e9ation des dipl\u00f4mes professionnels relevant des dispositions du code du travail relatives \u00e0 la conduite de chariots de manutention automoteurs \u00e0 conducteur port\u00e9 Site internet \u00a0 \u00a0 CARSAT Site &hellip; <\/p>\n<p><a class=\"more-link btn\" href=\"https:\/\/ent2d.ac-bordeaux.fr\/disciplines\/logistique-transport\/sante\/\">Lire la suite<\/a><\/p>\n","protected":false},"author":1078,"featured_media":0,"parent":0,"menu_order":0,"comment_status":"closed","ping_status":"closed","template":"","meta":{"_bbp_topic_count":0,"_bbp_reply_count":0,"_bbp_total_topic_count":0,"_bbp_total_reply_count":0,"_bbp_voice_count":0,"_bbp_anonymous_reply_count":0,"_bbp_topic_count_hidden":0,"_bbp_reply_count_hidden":0,"_bbp_forum_subforum_count":0,"footnotes":""},"class_list":["post-713","page","type-page","status-publish","hentry","nodate","item-wrap"],"_links":{"self":[{"href":"https:\/\/ent2d.ac-bordeaux.fr\/disciplines\/logistique-transport\/wp-json\/wp\/v2\/pages\/713","targetHints":{"allow":["GET"]}}],"collection":[{"href":"https:\/\/ent2d.ac-bordeaux.fr\/disciplines\/logistique-transport\/wp-json\/wp\/v2\/pages"}],"about":[{"href":"https:\/\/ent2d.ac-bordeaux.fr\/disciplines\/logistique-transport\/wp-json\/wp\/v2\/types\/page"}],"author":[{"embeddable":true,"href":"https:\/\/ent2d.ac-bordeaux.fr\/disciplines\/logistique-transport\/wp-json\/wp\/v2\/users\/1078"}],"replies":[{"embeddable":true,"href":"https:\/\/ent2d.ac-bordeaux.fr\/disciplines\/logistique-transport\/wp-json\/wp\/v2\/comments?post=713"}],"version-history":[{"count":6,"href":"https:\/\/ent2d.ac-bordeaux.fr\/disciplines\/logistique-transport\/wp-json\/wp\/v2\/pages\/713\/revisions"}],"predecessor-version":[{"id":924,"href":"https:\/\/ent2d.ac-bordeaux.fr\/disciplines\/logistique-transport\/wp-json\/wp\/v2\/pages\/713\/revisions\/924"}],"wp:attachment":[{"href":"https:\/\/ent2d.ac-bordeaux.fr\/disciplines\/logistique-transport\/wp-json\/wp\/v2\/media?parent=713"}],"curies":[{"name":"wp","href":"https:\/\/api.w.org\/{rel}","templated":true}]}}