{"id":196,"date":"2018-02-27T23:46:37","date_gmt":"2018-02-27T22:46:37","guid":{"rendered":"https:\/\/ent2d.ac-bordeaux.fr\/disciplines\/logistique-transport\/?page_id=196"},"modified":"2020-04-08T14:55:38","modified_gmt":"2020-04-08T12:55:38","slug":"sante-securite-environnement","status":"publish","type":"page","link":"https:\/\/ent2d.ac-bordeaux.fr\/disciplines\/logistique-transport\/sante-securite-environnement\/","title":{"rendered":"Sant\u00e9 &#8211; S\u00e9curit\u00e9 &#8211; Environnement"},"content":{"rendered":"<ul style=\"list-style-type: disc\">\n<li><a href=\"https:\/\/ent2d.ac-bordeaux.fr\/disciplines\/logistique-transport\/sante\/\" rel=\"noopener noreferrer\">Sant\u00e9<\/a><\/li>\n<\/ul>\n<p>\u00a0\u00a0\u00a0\u00a0\u00a0\u00a0\u00a0\u00a0\u00a0 CACES<\/p>\n<ul>\n<li><a href=\"https:\/\/ent2d.ac-bordeaux.fr\/disciplines\/logistique-transport\/securite\/\" rel=\"noopener noreferrer\">S\u00e9curit\u00e9<\/a><\/li>\n<\/ul>\n<p>\u00a0<\/p>\n<ul>\n<li><a href=\"https:\/\/ent2d.ac-bordeaux.fr\/disciplines\/logistique-transport\/environnement\/\" rel=\"noopener noreferrer\">Environnement<\/a><\/li>\n<\/ul>\n<p>\u00a0\u00a0\u00a0\u00a0\u00a0\u00a0\u00a0\u00a0\u00a0 Minist\u00e8re de la Transition \u00e9cologique et solidaire<\/p>\n\n\n<p><\/p>\n","protected":false},"excerpt":{"rendered":"<p>Sant\u00e9 \u00a0\u00a0\u00a0\u00a0\u00a0\u00a0\u00a0\u00a0\u00a0 CACES S\u00e9curit\u00e9 \u00a0 Environnement \u00a0\u00a0\u00a0\u00a0\u00a0\u00a0\u00a0\u00a0\u00a0 Minist\u00e8re de la Transition \u00e9cologique et solidaire<\/p>\n","protected":false},"author":1078,"featured_media":0,"parent":0,"menu_order":0,"comment_status":"closed","ping_status":"closed","template":"","meta":{"_bbp_topic_count":0,"_bbp_reply_count":0,"_bbp_total_topic_count":0,"_bbp_total_reply_count":0,"_bbp_voice_count":0,"_bbp_anonymous_reply_count":0,"_bbp_topic_count_hidden":0,"_bbp_reply_count_hidden":0,"_bbp_forum_subforum_count":0,"footnotes":""},"class_list":["post-196","page","type-page","status-publish","hentry","nodate","item-wrap"],"_links":{"self":[{"href":"https:\/\/ent2d.ac-bordeaux.fr\/disciplines\/logistique-transport\/wp-json\/wp\/v2\/pages\/196","targetHints":{"allow":["GET"]}}],"collection":[{"href":"https:\/\/ent2d.ac-bordeaux.fr\/disciplines\/logistique-transport\/wp-json\/wp\/v2\/pages"}],"about":[{"href":"https:\/\/ent2d.ac-bordeaux.fr\/disciplines\/logistique-transport\/wp-json\/wp\/v2\/types\/page"}],"author":[{"embeddable":true,"href":"https:\/\/ent2d.ac-bordeaux.fr\/disciplines\/logistique-transport\/wp-json\/wp\/v2\/users\/1078"}],"replies":[{"embeddable":true,"href":"https:\/\/ent2d.ac-bordeaux.fr\/disciplines\/logistique-transport\/wp-json\/wp\/v2\/comments?post=196"}],"version-history":[{"count":7,"href":"https:\/\/ent2d.ac-bordeaux.fr\/disciplines\/logistique-transport\/wp-json\/wp\/v2\/pages\/196\/revisions"}],"predecessor-version":[{"id":756,"href":"https:\/\/ent2d.ac-bordeaux.fr\/disciplines\/logistique-transport\/wp-json\/wp\/v2\/pages\/196\/revisions\/756"}],"wp:attachment":[{"href":"https:\/\/ent2d.ac-bordeaux.fr\/disciplines\/logistique-transport\/wp-json\/wp\/v2\/media?parent=196"}],"curies":[{"name":"wp","href":"https:\/\/api.w.org\/{rel}","templated":true}]}}

Santé &#8211; Sécurité &#8211; Environnement

<ul style="list-style-type: disc">
<li><a href="https://ent2d.ac-bordeaux.fr/disciplines/logistique-transport/sante/" rel="noopener noreferrer">Santé</a></li>
</ul>
<p>          CACES</p>
<ul>
<li><a href="https://ent2d.ac-bordeaux.fr/disciplines/logistique-transport/securite/" rel="noopener noreferrer">Sécurité</a></li>
</ul>
<p> </p>
<ul>
<li><a href="https://ent2d.ac-bordeaux.fr/disciplines/logistique-transport/environnement/" rel="noopener noreferrer">Environnement</a></li>
</ul>
<p>          Ministère de la Transition écologique et solidaire</p>


<p></p>

<p>Santé           CACES Sécurité   Environnement           Ministère de la Transition écologique et solidaire</p>
