{"id":969,"date":"2019-02-09T15:28:44","date_gmt":"2019-02-09T14:28:44","guid":{"rendered":"https:\/\/ent2d.ac-bordeaux.fr\/disciplines\/lithotheque\/?page_id=969"},"modified":"2019-05-08T11:10:32","modified_gmt":"2019-05-08T09:10:32","slug":"33-marina-de-talaris-las-de-lacanau","status":"publish","type":"page","link":"https:\/\/ent2d.ac-bordeaux.fr\/disciplines\/lithotheque\/33-marina-de-talaris-las-de-lacanau\/","title":{"rendered":"33 &#8211; Marina de talaris &#8211; Lac de Lacanau"},"content":{"rendered":"<table style=\"height: 89px\" width=\"100%\">\n<tbody>\n<tr>\n<td style=\"text-align: center\" colspan=\"2\" width=\"241\"><a href=\"http:\/\/umap.openstreetmap.fr\/fr\/map\/lithotheque-33-academie-de-bordeaux_227981#10\/45.0642\/-0.8572\"><span style=\"color: #00ccff\"><strong>Coordonn\u00e9es GPS du parking<\/strong><\/span><\/a><\/td>\n<\/tr>\n<tr>\n<td style=\"text-align: center\" width=\"121\">\u00a0<span style=\"color: #000000\">44.9948<\/span><\/td>\n<td style=\"text-align: center\" width=\"121\"><span style=\"color: #000000\">-1.0919550<\/span><\/td>\n<\/tr>\n<\/tbody>\n<\/table>\n<figure id=\"attachment_970\" aria-describedby=\"caption-attachment-970\" style=\"width: 607px\" class=\"wp-caption aligncenter\"><a href=\"https:\/\/ent2d.ac-bordeaux.fr\/disciplines\/lithotheque\/wp-content\/uploads\/sites\/59\/2019\/02\/1-1.png\"><img loading=\"lazy\" decoding=\"async\" class=\" wp-image-970\" src=\"https:\/\/ent2d.ac-bordeaux.fr\/disciplines\/lithotheque\/wp-content\/uploads\/sites\/59\/2019\/02\/1-1.png\" alt=\"\" width=\"607\" height=\"440\" srcset=\"https:\/\/ent2d.ac-bordeaux.fr\/disciplines\/lithotheque\/wp-content\/uploads\/sites\/59\/2019\/02\/1-1.png 355w, https:\/\/ent2d.ac-bordeaux.fr\/disciplines\/lithotheque\/wp-content\/uploads\/sites\/59\/2019\/02\/1-1-300x217.png 300w\" sizes=\"auto, (max-width: 607px) 100vw, 607px\" \/><\/a><figcaption id=\"caption-attachment-970\" class=\"wp-caption-text\">Carte g\u00e9ologique_1\/50000<\/figcaption><\/figure>\n<p><span style=\"text-decoration: underline\"><strong><span style=\"color: #000000;text-decoration: underline\">Description du site<\/span><\/strong><\/span><strong> :<\/strong><\/p>\n<p><span style=\"color: #000000\">Le territoire des Lacs Me\u0301docains s\u2019inscrit dans l\u2019immense nappe sableuse des Landes, quasi horizontale. Le seul relief marque\u0301 est celui du cordon dunaire.<\/span><br \/>\n<span style=\"color: #000000\">Les premie\u0300res dunes se de\u0301veloppent entre l\u2019oce\u0301an et l\u2019e\u0301tang de Carcans-Hourtin. Elles se pre\u0301sentent sous forme de dunes de type barkhanoi\u0308de constitue\u0301es de sables granoclass\u00e9s.<\/span><br \/>\n<span style=\"color: #000000\">Les secondes se situent dans la partie sud de l\u2019e\u0301tang de Carcans, contre le marais de Talaris. Elles se caracte\u0301risent par des e\u0301difices paraboliques constitue\u0301s par des sables ayant subi plusieurs e\u0301olisations successives.<\/span><\/p>\n<p><strong><span style=\"color: #000000\">* Dans la zones des e\u0301tangs, les sables tourbeux :<\/span><\/strong><br \/>\n<span style=\"color: #000000\">Cette formation se rencontre, dans la zone du canal qui relie l\u2019e\u0301tang de Carcans-Hourtin a\u0300 celui de Lacanau et constitue les marais de Talaris et de Montaut. On retrouve e\u0301galement cette formation sur la rive orientale des lacs.<\/span><br \/>\n<span style=\"color: #000000\">La ressource en eau souterraine est abondante du fait que le sous-sol se compose depuis le Plioc\u00e8ne.<\/span><br \/>\n<span style=\"color: #000000\">La nappe du Quaternaire est d&#8217;un tre\u0300s grand inte\u0301re\u0302t e\u0301conomique car elle est utilise\u0301e directement ou indirectement pour :<\/span><br \/>\n<span style=\"color: #000000\">&#8211; la croissance de la fore\u0302t de pins maritimes (reprise de l&#8217;eau par les racines),<\/span><br \/>\n<span style=\"color: #000000\">&#8211; l&#8217;irrigation du mai\u0308s et des autres cultures,<\/span><br \/>\n<span style=\"color: #000000\">&#8211; l&#8217;alimentation des crastes par e\u0301cre\u0302tage (de\u0301bordement) en hiver. Il y a une de\u0301connexion presque totale de la nappe et des crastes en e\u0301te\u0301.<\/span><br \/>\n<span style=\"color: #000000\">La nappe se jette dans des lagunes artificielles creus\u00e9es en 1970 et qui communiquent avec le lac de Lacanau. D\u00e9p\u00f4t de sable qui comble la lagune.<\/span><\/p>\n<figure id=\"attachment_1273\" aria-describedby=\"caption-attachment-1273\" style=\"width: 259px\" class=\"wp-caption aligncenter\"><img loading=\"lazy\" decoding=\"async\" class=\" wp-image-1273\" src=\"https:\/\/ent2d.ac-bordeaux.fr\/disciplines\/lithotheque\/wp-content\/uploads\/sites\/59\/2019\/05\/IMG_5574-169x300.jpg\" alt=\"\" width=\"259\" height=\"460\" srcset=\"https:\/\/ent2d.ac-bordeaux.fr\/disciplines\/lithotheque\/wp-content\/uploads\/sites\/59\/2019\/05\/IMG_5574-169x300.jpg 169w, https:\/\/ent2d.ac-bordeaux.fr\/disciplines\/lithotheque\/wp-content\/uploads\/sites\/59\/2019\/05\/IMG_5574-768x1365.jpg 768w, https:\/\/ent2d.ac-bordeaux.fr\/disciplines\/lithotheque\/wp-content\/uploads\/sites\/59\/2019\/05\/IMG_5574-576x1024.jpg 576w, https:\/\/ent2d.ac-bordeaux.fr\/disciplines\/lithotheque\/wp-content\/uploads\/sites\/59\/2019\/05\/IMG_5574.jpg 1080w\" sizes=\"auto, (max-width: 259px) 100vw, 259px\" \/><figcaption id=\"caption-attachment-1273\" class=\"wp-caption-text\">Marina de Talaris zone mar\u00e9cageuse. \u00ab\u00a0Craste du pont des Tables\u00a0\u00bb<\/figcaption><\/figure>\n<p><img loading=\"lazy\" decoding=\"async\" class=\" wp-image-1274 aligncenter\" src=\"https:\/\/ent2d.ac-bordeaux.fr\/disciplines\/lithotheque\/wp-content\/uploads\/sites\/59\/2019\/05\/IMG_5578-300x169.jpg\" alt=\"\" width=\"366\" height=\"206\" srcset=\"https:\/\/ent2d.ac-bordeaux.fr\/disciplines\/lithotheque\/wp-content\/uploads\/sites\/59\/2019\/05\/IMG_5578-300x169.jpg 300w, https:\/\/ent2d.ac-bordeaux.fr\/disciplines\/lithotheque\/wp-content\/uploads\/sites\/59\/2019\/05\/IMG_5578-768x432.jpg 768w, https:\/\/ent2d.ac-bordeaux.fr\/disciplines\/lithotheque\/wp-content\/uploads\/sites\/59\/2019\/05\/IMG_5578-1024x576.jpg 1024w, https:\/\/ent2d.ac-bordeaux.fr\/disciplines\/lithotheque\/wp-content\/uploads\/sites\/59\/2019\/05\/IMG_5578.jpg 1920w\" sizes=\"auto, (max-width: 366px) 100vw, 366px\" \/> <img loading=\"lazy\" decoding=\"async\" class=\" wp-image-1275 aligncenter\" src=\"https:\/\/ent2d.ac-bordeaux.fr\/disciplines\/lithotheque\/wp-content\/uploads\/sites\/59\/2019\/05\/IMG_5583-300x169.jpg\" alt=\"\" width=\"366\" height=\"207\" srcset=\"https:\/\/ent2d.ac-bordeaux.fr\/disciplines\/lithotheque\/wp-content\/uploads\/sites\/59\/2019\/05\/IMG_5583-300x169.jpg 300w, https:\/\/ent2d.ac-bordeaux.fr\/disciplines\/lithotheque\/wp-content\/uploads\/sites\/59\/2019\/05\/IMG_5583-768x432.jpg 768w, https:\/\/ent2d.ac-bordeaux.fr\/disciplines\/lithotheque\/wp-content\/uploads\/sites\/59\/2019\/05\/IMG_5583-1024x576.jpg 1024w, https:\/\/ent2d.ac-bordeaux.fr\/disciplines\/lithotheque\/wp-content\/uploads\/sites\/59\/2019\/05\/IMG_5583.jpg 1920w\" sizes=\"auto, (max-width: 366px) 100vw, 366px\" \/><\/p>\n<p><a href=\"https:\/\/ent2d.ac-bordeaux.fr\/disciplines\/lithotheque\/wp-content\/uploads\/sites\/59\/2019\/02\/3-1.png\"><img loading=\"lazy\" decoding=\"async\" class=\" wp-image-972\" src=\"https:\/\/ent2d.ac-bordeaux.fr\/disciplines\/lithotheque\/wp-content\/uploads\/sites\/59\/2019\/02\/3-1.png\" alt=\"\" width=\"603\" height=\"452\" \/><\/a><\/p>\n<p><span style=\"color: #000000\">Cette nappe est le principal vecteur, d&#8217;une part de l&#8217;alimentation induite des nappes profondes par drainance descendante et d&#8217;autre part des de\u0301bits de base des cours d\u2019eau.<\/span><\/p>\n<p><span style=\"color: #000000\"><span style=\"text-decoration: underline\">Alimentation de la nappe<\/span> : La nappe est alimente\u0301e directement par les pre\u0301cipitations.<\/span><br \/>\n<span style=\"color: #000000\"><span style=\"text-decoration: underline\">Ecoulement<\/span> : Elle s\u2019e\u0301coule suivant deux axes :<\/span><\/p>\n<p style=\"padding-left: 30px\"><span style=\"color: #000000\">&#8211; nord-sud, qui passe a\u0300 10 km a\u0300 l\u2019est des lacs,<\/span><br \/>\n<span style=\"color: #000000\">&#8211; est-ouest, re\u0301parti a\u0300 partir des lignes de cre\u0302te vers l\u2019oce\u0301an.<\/span><\/p>\n<p><span style=\"color: #000000\"><span style=\"text-decoration: underline\">Epaisseur<\/span> : Elle constitue un ensemble complexe de 40 a\u0300 80 m d\u2019e\u0301paisseur, recouvrant en<\/span><br \/>\n<span style=\"color: #000000\">totalite\u0301 le domaine d\u2019e\u0301tude sur au moins 200 m.<\/span><br \/>\n<span style=\"color: #000000\"><span style=\"text-decoration: underline\">Communication avec les aquife\u0300res sous-jacents<\/span> : Cet aquife\u0300re est a\u0300 maintes reprises en communication avec les aquife\u0300res sous-jacents (Mioce\u0300ne, Oligoce\u0300ne) par drainance ou infiltration directe.<\/span><\/p>\n<p><span style=\"color: #000000\">Cette alimentation des nappes sous-jacentes repre\u0301sente les 3\u20444 des infiltrations, ce qui permet de pre\u0301ciser que les lacs sont pour l\u2019essentiel alimente\u0301s par le ruissellement.<\/span><br \/>\n<span style=\"color: #000000\">Le facteur principal de vidange de la nappe superficielle semble e\u0302tre l\u2019e\u0301vapotranspiration (mai a\u0300 octobre).<\/span><\/p>\n<p><span style=\"color: #000000\">Au niveau du cordon dunaire, une cre\u0302te pie\u0301zome\u0301trique joue le ro\u0302le d&#8217;une barrie\u0300re de potentiel empe\u0302chant l&#8217;invasion d&#8217;eau sale\u0301e en provenance de l&#8217;oce\u0301an dans la nappe phre\u0301atique.<\/span><br \/>\n<span style=\"color: #000000\">Sur une importante superficie situe\u0301e entre le cordon dunaire et l&#8217;estuaire, les courbes topographiques et les courbes pie\u0301zome\u0301triques sont pratiquement confondues et l&#8217;on observe de nombreux mare\u0301cages et lagunes.<\/span><\/p>\n<p><strong><span style=\"color: #000000\">* Hydrochimie du lac de Lacanau :<\/span><\/strong><br \/>\n<span style=\"color: #000000\">Les eaux sont ge\u0301ne\u0301ralement acides (pH voisin de 6,3), agressives, riches en fer, mangane\u0300se et ammonium et peu mine\u0301ralise\u0301es (teneur en chlorures = 50 mg\/l).<\/span><\/p>\n<p><span style=\"color: #000000\">La composition chimique des eaux de nappe e\u0301volue durant l\u2019anne\u0301e (les eaux sont plus concentre\u0301es en e\u0301te\u0301 qu\u2019en hiver durant lequel la nappe se recharge en eau douce).<\/span><br \/>\n<span style=\"color: #000000\">Cette nappe est tre\u0300s vulne\u0301rable aux pollutions de surface. <\/span><br \/>\n<span style=\"color: #000000\"><span style=\"text-decoration: underline\">Usage principal<\/span> : irrigation.<\/span><br \/>\n<span style=\"color: #000000\"><span style=\"text-decoration: underline\">Alimentation<\/span> : La nappe du Mioce\u0300ne est alimente\u0301e par drainance ou infiltration directe du Plio-quaternaire.<\/span><br \/>\n<span style=\"color: #000000\"><span style=\"text-decoration: underline\">Ecoulement<\/span> : La nappe s\u2019e\u0301coule vers l\u2019ouest.<\/span><br \/>\n<span style=\"color: #000000\"><span style=\"text-decoration: underline\">Epaisseur<\/span> : Elle est e\u0301paisse de 100 m a\u0300 hauteur de Lacanau et plus mince au nord du bassin\u00a0<\/span><span style=\"color: #000000\">versant (50 m a\u0300 Hourtin).<\/span><br \/>\n<span style=\"color: #000000\"><span style=\"text-decoration: underline\">Pie\u0301zome\u0301trie<\/span> : La pie\u0301zome\u0300trie de la nappe suit celle du Plio-quaternaire. La nappe est bien captive alors qu\u2019aucun niveau franchement imperme\u0301able ne la se\u0301pare de l\u2019aquife\u0300re phre\u0301atique. La nappe est se\u0301pare\u0301e de l&#8217;aquife\u0300re sous-jacent, l&#8217;Oligoce\u0300ne, par des niveaux de perme\u0301abilite\u0301 re\u0301duite a\u0300 tre\u0300s re\u0301duite, plus ou moins continus.<\/span><\/p>\n<p><span style=\"text-decoration: underline\"><strong><span style=\"color: #000000;text-decoration: underline\">Acc\u00e8s \/ S\u00e9curit\u00e9<\/span><\/strong><\/span><strong>\u00a0:\u00a0<\/strong><span class=\"s1\" style=\"color: #000000\"><b>Crastes de la Marina de Talaris<\/b><\/span><br \/>\n<span style=\"color: #000000\">De Bordeaux, arriv\u00e9e par la d\u00e9partementale apr\u00e8s le rond point Lacanau ville, prendre \u00e0 gauche et rentrer dans la Marina. Rester sur l\u2019art\u00e8re principale et laisser le bus au parking.\u00a0<\/span><\/p>\n<figure style=\"width: 448px\" class=\"wp-caption aligncenter\"><a href=\"https:\/\/ent2d.ac-bordeaux.fr\/disciplines\/lithotheque\/wp-content\/uploads\/sites\/59\/2019\/02\/10a.png\"><img loading=\"lazy\" decoding=\"async\" class=\" wp-image-960\" src=\"https:\/\/ent2d.ac-bordeaux.fr\/disciplines\/lithotheque\/wp-content\/uploads\/sites\/59\/2019\/02\/10a.png\" alt=\"\" width=\"448\" height=\"429\" \/><\/a><figcaption class=\"wp-caption-text\">Captures satellites de la Marina de Talaris<\/figcaption><\/figure>\n<figure id=\"attachment_961\" aria-describedby=\"caption-attachment-961\" style=\"width: 342px\" class=\"wp-caption aligncenter\"><a href=\"https:\/\/ent2d.ac-bordeaux.fr\/disciplines\/lithotheque\/wp-content\/uploads\/sites\/59\/2019\/02\/10b.png\"><img loading=\"lazy\" decoding=\"async\" class=\" wp-image-961\" src=\"https:\/\/ent2d.ac-bordeaux.fr\/disciplines\/lithotheque\/wp-content\/uploads\/sites\/59\/2019\/02\/10b.png\" alt=\"\" width=\"342\" height=\"419\" \/><\/a><figcaption id=\"caption-attachment-961\" class=\"wp-caption-text\">Crastes, la croix indique l\u2019arr\u00eat<\/figcaption><\/figure>\n<figure id=\"attachment_1270\" aria-describedby=\"caption-attachment-1270\" style=\"width: 300px\" class=\"wp-caption aligncenter\"><img loading=\"lazy\" decoding=\"async\" class=\"wp-image-1270 size-medium\" src=\"https:\/\/ent2d.ac-bordeaux.fr\/disciplines\/lithotheque\/wp-content\/uploads\/sites\/59\/2019\/05\/IMG_3144-300x225.jpg\" alt=\"\" width=\"300\" height=\"225\" srcset=\"https:\/\/ent2d.ac-bordeaux.fr\/disciplines\/lithotheque\/wp-content\/uploads\/sites\/59\/2019\/05\/IMG_3144-300x225.jpg 300w, https:\/\/ent2d.ac-bordeaux.fr\/disciplines\/lithotheque\/wp-content\/uploads\/sites\/59\/2019\/05\/IMG_3144-768x576.jpg 768w, https:\/\/ent2d.ac-bordeaux.fr\/disciplines\/lithotheque\/wp-content\/uploads\/sites\/59\/2019\/05\/IMG_3144-1024x768.jpg 1024w\" sizes=\"auto, (max-width: 300px) 100vw, 300px\" \/><figcaption id=\"caption-attachment-1270\" class=\"wp-caption-text\">Arr\u00eat de bus au niveau du pont_Passer \u00e0 gauche du pont en direction de la Craste dans la pin\u00e8de<\/figcaption><\/figure>\n<p><img loading=\"lazy\" decoding=\"async\" class=\"size-medium wp-image-1269 aligncenter\" src=\"https:\/\/ent2d.ac-bordeaux.fr\/disciplines\/lithotheque\/wp-content\/uploads\/sites\/59\/2019\/05\/IMG_5570-169x300.jpg\" alt=\"\" width=\"169\" height=\"300\" srcset=\"https:\/\/ent2d.ac-bordeaux.fr\/disciplines\/lithotheque\/wp-content\/uploads\/sites\/59\/2019\/05\/IMG_5570-169x300.jpg 169w, https:\/\/ent2d.ac-bordeaux.fr\/disciplines\/lithotheque\/wp-content\/uploads\/sites\/59\/2019\/05\/IMG_5570-768x1365.jpg 768w, https:\/\/ent2d.ac-bordeaux.fr\/disciplines\/lithotheque\/wp-content\/uploads\/sites\/59\/2019\/05\/IMG_5570-576x1024.jpg 576w, https:\/\/ent2d.ac-bordeaux.fr\/disciplines\/lithotheque\/wp-content\/uploads\/sites\/59\/2019\/05\/IMG_5570.jpg 1080w\" sizes=\"auto, (max-width: 169px) 100vw, 169px\" \/><\/p>\n<p><span style=\"color: #000000\">Prendre la troisi\u00e8me \u00e0 gauche qui donne sur l\u2019\u00e9tang et les crasses tr\u00e8s ensabl\u00e9es.<\/span><br \/>\n<span style=\"color: #000000\">Pr\u00e9voir un arr\u00eat de une heure pour pouvoir comparer deux crasses.<\/span><\/p>\n<p><span style=\"text-decoration: underline\"><strong><span style=\"color: #000000;text-decoration: underline\">Projets pluridisciplinaires envisageables<\/span><\/strong><\/span><strong><span style=\"color: #000000\"> :<\/span><\/strong><br \/>\n<span style=\"color: #000000\">-Th\u00e8mes trait\u00e9s : g\u00e9ographie, \u00e9conomie, histoire des techniques, environnement, patrimoine<\/span><br \/>\n<span style=\"color: #000000\">-Disciplines : histoire, g\u00e9ographie, lettres, Sciences de la vie et de la Terre, technologie<\/span><\/p>\n<p><strong><span style=\"color: #000000\"><span style=\"text-decoration: underline\">Activit\u00e9s envisageables<\/span> :<\/span><\/strong><br \/>\n<span style=\"color: #000000\">-Se rep\u00e9rer \u00e0 l\u2019aide de carte ou d\u2019un syst\u00e8me de g\u00e9olocalisation.<\/span><br \/>\n<span style=\"color: #000000\">-Communiquer en utilisant une expression graphique ou \u00e0 l\u2019aide d\u2019acquisition d\u2019images num\u00e9riques.<\/span><br \/>\n<span style=\"color: #000000\">-Se rep\u00e9rer dans le temps et dans l\u2019espace, \u00e0 l\u2019aide d\u2019une \u00e9chelle des temps g\u00e9ologiques et de carte pal\u00e9og\u00e9ographique.<\/span><br \/>\n<span style=\"color: #000000\">-Etude des grains de sable et de leur transport<\/span><br \/>\n<span style=\"color: #000000\">-D\u00e9terminer la salinit\u00e9, la temp\u00e9rature, la conductivit\u00e9 de l\u2019eau \u00e0 diff\u00e9rents endroits<\/span><br \/>\n<span style=\"color: #000000\">-Chercher des traces de l\u2019impact de l\u2019Homme sur l\u2019environnement<\/span><br \/>\n<span style=\"color: #000000\">-Travailler sur les ruptures de paysages<\/span><br \/>\n<span style=\"color: #000000\">-Identification florale et faunistique du lac<\/span><br \/>\n<span style=\"color: #000000\">-Travailler sur des textes historiques de formation des crasses<\/span><\/p>\n<table width=\"100%\">\n<tbody>\n<tr>\n<td colspan=\"2\" width=\"375\">\n<p style=\"text-align: center\"><strong>Coll\u00e8ge<\/strong><\/p>\n<\/td>\n<td colspan=\"2\" width=\"373\">\n<p style=\"text-align: center\"><strong>Lyc\u00e9e<\/strong><\/p>\n<\/td>\n<\/tr>\n<tr>\n<td width=\"85\">\n<p style=\"text-align: center\"><strong>Cycle 3<\/strong><\/p>\n<\/td>\n<td width=\"290\">Identifier les composantes biologiques et g\u00e9ologiques d\u2019un paysage : Paysages, g\u00e9ologie locale, interactions avec l\u2019environnement et le peuplement.<\/p>\n<p>Relier les besoins de l\u2019\u00eatre humain, la gestion des ressources naturelles et les impacts \u00e0 pr\u00e9voir et g\u00e9rer.<\/td>\n<td width=\"59\">\n<p style=\"text-align: center\"><strong>2nde<\/strong><\/p>\n<\/td>\n<td width=\"314\"><\/td>\n<\/tr>\n<tr>\n<td width=\"85\">\n<p style=\"text-align: center\"><strong>Cycle 4<\/strong><\/p>\n<\/td>\n<td width=\"290\">Les changements climatiques pass\u00e9s (temps g\u00e9ologiques).<\/p>\n<p>Donn\u00e9es sur les pal\u00e9omilieux de vie.<\/td>\n<td width=\"59\">\n<p style=\"text-align: center\"><strong>Premi\u00e8re<\/strong><\/p>\n<\/td>\n<td width=\"314\"><\/td>\n<\/tr>\n<\/tbody>\n<\/table>\n","protected":false},"excerpt":{"rendered":"<p>Coordonn\u00e9es GPS du parking \u00a044.9948 -1.0919550 Description du site : Le territoire des Lacs Me\u0301docains s\u2019inscrit dans l\u2019immense nappe sableuse des Landes, quasi horizontale. Le seul relief marque\u0301 est celui &#8230;<\/p>\n","protected":false},"author":8,"featured_media":0,"parent":0,"menu_order":0,"comment_status":"closed","ping_status":"closed","template":"","meta":{"footnotes":""},"class_list":["post-969","page","type-page","status-publish","hentry"],"_links":{"self":[{"href":"https:\/\/ent2d.ac-bordeaux.fr\/disciplines\/lithotheque\/wp-json\/wp\/v2\/pages\/969","targetHints":{"allow":["GET"]}}],"collection":[{"href":"https:\/\/ent2d.ac-bordeaux.fr\/disciplines\/lithotheque\/wp-json\/wp\/v2\/pages"}],"about":[{"href":"https:\/\/ent2d.ac-bordeaux.fr\/disciplines\/lithotheque\/wp-json\/wp\/v2\/types\/page"}],"author":[{"embeddable":true,"href":"https:\/\/ent2d.ac-bordeaux.fr\/disciplines\/lithotheque\/wp-json\/wp\/v2\/users\/8"}],"replies":[{"embeddable":true,"href":"https:\/\/ent2d.ac-bordeaux.fr\/disciplines\/lithotheque\/wp-json\/wp\/v2\/comments?post=969"}],"version-history":[{"count":9,"href":"https:\/\/ent2d.ac-bordeaux.fr\/disciplines\/lithotheque\/wp-json\/wp\/v2\/pages\/969\/revisions"}],"predecessor-version":[{"id":1278,"href":"https:\/\/ent2d.ac-bordeaux.fr\/disciplines\/lithotheque\/wp-json\/wp\/v2\/pages\/969\/revisions\/1278"}],"wp:attachment":[{"href":"https:\/\/ent2d.ac-bordeaux.fr\/disciplines\/lithotheque\/wp-json\/wp\/v2\/media?parent=969"}],"curies":[{"name":"wp","href":"https:\/\/api.w.org\/{rel}","templated":true}]}}