{"id":818,"date":"2018-12-03T14:46:58","date_gmt":"2018-12-03T13:46:58","guid":{"rendered":"https:\/\/ent2d.ac-bordeaux.fr\/disciplines\/lithotheque\/?page_id=818"},"modified":"2020-09-08T16:05:55","modified_gmt":"2020-09-08T14:05:55","slug":"24-chaos-granitique","status":"publish","type":"page","link":"https:\/\/ent2d.ac-bordeaux.fr\/disciplines\/lithotheque\/24-chaos-granitique\/","title":{"rendered":"24 &#8211; Chaos granitique"},"content":{"rendered":"\n<figure class=\"wp-block-image size-large is-resized\"><img loading=\"lazy\" decoding=\"async\" src=\"https:\/\/ent2d.ac-bordeaux.fr\/disciplines\/lithotheque\/wp-content\/uploads\/sites\/59\/2019\/10\/Logo-EDD-1.png\" alt=\"\" class=\"wp-image-1340\" width=\"50\" height=\"58\" srcset=\"https:\/\/ent2d.ac-bordeaux.fr\/disciplines\/lithotheque\/wp-content\/uploads\/sites\/59\/2019\/10\/Logo-EDD-1.png 889w, https:\/\/ent2d.ac-bordeaux.fr\/disciplines\/lithotheque\/wp-content\/uploads\/sites\/59\/2019\/10\/Logo-EDD-1-261x300.png 261w, https:\/\/ent2d.ac-bordeaux.fr\/disciplines\/lithotheque\/wp-content\/uploads\/sites\/59\/2019\/10\/Logo-EDD-1-768x884.png 768w\" sizes=\"auto, (max-width: 50px) 100vw, 50px\" \/><\/figure>\n\n\n<h6 style=\"text-align: center\">\u00a0<\/h6>\n<table style=\"height: 72px\" width=\"100%\">\n<tbody>\n<tr>\n<td style=\"text-align: center\" colspan=\"2\" width=\"241\"><span style=\"color: #00ccff\"><a style=\"color: #00ccff\" href=\"http:\/\/u.osmfr.org\/m\/227984\/\"><strong>Coordonn\u00e9es g\u00e9ographiques et GPS du site<\/strong><\/a><\/span><\/td>\n<\/tr>\n<tr>\n<td style=\"text-align: center\" width=\"121\"><span style=\"color: #000000\">45\u00b035&#8217;28.14&#8243;N<\/span><\/td>\n<td style=\"text-align: center\" width=\"121\"><span style=\"color: #000000\">0\u00b040&#8217;18.18&#8243;E<\/span><\/td>\n<\/tr>\n<tr>\n<td style=\"text-align: center\" width=\"121\"><span style=\"color: #000000\">45,59151<\/span><\/td>\n<td style=\"text-align: center\" width=\"121\"><span style=\"color: #000000\">0,66943<\/span><\/td>\n<\/tr>\n<\/tbody>\n<\/table>\n<div>\n<table width=\"100%\">\n<tbody>\n<tr>\n<td align=\"center\" width=\"49%\">\n<figure id=\"attachment_819\" aria-describedby=\"caption-attachment-819\" style=\"width: 470px\" class=\"wp-caption alignleft\"><a href=\"https:\/\/ent2d.ac-bordeaux.fr\/disciplines\/lithotheque\/wp-content\/uploads\/sites\/59\/2018\/12\/Carte-ge\u0301ologique.png\"><img loading=\"lazy\" decoding=\"async\" class=\"size-full wp-image-819\" src=\"https:\/\/ent2d.ac-bordeaux.fr\/disciplines\/lithotheque\/wp-content\/uploads\/sites\/59\/2018\/12\/Carte-ge\u0301ologique.png\" alt=\"\" width=\"470\" height=\"522\" srcset=\"https:\/\/ent2d.ac-bordeaux.fr\/disciplines\/lithotheque\/wp-content\/uploads\/sites\/59\/2018\/12\/Carte-ge\u0301ologique.png 470w, https:\/\/ent2d.ac-bordeaux.fr\/disciplines\/lithotheque\/wp-content\/uploads\/sites\/59\/2018\/12\/Carte-ge\u0301ologique-270x300.png 270w\" sizes=\"auto, (max-width: 470px) 100vw, 470px\" \/><\/a><figcaption id=\"caption-attachment-819\" class=\"wp-caption-text\">Carte g\u00e9ologique : 1\/25 000 N\u00b0710 &#8211; MONTBRON<\/figcaption><\/figure>\n<\/td>\n<td align=\"center\" width=\"51%\"><a href=\"https:\/\/ent2d.ac-bordeaux.fr\/disciplines\/lithotheque\/wp-content\/uploads\/sites\/59\/2018\/12\/Le\u0301gendes.png\"><img loading=\"lazy\" decoding=\"async\" class=\"alignleft size-full wp-image-820\" src=\"https:\/\/ent2d.ac-bordeaux.fr\/disciplines\/lithotheque\/wp-content\/uploads\/sites\/59\/2018\/12\/Le\u0301gendes.png\" alt=\"\" width=\"583\" height=\"233\" srcset=\"https:\/\/ent2d.ac-bordeaux.fr\/disciplines\/lithotheque\/wp-content\/uploads\/sites\/59\/2018\/12\/Le\u0301gendes.png 583w, https:\/\/ent2d.ac-bordeaux.fr\/disciplines\/lithotheque\/wp-content\/uploads\/sites\/59\/2018\/12\/Le\u0301gendes-300x120.png 300w\" sizes=\"auto, (max-width: 583px) 100vw, 583px\" \/><\/a><\/td>\n<\/tr>\n<\/tbody>\n<\/table>\n<\/div>\n<p><span style=\"color: #000000\"><strong><u>Description du site<\/u> :<\/strong><\/span><\/p>\n<p><span style=\"color: #000000\"><em><u>Roches<\/u><\/em>\u00a0: granodiorite et granite \u00e0 biotite <em>(pour plus d\u2019information\u00a0: http:\/\/infoterre.brgm.fr\/rapports\/80-SGN-397-AQI.pdf)<\/em><\/span><\/p>\n<p><span style=\"color: #000000\"><em><u>Conditions de formation et pal\u00e9oenvironnement<\/u>\u00a0 :\u00a0<\/em><\/span><\/p>\n<p><span style=\"color: #000000\">Ce granite, roche magmatique plutonique, s\u2019est form\u00e9 en m\u00eame temps que le Massif Central, il y a environ 320 millions d\u2019ann\u00e9es. Il fait partie du massif granitique de Pi\u00e8gut-Pluviers. Ce massif offre des affleurements naturels dont celui de Saint-Est\u00e8phe.<\/span><\/p>\n<p><span style=\"color: #000000\">Suite \u00e0 l\u2019action de l\u2019\u00e9rosion, notamment par l\u2019action du gel et du d\u00e9gel \u00e9largissant les diaclases, le massif granitique s\u2019est fractur\u00e9. Puis \u00e0 l\u2019\u00e9poque moust\u00e9rienne, p\u00e9riode\u00a0 du Pal\u00e9olithique moyen (-100\u00a0000 \u00e0 -35\u00a0000 ans), un glacier provenant du limousin et qui rejoignait Saint-Est\u00e8phe a charri\u00e9 les blocs les plus l\u00e9gers, dont le \u00ab\u00a0Roc Branlant\u00a0\u00bb, et les a d\u00e9pos\u00e9 dans la vall\u00e9e de la Doue.<\/span><\/p>\n<p><span style=\"color: #000000\">Le \u00ab\u00a0Roc Branlant\u00a0\u00bb, gros bloc de granite de 3 m\u00e8tres sur 3, porte ce nom car il\u00a0 est en \u00e9quilibre sur une table rocheuse au milieu de laquelle il est possible de le balancer facilement gr\u00e2ce \u00e0 une simple pouss\u00e9e (10 cm environ).<\/span><\/p>\n<p><span style=\"color: #000000\">Un chaos granitique, chapelet de blocs de granite appel\u00e9 \u00ab\u00a0Chapelet du Diable\u00a0\u00bb, s&#8217;\u00e9tend sur quelques centaines de m\u00e8tres \u00e0 la suite du \u00ab\u00a0Roc Branlant\u00a0\u00bb.<\/span><\/p>\n<figure id=\"attachment_821\" aria-describedby=\"caption-attachment-821\" style=\"width: 3072px\" class=\"wp-caption alignleft\"><a href=\"https:\/\/ent2d.ac-bordeaux.fr\/disciplines\/lithotheque\/wp-content\/uploads\/sites\/59\/2018\/12\/Affleurement-de-granite-en-cours-dalte\u0301ration.jpg\"><img loading=\"lazy\" decoding=\"async\" class=\"size-full wp-image-821\" src=\"https:\/\/ent2d.ac-bordeaux.fr\/disciplines\/lithotheque\/wp-content\/uploads\/sites\/59\/2018\/12\/Affleurement-de-granite-en-cours-dalte\u0301ration.jpg\" alt=\"\" width=\"3072\" height=\"4608\" srcset=\"https:\/\/ent2d.ac-bordeaux.fr\/disciplines\/lithotheque\/wp-content\/uploads\/sites\/59\/2018\/12\/Affleurement-de-granite-en-cours-dalte\u0301ration.jpg 3072w, https:\/\/ent2d.ac-bordeaux.fr\/disciplines\/lithotheque\/wp-content\/uploads\/sites\/59\/2018\/12\/Affleurement-de-granite-en-cours-dalte\u0301ration-200x300.jpg 200w, https:\/\/ent2d.ac-bordeaux.fr\/disciplines\/lithotheque\/wp-content\/uploads\/sites\/59\/2018\/12\/Affleurement-de-granite-en-cours-dalte\u0301ration-768x1152.jpg 768w, https:\/\/ent2d.ac-bordeaux.fr\/disciplines\/lithotheque\/wp-content\/uploads\/sites\/59\/2018\/12\/Affleurement-de-granite-en-cours-dalte\u0301ration-683x1024.jpg 683w\" sizes=\"auto, (max-width: 3072px) 100vw, 3072px\" \/><\/a><figcaption id=\"caption-attachment-821\" class=\"wp-caption-text\">Affleurement de granite en cours d\u2019alt\u00e9ration<\/figcaption><\/figure>\n<figure id=\"attachment_822\" aria-describedby=\"caption-attachment-822\" style=\"width: 4608px\" class=\"wp-caption alignleft\"><a href=\"https:\/\/ent2d.ac-bordeaux.fr\/disciplines\/lithotheque\/wp-content\/uploads\/sites\/59\/2018\/12\/Roc-branlant-e\u0301chelle-1.jpg\"><img loading=\"lazy\" decoding=\"async\" class=\"size-full wp-image-822\" src=\"https:\/\/ent2d.ac-bordeaux.fr\/disciplines\/lithotheque\/wp-content\/uploads\/sites\/59\/2018\/12\/Roc-branlant-e\u0301chelle-1.jpg\" alt=\"\" width=\"4608\" height=\"3072\" srcset=\"https:\/\/ent2d.ac-bordeaux.fr\/disciplines\/lithotheque\/wp-content\/uploads\/sites\/59\/2018\/12\/Roc-branlant-e\u0301chelle-1.jpg 4608w, https:\/\/ent2d.ac-bordeaux.fr\/disciplines\/lithotheque\/wp-content\/uploads\/sites\/59\/2018\/12\/Roc-branlant-e\u0301chelle-1-300x200.jpg 300w, https:\/\/ent2d.ac-bordeaux.fr\/disciplines\/lithotheque\/wp-content\/uploads\/sites\/59\/2018\/12\/Roc-branlant-e\u0301chelle-1-768x512.jpg 768w, https:\/\/ent2d.ac-bordeaux.fr\/disciplines\/lithotheque\/wp-content\/uploads\/sites\/59\/2018\/12\/Roc-branlant-e\u0301chelle-1-1024x683.jpg 1024w\" sizes=\"auto, (max-width: 4608px) 100vw, 4608px\" \/><\/a><figcaption id=\"caption-attachment-822\" class=\"wp-caption-text\">Roc Branlant_\u00e9chelle 1<\/figcaption><\/figure>\n<figure id=\"attachment_823\" aria-describedby=\"caption-attachment-823\" style=\"width: 4608px\" class=\"wp-caption alignleft\"><a href=\"https:\/\/ent2d.ac-bordeaux.fr\/disciplines\/lithotheque\/wp-content\/uploads\/sites\/59\/2018\/12\/Roc-branlant-e\u0301chelle-2.jpg\"><img loading=\"lazy\" decoding=\"async\" class=\"size-full wp-image-823\" src=\"https:\/\/ent2d.ac-bordeaux.fr\/disciplines\/lithotheque\/wp-content\/uploads\/sites\/59\/2018\/12\/Roc-branlant-e\u0301chelle-2.jpg\" alt=\"\" width=\"4608\" height=\"3072\" srcset=\"https:\/\/ent2d.ac-bordeaux.fr\/disciplines\/lithotheque\/wp-content\/uploads\/sites\/59\/2018\/12\/Roc-branlant-e\u0301chelle-2.jpg 4608w, https:\/\/ent2d.ac-bordeaux.fr\/disciplines\/lithotheque\/wp-content\/uploads\/sites\/59\/2018\/12\/Roc-branlant-e\u0301chelle-2-300x200.jpg 300w, https:\/\/ent2d.ac-bordeaux.fr\/disciplines\/lithotheque\/wp-content\/uploads\/sites\/59\/2018\/12\/Roc-branlant-e\u0301chelle-2-768x512.jpg 768w, https:\/\/ent2d.ac-bordeaux.fr\/disciplines\/lithotheque\/wp-content\/uploads\/sites\/59\/2018\/12\/Roc-branlant-e\u0301chelle-2-1024x683.jpg 1024w\" sizes=\"auto, (max-width: 4608px) 100vw, 4608px\" \/><\/a><figcaption id=\"caption-attachment-823\" class=\"wp-caption-text\">Roc Branlant_\u00e9chelle 2<\/figcaption><\/figure>\n<figure id=\"attachment_824\" aria-describedby=\"caption-attachment-824\" style=\"width: 4032px\" class=\"wp-caption alignleft\"><a href=\"https:\/\/ent2d.ac-bordeaux.fr\/disciplines\/lithotheque\/wp-content\/uploads\/sites\/59\/2018\/12\/Chapelet-du-Diable-e\u0301chelle-1.jpg\"><img loading=\"lazy\" decoding=\"async\" class=\"size-full wp-image-824\" src=\"https:\/\/ent2d.ac-bordeaux.fr\/disciplines\/lithotheque\/wp-content\/uploads\/sites\/59\/2018\/12\/Chapelet-du-Diable-e\u0301chelle-1.jpg\" alt=\"\" width=\"4032\" height=\"3024\" srcset=\"https:\/\/ent2d.ac-bordeaux.fr\/disciplines\/lithotheque\/wp-content\/uploads\/sites\/59\/2018\/12\/Chapelet-du-Diable-e\u0301chelle-1.jpg 4032w, https:\/\/ent2d.ac-bordeaux.fr\/disciplines\/lithotheque\/wp-content\/uploads\/sites\/59\/2018\/12\/Chapelet-du-Diable-e\u0301chelle-1-300x225.jpg 300w, https:\/\/ent2d.ac-bordeaux.fr\/disciplines\/lithotheque\/wp-content\/uploads\/sites\/59\/2018\/12\/Chapelet-du-Diable-e\u0301chelle-1-768x576.jpg 768w, https:\/\/ent2d.ac-bordeaux.fr\/disciplines\/lithotheque\/wp-content\/uploads\/sites\/59\/2018\/12\/Chapelet-du-Diable-e\u0301chelle-1-1024x768.jpg 1024w\" sizes=\"auto, (max-width: 4032px) 100vw, 4032px\" \/><\/a><figcaption id=\"caption-attachment-824\" class=\"wp-caption-text\">Chapelet du Diable_\u00e9chelle1<\/figcaption><\/figure>\n<figure id=\"attachment_825\" aria-describedby=\"caption-attachment-825\" style=\"width: 3024px\" class=\"wp-caption alignleft\"><a href=\"https:\/\/ent2d.ac-bordeaux.fr\/disciplines\/lithotheque\/wp-content\/uploads\/sites\/59\/2018\/12\/Chapelet-du-diable-e\u0301chelle-2.jpg\"><img loading=\"lazy\" decoding=\"async\" class=\"size-full wp-image-825\" src=\"https:\/\/ent2d.ac-bordeaux.fr\/disciplines\/lithotheque\/wp-content\/uploads\/sites\/59\/2018\/12\/Chapelet-du-diable-e\u0301chelle-2.jpg\" alt=\"\" width=\"3024\" height=\"4032\" srcset=\"https:\/\/ent2d.ac-bordeaux.fr\/disciplines\/lithotheque\/wp-content\/uploads\/sites\/59\/2018\/12\/Chapelet-du-diable-e\u0301chelle-2.jpg 3024w, https:\/\/ent2d.ac-bordeaux.fr\/disciplines\/lithotheque\/wp-content\/uploads\/sites\/59\/2018\/12\/Chapelet-du-diable-e\u0301chelle-2-225x300.jpg 225w, https:\/\/ent2d.ac-bordeaux.fr\/disciplines\/lithotheque\/wp-content\/uploads\/sites\/59\/2018\/12\/Chapelet-du-diable-e\u0301chelle-2-768x1024.jpg 768w\" sizes=\"auto, (max-width: 3024px) 100vw, 3024px\" \/><\/a><figcaption id=\"caption-attachment-825\" class=\"wp-caption-text\">Chapelet du Diable_\u00e9chelle2<\/figcaption><\/figure>\n<p><span style=\"color: #000000\"><strong><u>Activit\u00e9s envisageables<\/u> :<\/strong><\/span><\/p>\n<ul>\n<li><span style=\"color: #000000\">Etude d\u2019un paysage actuel et de son model\u00e9 pour comprendre comment il s\u2019est form\u00e9.<\/span><\/li>\n<li><span style=\"color: #000000\">Etude de l\u2019action de l\u2019eau sur un paysage.<\/span><\/li>\n<li><span style=\"color: #000000\">Etude du comportement des roches vis-\u00e0-vis de l\u2019eau et comparaison avec un paysage karstique (lien autres sorties)<\/span><\/li>\n<li><span style=\"color: #000000\">Etude du devenir des produits de l\u2019\u00e9rosion.<\/span><\/li>\n<\/ul>\n<p><span style=\"color: #000000\"><strong><u>Capacit\u00e9s et attitudes<\/u> :<\/strong><\/span><\/p>\n<ul>\n<li><span style=\"color: #000000\">Pratiquer une d\u00e9marche d\u2019investigation \u00e0 partir d\u2019un travail de terrain favorisant l\u2019autonomie des \u00e9l\u00e8ves.<\/span><\/li>\n<li><span style=\"color: #000000\">Recenser, extraire et organiser des donn\u00e9es de terrain lors d&#8217;une sortie.<\/span><\/li>\n<li><span style=\"color: #000000\">Proposer, avec\u00a0 l\u2019aide\u00a0 du\u00a0 professeur,\u00a0 une\u00a0 d\u00e9marche\u00a0 pour\u00a0 r\u00e9soudre\u00a0 un\u00a0 probl\u00e8me\u00a0 ou\u00a0 r\u00e9pondre\u00a0 \u00e0\u00a0 une\u00a0 question de nature scientifique : Comment s\u2019est form\u00e9 ce paysage\u00a0?<\/span><\/li>\n<li><span style=\"color: #000000\">proposer une ou des hypoth\u00e8ses pour r\u00e9pondre \u00e0 une question ou un probl\u00e8me<\/span><\/li>\n<li><span style=\"color: #000000\">Sorties pluridisciplinaires<\/span>\n<ul>\n<li><span style=\"color: #000000\"><u>Coll\u00e8ge cycle 4<\/u>: En lien avec <strong>l&#8217;histoire et la g\u00e9ographie.<\/strong>\u00a0 Les paysages qui m&#8217;entourent, composantes g\u00e9ologiques et biologiques d\u2019un paysage \/ composantes naturelles et artificielles<\/span><\/li>\n<\/ul>\n<\/li>\n<\/ul>\n<p><span style=\"color: #339966\"><strong><span style=\"text-decoration: underline\">Ressources pour l\u2019EDD :<\/span> <\/strong><\/span><br \/><span style=\"color: #339966\">Pistes de r\u00e9flexion pouvant \u00eatre envisag\u00e9es sur ce site : <\/span><br \/><span style=\"color: #339966\"><strong>\u2022 la conservation du patrimoine naturel et culturel<\/strong> <\/span><br \/><span style=\"color: #339966\">Assur\u00e9ment, la protection des biens exceptionnels du patrimoine, pr\u00e9serv\u00e9s par des peuples partout dans le monde, tels que les grands paysages naturels et les monuments historiques, peut \u00eatre consid\u00e9r\u00e9e comme une contribution intrins\u00e8que au bien-\u00eatre de l\u2019humanit\u00e9. Il serait difficile d&#8217;imaginer nos pays, villes et paysages sans les traces connues de notre pass\u00e9, t\u00e9moins de la continuit\u00e9 \u00e0 travers le temps qui passe et de la pr\u00e9sence de la nature. (Source UNESCO.org)<\/span><br \/><span style=\"color: #339966\"><strong>\u2022 La d\u00e9couverte de la richesse de la biodiversit\u00e9 et sa pr\u00e9servation<\/strong> avec le parcours du sentier ethnobotanique.<\/span><\/p>\n<p><span style=\"color: #000000\"><strong><u>Acc\u00e8s \/ s\u00e9curit\u00e9<\/u>\u00a0:<\/strong><\/span><\/p>\n<p><span style=\"color: #000000\">Le site est localis\u00e9 \u00e0 Saint-Est\u00e8phe (24360).<\/span><\/p>\n<p><span style=\"color: #000000\">Depuis le parking du Roc Branlant, \u00e0 300 m du Grand Etang, un parcours am\u00e9nag\u00e9 et jalonn\u00e9 de panneaux explicatifs permet de d\u00e9couvrir ce site gr\u00e2ce \u00e0 une boucle d\u2019environ 1km. \u00a0<\/span><\/p>\n<p><span style=\"color: #000000\">Distance du parking jusqu\u2019au roc branlant\u00a0: environ 600 m\u00e8tres.<\/span><\/p>\n<p><span style=\"color: #000000\">Acc\u00e8s libre toute l&#8217;ann\u00e9e facile et plat jusqu\u2019au roc branlant. Le sentier rouge est escarp\u00e9 mais peut ne pas \u00eatre fait si l\u2019on ne fait pas le parcours botanique.<\/span><\/p>\n<p><span style=\"color: #000000\">Pr\u00e9voir des chaussures de marche.<\/span><\/p>\n<figure id=\"attachment_827\" aria-describedby=\"caption-attachment-827\" style=\"width: 606px\" class=\"wp-caption aligncenter\"><a style=\"color: #000000\" href=\"https:\/\/ent2d.ac-bordeaux.fr\/disciplines\/lithotheque\/wp-content\/uploads\/sites\/59\/2018\/12\/Situation.png\"><img loading=\"lazy\" decoding=\"async\" class=\"size-full wp-image-827\" src=\"https:\/\/ent2d.ac-bordeaux.fr\/disciplines\/lithotheque\/wp-content\/uploads\/sites\/59\/2018\/12\/Situation.png\" alt=\"\" width=\"606\" height=\"429\" srcset=\"https:\/\/ent2d.ac-bordeaux.fr\/disciplines\/lithotheque\/wp-content\/uploads\/sites\/59\/2018\/12\/Situation.png 606w, https:\/\/ent2d.ac-bordeaux.fr\/disciplines\/lithotheque\/wp-content\/uploads\/sites\/59\/2018\/12\/Situation-300x212.png 300w\" sizes=\"auto, (max-width: 606px) 100vw, 606px\" \/><\/a><figcaption id=\"caption-attachment-827\" class=\"wp-caption-text\"><span style=\"color: #000000\">Situation et emplacement du ROC BRANLANT (croix rose)<\/span><\/figcaption><\/figure>\n<figure id=\"attachment_828\" aria-describedby=\"caption-attachment-828\" style=\"width: 4608px\" class=\"wp-caption alignleft\"><a style=\"color: #000000\" href=\"https:\/\/ent2d.ac-bordeaux.fr\/disciplines\/lithotheque\/wp-content\/uploads\/sites\/59\/2018\/12\/Localisation-entre\u0301e_parking.jpg\"><img loading=\"lazy\" decoding=\"async\" class=\"size-full wp-image-828\" src=\"https:\/\/ent2d.ac-bordeaux.fr\/disciplines\/lithotheque\/wp-content\/uploads\/sites\/59\/2018\/12\/Localisation-entre\u0301e_parking.jpg\" alt=\"\" width=\"4608\" height=\"3072\" srcset=\"https:\/\/ent2d.ac-bordeaux.fr\/disciplines\/lithotheque\/wp-content\/uploads\/sites\/59\/2018\/12\/Localisation-entre\u0301e_parking.jpg 4608w, https:\/\/ent2d.ac-bordeaux.fr\/disciplines\/lithotheque\/wp-content\/uploads\/sites\/59\/2018\/12\/Localisation-entre\u0301e_parking-300x200.jpg 300w, https:\/\/ent2d.ac-bordeaux.fr\/disciplines\/lithotheque\/wp-content\/uploads\/sites\/59\/2018\/12\/Localisation-entre\u0301e_parking-768x512.jpg 768w, https:\/\/ent2d.ac-bordeaux.fr\/disciplines\/lithotheque\/wp-content\/uploads\/sites\/59\/2018\/12\/Localisation-entre\u0301e_parking-1024x683.jpg 1024w\" sizes=\"auto, (max-width: 4608px) 100vw, 4608px\" \/><\/a><figcaption id=\"caption-attachment-828\" class=\"wp-caption-text\"><span style=\"color: #000000\">Localisation_entr\u00e9e du site_parking<\/span><\/figcaption><\/figure>\n<figure id=\"attachment_826\" aria-describedby=\"caption-attachment-826\" style=\"width: 4608px\" class=\"wp-caption alignleft\"><a style=\"color: #000000\" href=\"https:\/\/ent2d.ac-bordeaux.fr\/disciplines\/lithotheque\/wp-content\/uploads\/sites\/59\/2018\/12\/Plan-du-site.jpg\"><img loading=\"lazy\" decoding=\"async\" class=\"size-full wp-image-826\" src=\"https:\/\/ent2d.ac-bordeaux.fr\/disciplines\/lithotheque\/wp-content\/uploads\/sites\/59\/2018\/12\/Plan-du-site.jpg\" alt=\"\" width=\"4608\" height=\"3072\" srcset=\"https:\/\/ent2d.ac-bordeaux.fr\/disciplines\/lithotheque\/wp-content\/uploads\/sites\/59\/2018\/12\/Plan-du-site.jpg 4608w, https:\/\/ent2d.ac-bordeaux.fr\/disciplines\/lithotheque\/wp-content\/uploads\/sites\/59\/2018\/12\/Plan-du-site-300x200.jpg 300w, https:\/\/ent2d.ac-bordeaux.fr\/disciplines\/lithotheque\/wp-content\/uploads\/sites\/59\/2018\/12\/Plan-du-site-768x512.jpg 768w, https:\/\/ent2d.ac-bordeaux.fr\/disciplines\/lithotheque\/wp-content\/uploads\/sites\/59\/2018\/12\/Plan-du-site-1024x683.jpg 1024w\" sizes=\"auto, (max-width: 4608px) 100vw, 4608px\" \/><\/a><figcaption id=\"caption-attachment-826\" class=\"wp-caption-text\"><span style=\"color: #000000\">Plan du site<\/span><\/figcaption><\/figure>\n<div class=\"mceTemp\">\u00a0<\/div>\n<p><span style=\"color: #000000\"><strong><u>Mots-cl\u00e9s et liens avec les programmes<\/u>\u00a0:<\/strong><\/span><\/p>\n<table width=\"100%\">\n<tbody>\n<tr>\n<td style=\"text-align: center\" colspan=\"2\" width=\"321\"><span style=\"color: #000000\"><strong>Coll\u00e8ge<\/strong><\/span><\/td>\n<td style=\"text-align: center\" colspan=\"2\" width=\"321\"><span style=\"color: #000000\"><strong>Lyc\u00e9e<\/strong><\/span><\/td>\n<\/tr>\n<tr>\n<td style=\"text-align: center\" rowspan=\"2\" width=\"321\"><span style=\"color: #000000\"><strong>Cycle 3<\/strong><\/span><\/td>\n<td style=\"text-align: center\" rowspan=\"2\" width=\"321\"><span style=\"color: #000000\">Identifier les composantes biologiques et g\u00e9ologiques d\u2019un paysage\u00a0: Paysages, g\u00e9ologie locale, interactions avec l\u2019environnement et le peuplement.<\/span><\/td>\n<td style=\"text-align: center\" width=\"321\"><span style=\"color: #000000\"><strong>2nde<\/strong><\/span><\/td>\n<td style=\"text-align: left\" width=\"321\"><span style=\"color: #000000\">THEME 2 &#8211; L\u2019\u00e9rosion, processus et cons\u00e9quences.<\/span><\/td>\n<\/tr>\n<tr>\n<td style=\"text-align: center\" width=\"50\"><span style=\"color: #000000\"><strong>Terminale Sp\u00e9cialit\u00e9<\/strong><\/span><\/td>\n<td width=\"271\">\n<p><span style=\"color: #000000\">THEME 1B &#8211; A la recherche du pass\u00e9 g\u00e9ologique de notre plan\u00e8te :<\/span><\/p>\n<p style=\"padding-left: 40px\"><span style=\"color: #000000\">\u2022 Le temps et les roches <\/span><br \/><span style=\"color: #000000\">\u2022 Les traces du pass\u00e9 mouvement\u00e9 de la Terre : La recherche d\u2019oc\u00e9ans disparus.<\/span><\/p>\n<\/td>\n<\/tr>\n<\/tbody>\n<\/table>\n<p><span style=\"color: #000000\"><strong><u>A proximit\u00e9<\/u>\u00a0:<\/strong><\/span><\/p>\n<ul>\n<li><span style=\"color: #000000\"><strong>Le parcours comporte un sentier ethnobotanique d\u2019environ 600 m. <\/strong>Des panneaux explicatifs le\u00a0 jalonne afin de d\u00e9couvrir des plantes m\u00e9dicinales comme culinaires.<\/span><\/li>\n<\/ul>\n<p style=\"padding-left: 30px\"><span style=\"color: #000000\">Dur\u00e9e du parcours\u00a0: 30 min<\/span><\/p>\n<ul>\n<li><span style=\"color: #000000\"><strong>Sur le site\u00a0: Un bief\u00a0: ancien canal amenant l\u2019eau \u00e0 des moulins<\/strong><\/span><\/li>\n<li><span style=\"color: #000000\"><strong>Eglise de Saint-Est\u00e8phe. <\/strong><\/span><a href=\"http:\/\/www.le-roc-branlant-estephe.sitew.fr\/#eglise_de_saint_Estephe.B\">http:\/\/www.le-roc-branlant-estephe.sitew.fr\/#eglise_de_saint_Estephe.B<\/a><\/li>\n<\/ul>","protected":false},"excerpt":{"rendered":"<p>\u00a0 Coordonn\u00e9es g\u00e9ographiques et GPS du site 45\u00b035&#8217;28.14&#8243;N 0\u00b040&#8217;18.18&#8243;E 45,59151 0,66943 Description du site : Roches\u00a0: granodiorite et granite \u00e0 biotite (pour plus d\u2019information\u00a0: http:\/\/infoterre.brgm.fr\/rapports\/80-SGN-397-AQI.pdf) Conditions de formation et pal\u00e9oenvironnement\u00a0 &#8230;<\/p>\n","protected":false},"author":8,"featured_media":0,"parent":0,"menu_order":0,"comment_status":"closed","ping_status":"closed","template":"","meta":{"footnotes":""},"class_list":["post-818","page","type-page","status-publish","hentry"],"_links":{"self":[{"href":"https:\/\/ent2d.ac-bordeaux.fr\/disciplines\/lithotheque\/wp-json\/wp\/v2\/pages\/818","targetHints":{"allow":["GET"]}}],"collection":[{"href":"https:\/\/ent2d.ac-bordeaux.fr\/disciplines\/lithotheque\/wp-json\/wp\/v2\/pages"}],"about":[{"href":"https:\/\/ent2d.ac-bordeaux.fr\/disciplines\/lithotheque\/wp-json\/wp\/v2\/types\/page"}],"author":[{"embeddable":true,"href":"https:\/\/ent2d.ac-bordeaux.fr\/disciplines\/lithotheque\/wp-json\/wp\/v2\/users\/8"}],"replies":[{"embeddable":true,"href":"https:\/\/ent2d.ac-bordeaux.fr\/disciplines\/lithotheque\/wp-json\/wp\/v2\/comments?post=818"}],"version-history":[{"count":7,"href":"https:\/\/ent2d.ac-bordeaux.fr\/disciplines\/lithotheque\/wp-json\/wp\/v2\/pages\/818\/revisions"}],"predecessor-version":[{"id":1412,"href":"https:\/\/ent2d.ac-bordeaux.fr\/disciplines\/lithotheque\/wp-json\/wp\/v2\/pages\/818\/revisions\/1412"}],"wp:attachment":[{"href":"https:\/\/ent2d.ac-bordeaux.fr\/disciplines\/lithotheque\/wp-json\/wp\/v2\/media?parent=818"}],"curies":[{"name":"wp","href":"https:\/\/api.w.org\/{rel}","templated":true}]}}