{"id":122,"date":"2018-04-29T21:00:10","date_gmt":"2018-04-29T19:00:10","guid":{"rendered":"https:\/\/ent2d.ac-bordeaux.fr\/disciplines\/lithotheque\/?page_id=122"},"modified":"2019-04-28T19:32:11","modified_gmt":"2019-04-28T17:32:11","slug":"la-faille-inverse-dharanbeltz","status":"publish","type":"page","link":"https:\/\/ent2d.ac-bordeaux.fr\/disciplines\/lithotheque\/la-faille-inverse-dharanbeltz\/","title":{"rendered":"64 &#8211; Faille inverse d&#8217;Haranbeltz"},"content":{"rendered":"<h6 style=\"text-align: center\"><strong><span style=\"color: #000000\">D\u00e9formations cassantes dans l&#8217;affleurement d&#8217;Haranbeltz<\/span><\/strong><\/h6>\n<table width=\"100%\">\n<tbody>\n<tr>\n<td style=\"text-align: center\" colspan=\"2\" width=\"241\"><a href=\"http:\/\/u.osmfr.org\/m\/220240\/\"><span style=\"color: #00ccff\"><strong style=\"color: #00ccff\">Coordonn\u00e9es g\u00e9ographiques et GPS du parking<\/strong><\/span><\/a><\/td>\n<\/tr>\n<tr>\n<td style=\"text-align: center\" width=\"121\"><span style=\"color: #000000\">43\u00b016&#8217;00.9&#8243;N<\/span><\/td>\n<td style=\"text-align: center\" width=\"121\"><span style=\"color: #000000\">1\u00b002&#8217;16.4&#8243;W<\/span><\/td>\n<\/tr>\n<tr>\n<td style=\"text-align: center\" width=\"121\"><span style=\"color: #000000\">43.266909<\/span><\/td>\n<td style=\"text-align: center\" width=\"121\"><span style=\"color: #000000\">-1.037892<\/span><\/td>\n<\/tr>\n<\/tbody>\n<\/table>\n<div>\n<table width=\"100%\">\n<tbody>\n<tr>\n<td align=\"center\" width=\"49%\">\n<p><figure id=\"attachment_610\" aria-describedby=\"caption-attachment-610\" style=\"width: 438px\" class=\"wp-caption alignleft\"><img loading=\"lazy\" decoding=\"async\" class=\"\" src=\"https:\/\/ent2d.ac-bordeaux.fr\/disciplines\/lithotheque\/wp-content\/uploads\/sites\/59\/2018\/09\/1-extrait-carte-g\u00e9ologique-Maul\u00e9on-Licharre-n\u00b0-1028.jpg\" width=\"438\" height=\"255\" \/><figcaption id=\"caption-attachment-610\" class=\"wp-caption-text\">Carte g\u00e9ologique : N\u00b01028 &#8211; MAULEON LICHARRE<\/figcaption><\/figure><\/td>\n<td align=\"center\" width=\"51%\"><img loading=\"lazy\" decoding=\"async\" src=\"https:\/\/ent2d.ac-bordeaux.fr\/disciplines\/lithotheque\/wp-content\/uploads\/sites\/59\/2018\/09\/2-le\u0301gendes-carte-ge\u0301ologique-Maule\u0301on-Licharre-n\u00b01028.jpg\" width=\"463\" height=\"306\" \/><\/td>\n<\/tr>\n<\/tbody>\n<\/table>\n<\/div>\n<figure id=\"attachment_703\" aria-describedby=\"caption-attachment-703\" style=\"width: 1451px\" class=\"wp-caption alignleft\"><a href=\"https:\/\/ent2d.ac-bordeaux.fr\/disciplines\/lithotheque\/la-faille-inverse-dharanbeltz\/3-localisation-site-haranbeltz\/\" rel=\"attachment wp-att-703\"><img loading=\"lazy\" decoding=\"async\" class=\"size-full wp-image-703\" src=\"https:\/\/ent2d.ac-bordeaux.fr\/disciplines\/lithotheque\/wp-content\/uploads\/sites\/59\/2018\/09\/3-localisation-site-Haranbeltz.jpg\" alt=\"\" width=\"1451\" height=\"837\" srcset=\"https:\/\/ent2d.ac-bordeaux.fr\/disciplines\/lithotheque\/wp-content\/uploads\/sites\/59\/2018\/09\/3-localisation-site-Haranbeltz.jpg 1451w, https:\/\/ent2d.ac-bordeaux.fr\/disciplines\/lithotheque\/wp-content\/uploads\/sites\/59\/2018\/09\/3-localisation-site-Haranbeltz-300x173.jpg 300w, https:\/\/ent2d.ac-bordeaux.fr\/disciplines\/lithotheque\/wp-content\/uploads\/sites\/59\/2018\/09\/3-localisation-site-Haranbeltz-768x443.jpg 768w, https:\/\/ent2d.ac-bordeaux.fr\/disciplines\/lithotheque\/wp-content\/uploads\/sites\/59\/2018\/09\/3-localisation-site-Haranbeltz-1024x591.jpg 1024w\" sizes=\"auto, (max-width: 1451px) 100vw, 1451px\" \/><\/a><figcaption id=\"caption-attachment-703\" class=\"wp-caption-text\">Localisation site Haranbeltz<\/figcaption><\/figure>\n<figure id=\"attachment_48\" aria-describedby=\"caption-attachment-48\" style=\"width: 1478px\" class=\"wp-caption aligncenter\"><img loading=\"lazy\" decoding=\"async\" class=\"size-full wp-image-48\" src=\"https:\/\/ent2d.ac-bordeaux.fr\/disciplines\/lithotheque\/wp-content\/uploads\/sites\/59\/2018\/04\/arhansus_haranbeltz.jpg\" alt=\"\" width=\"1478\" height=\"944\" srcset=\"https:\/\/ent2d.ac-bordeaux.fr\/disciplines\/lithotheque\/wp-content\/uploads\/sites\/59\/2018\/04\/arhansus_haranbeltz.jpg 1478w, https:\/\/ent2d.ac-bordeaux.fr\/disciplines\/lithotheque\/wp-content\/uploads\/sites\/59\/2018\/04\/arhansus_haranbeltz-300x192.jpg 300w, https:\/\/ent2d.ac-bordeaux.fr\/disciplines\/lithotheque\/wp-content\/uploads\/sites\/59\/2018\/04\/arhansus_haranbeltz-768x491.jpg 768w, https:\/\/ent2d.ac-bordeaux.fr\/disciplines\/lithotheque\/wp-content\/uploads\/sites\/59\/2018\/04\/arhansus_haranbeltz-1024x654.jpg 1024w\" sizes=\"auto, (max-width: 1478px) 100vw, 1478px\" \/><figcaption id=\"caption-attachment-48\" class=\"wp-caption-text\">Arhansus Haranbeltz<\/figcaption><\/figure>\n<p><span style=\"color: #000000\"><strong><u>Description du site<\/u> :<\/strong><\/span><\/p>\n<p><span style=\"color: #000000\">Faille inverse de plusieurs m\u00e8tres dans des roches s\u00e9dimentaires du C\u00e9nomanien (-100 Ma \u00e0 -90 Ma) s\u00e9parant un bloc sud chevauch\u00e9 par le bloc nord.<\/span><\/p>\n<p><span style=\"color: #000000\">Les diff\u00e9rentes strates sont constitu\u00e9es d&#8217;argiles, de silts, de gr\u00e8s et de conglom\u00e9rats\u00a0; des lentilles de calcaire \u00e0 silex peuvent s&#8217;intercaler.<\/span><\/p>\n<p><span style=\"color: #000000\">Les strates, bien visibles, permettent ais\u00e9ment d&#8217;identifier la faille.<\/span><\/p>\n<p><span style=\"color: #000000\">L&#8217;\u00e9paisseur du flysch c\u00e9nomanien atteint 300 \u00e0 400 m dans cette zone.<\/span><\/p>\n<p><span style=\"color: #000000\">Les d\u00e9formations sont cons\u00e9quentes \u00e0 la formation des Pyr\u00e9n\u00e9es (\u00e0 partir de -50 Ma).<\/span><\/p>\n<p><span style=\"color: #000000\">Ces d\u00e9formations correspondent \u00e0 des contraintes tectoniques de convergence \/ compression.<\/span><\/p>\n<p><span style=\"color: #000000\">Le plan de faille est orient\u00e9 O-E. Le pendage est orient\u00e9 N-S.<\/span><\/p>\n<p><span style=\"color: #000000\"><strong><u>Activit\u00e9s envisageables<\/u> :<\/strong><\/span><\/p>\n<ul>\n<li><span style=\"color: #000000\">se rep\u00e9rer, s&#8217;orienter sur une carte, avec une boussole, en utilisant une application de g\u00e9olocalisation<\/span><\/li>\n<li><span style=\"color: #000000\">r\u00e9aliser un croquis ou traiter num\u00e9riquement une photographie de la structure (les poteaux t\u00e9l\u00e9phoniques donnent l&#8217;\u00e9chelle) = donner du sens<\/span><\/li>\n<li><span style=\"color: #000000\">imaginer les forces \/ contraintes n\u00e9cessaires \u00e0 la mise en place de telles structures = donner du sens<\/span><\/li>\n<li><span style=\"color: #000000\">relier ces d\u00e9formations \u00e0 la formation des Pyr\u00e9n\u00e9es dans un contexte de convergence des plaques ib\u00e9rique et Eurasie = proposer une explication \u00e0 la mise en place de telles structures<\/span><\/li>\n<li><span style=\"color: #000000\">comparer ces d\u00e9formations cassantes \u00e0 des d\u00e9formations souples (voir <a href=\"https:\/\/ent2d.ac-bordeaux.fr\/disciplines\/lithotheque\/lanticlinal-darhansus\/\">affleurement Arhansus<\/a>) = proposer une explication \u00e0 la mise en place de telles structures<\/span><\/li>\n<li><span style=\"color: #000000\">mesurer les angles de pendage en utilisant les fonctionnalit\u00e9s d&#8217;un logiciel de mesure d&#8217;image (type Mesurim)<\/span><\/li>\n<li><span style=\"color: #000000\">orienter le plan de faille et le pendage de la faille \u00e0 l&#8217;aide d&#8217;une boussole, d&#8217;une carte ou d&#8217;une application de g\u00e9olocalisation<\/span><\/li>\n<\/ul>\n<figure id=\"attachment_126\" aria-describedby=\"caption-attachment-126\" style=\"width: 3968px\" class=\"wp-caption alignleft\"><img loading=\"lazy\" decoding=\"async\" class=\"size-full wp-image-126\" src=\"https:\/\/ent2d.ac-bordeaux.fr\/disciplines\/lithotheque\/wp-content\/uploads\/sites\/59\/2018\/05\/haranbeltz.jpg\" alt=\"\" width=\"3968\" height=\"2976\" srcset=\"https:\/\/ent2d.ac-bordeaux.fr\/disciplines\/lithotheque\/wp-content\/uploads\/sites\/59\/2018\/05\/haranbeltz.jpg 3968w, https:\/\/ent2d.ac-bordeaux.fr\/disciplines\/lithotheque\/wp-content\/uploads\/sites\/59\/2018\/05\/haranbeltz-300x225.jpg 300w, https:\/\/ent2d.ac-bordeaux.fr\/disciplines\/lithotheque\/wp-content\/uploads\/sites\/59\/2018\/05\/haranbeltz-768x576.jpg 768w, https:\/\/ent2d.ac-bordeaux.fr\/disciplines\/lithotheque\/wp-content\/uploads\/sites\/59\/2018\/05\/haranbeltz-1024x768.jpg 1024w\" sizes=\"auto, (max-width: 3968px) 100vw, 3968px\" \/><figcaption id=\"caption-attachment-126\" class=\"wp-caption-text\">Affleurement Haranbeltz_Vue de face<\/figcaption><\/figure>\n<figure id=\"attachment_128\" aria-describedby=\"caption-attachment-128\" style=\"width: 3968px\" class=\"wp-caption alignleft\"><img loading=\"lazy\" decoding=\"async\" class=\"size-full wp-image-128\" src=\"https:\/\/ent2d.ac-bordeaux.fr\/disciplines\/lithotheque\/wp-content\/uploads\/sites\/59\/2018\/05\/haranbeltz_interpr.jpg\" alt=\"\" width=\"3968\" height=\"2976\" srcset=\"https:\/\/ent2d.ac-bordeaux.fr\/disciplines\/lithotheque\/wp-content\/uploads\/sites\/59\/2018\/05\/haranbeltz_interpr.jpg 3968w, https:\/\/ent2d.ac-bordeaux.fr\/disciplines\/lithotheque\/wp-content\/uploads\/sites\/59\/2018\/05\/haranbeltz_interpr-300x225.jpg 300w, https:\/\/ent2d.ac-bordeaux.fr\/disciplines\/lithotheque\/wp-content\/uploads\/sites\/59\/2018\/05\/haranbeltz_interpr-768x576.jpg 768w, https:\/\/ent2d.ac-bordeaux.fr\/disciplines\/lithotheque\/wp-content\/uploads\/sites\/59\/2018\/05\/haranbeltz_interpr-1024x768.jpg 1024w\" sizes=\"auto, (max-width: 3968px) 100vw, 3968px\" \/><figcaption id=\"caption-attachment-128\" class=\"wp-caption-text\">Affleurement Haranbeltz_Vue de face_Interpr\u00e9tation<\/figcaption><\/figure>\n<p><span style=\"color: #000000\"><strong><u>Acc\u00e8s \/ s\u00e9curit\u00e9<\/u>\u00a0:<\/strong><\/span><\/p>\n<p><span style=\"color: #000000\">Sur la D933 reliant St Palais \u00e0 St Jean Pied de Port, le parking pour le bus se trouve \u00e0 l&#8217;embranchement avec la D702 menant au village d&#8217;Arhansus. Il y a un arr\u00eat pour bus de ligne avec de la place pour garer un autobus.<\/span><\/p>\n<figure id=\"attachment_52\" aria-describedby=\"caption-attachment-52\" style=\"width: 3968px\" class=\"wp-caption aligncenter\"><img loading=\"lazy\" decoding=\"async\" class=\"size-full wp-image-52\" src=\"https:\/\/ent2d.ac-bordeaux.fr\/disciplines\/lithotheque\/wp-content\/uploads\/sites\/59\/2018\/04\/parking.jpg\" alt=\"\" width=\"3968\" height=\"2976\" srcset=\"https:\/\/ent2d.ac-bordeaux.fr\/disciplines\/lithotheque\/wp-content\/uploads\/sites\/59\/2018\/04\/parking.jpg 3968w, https:\/\/ent2d.ac-bordeaux.fr\/disciplines\/lithotheque\/wp-content\/uploads\/sites\/59\/2018\/04\/parking-300x225.jpg 300w, https:\/\/ent2d.ac-bordeaux.fr\/disciplines\/lithotheque\/wp-content\/uploads\/sites\/59\/2018\/04\/parking-768x576.jpg 768w, https:\/\/ent2d.ac-bordeaux.fr\/disciplines\/lithotheque\/wp-content\/uploads\/sites\/59\/2018\/04\/parking-1024x768.jpg 1024w\" sizes=\"auto, (max-width: 3968px) 100vw, 3968px\" \/><figcaption id=\"caption-attachment-52\" class=\"wp-caption-text\">Parking bus<\/figcaption><\/figure>\n<p><span style=\"color: #000000\">L&#8217;affleurement est de l&#8217;autre c\u00f4t\u00e9 de la route (c\u00f4t\u00e9 ouest). <strong>On observe depuis le parking du bus<\/strong>, un terre-plein permet \u00e0 la classe enti\u00e8re d&#8217;observer le site sans risque depuis le parking. La route de l&#8217;ancienne D933\u00a0 n&#8217;est plus emprunt\u00e9e mais reste l&#8217;acc\u00e8s \u00e0 une ferme. <strong>Ne surtout pas traverser la route<\/strong> pour s&#8217;approcher de l&#8217;affleurement, les voitures roulent vite \u00e0 cet endroit\u00a0!! Le parking offre un observatoire s\u00e9curis\u00e9 id\u00e9al pour travailler.<\/span><\/p>\n<p><span style=\"color: #000000\"><strong><u>Mots-cl\u00e9s et liens avec les programmes<\/u>\u00a0:<\/strong><\/span><\/p>\n<table width=\"100%\">\n<tbody>\n<tr>\n<td style=\"text-align: center\" colspan=\"2\" width=\"321\"><span style=\"color: #000000\"><strong>Coll\u00e8ge<\/strong><\/span><\/td>\n<td style=\"text-align: center\" colspan=\"2\" width=\"321\"><span style=\"color: #000000\"><strong>Lyc\u00e9e<\/strong><\/span><\/td>\n<\/tr>\n<tr>\n<td style=\"text-align: center\" rowspan=\"2\" width=\"58\"><span style=\"color: #000000\"><strong>Cycle 3<\/strong><\/span><\/td>\n<td rowspan=\"2\" width=\"264\"><span style=\"color: #000000\">Identifier composantes g\u00e9ologiques d&#8217;un paysage \u2013 g\u00e9ologie locale<\/span><\/p>\n<p><span style=\"color: #000000\">Risque \u2013 tremblements de terre<\/span><\/td>\n<td style=\"text-align: left\" width=\"50\"><strong>2nde<\/strong><\/td>\n<td width=\"271\">S\u00e9dimentation et milieux de s\u00e9dimentation<\/td>\n<\/tr>\n<tr>\n<td style=\"text-align: left\" width=\"50\"><strong>Premi\u00e8re Sp\u00e9cialit\u00e9<\/strong><\/td>\n<td width=\"271\">Les zones de collision<\/td>\n<\/tr>\n<tr>\n<td style=\"text-align: center\" width=\"58\"><span style=\"color: #000000\"><strong>Cycle 4<\/strong><\/span><\/td>\n<td width=\"264\"><span style=\"color: #000000\">\u00c9v\u00e9nements g\u00e9ologiques (formation des Pyr\u00e9n\u00e9es et d\u00e9formations associ\u00e9es)<\/span><\/p>\n<p><span style=\"color: #000000\">S\u00e9ismes \u2013 risques naturels<\/span><\/p>\n<p><span style=\"color: #000000\">Mouvements de blocs rocheux et relation \u00e0 l&#8217;accumulation de tensions li\u00e9es aux mouvements des plaques<\/span><\/td>\n<td width=\"321\"><span style=\"color: #000000\"><strong>TS<\/strong>\u00a0<\/span><\/td>\n<td width=\"321\"><span style=\"color: #000000\"><span style=\"color: #000000\">T1B1 &#8211; Epaisseur de la CC \u2013 pli = indice tectonique<\/span><\/span><\/p>\n<p><span style=\"color: #000000\">T1B2 &#8211; Formation cha\u00eenes de montagnes en contexte de convergence<\/span><\/td>\n<\/tr>\n<\/tbody>\n<\/table>\n<p><span style=\"color: #000000\"><strong><u>A proximit\u00e9<\/u>\u00a0:<\/strong><\/span><\/p>\n<p align=\"JUSTIFY\"><span style=\"color: #000000\">1 Km : Chapelle d&#8217;Haranbeltz : sur la voie du Puy de St Jacques de Compostelle, chapelle romane en partie restaur\u00e9e du XIIe si\u00e8cle, st\u00e8les disco\u00efdales dans le cimeti\u00e8re.<\/span><\/p>\n<figure id=\"attachment_49\" aria-describedby=\"caption-attachment-49\" style=\"width: 3968px\" class=\"wp-caption aligncenter\"><img loading=\"lazy\" decoding=\"async\" class=\"wp-image-49 size-full\" src=\"https:\/\/ent2d.ac-bordeaux.fr\/disciplines\/lithotheque\/wp-content\/uploads\/sites\/59\/2018\/04\/chapelle.jpg\" alt=\"\" width=\"3968\" height=\"2976\" srcset=\"https:\/\/ent2d.ac-bordeaux.fr\/disciplines\/lithotheque\/wp-content\/uploads\/sites\/59\/2018\/04\/chapelle.jpg 3968w, https:\/\/ent2d.ac-bordeaux.fr\/disciplines\/lithotheque\/wp-content\/uploads\/sites\/59\/2018\/04\/chapelle-300x225.jpg 300w, https:\/\/ent2d.ac-bordeaux.fr\/disciplines\/lithotheque\/wp-content\/uploads\/sites\/59\/2018\/04\/chapelle-768x576.jpg 768w, https:\/\/ent2d.ac-bordeaux.fr\/disciplines\/lithotheque\/wp-content\/uploads\/sites\/59\/2018\/04\/chapelle-1024x768.jpg 1024w\" sizes=\"auto, (max-width: 3968px) 100vw, 3968px\" \/><figcaption id=\"caption-attachment-49\" class=\"wp-caption-text\">Haranbeltz_Chapelle<\/figcaption><\/figure>\n<div class=\"mceTemp\"><\/div>\n<figure id=\"attachment_699\" aria-describedby=\"caption-attachment-699\" style=\"width: 3968px\" class=\"wp-caption alignleft\"><a href=\"https:\/\/ent2d.ac-bordeaux.fr\/disciplines\/lithotheque\/lanticlinal-darhansus\/bty-29\/\" rel=\"attachment wp-att-699\"><img loading=\"lazy\" decoding=\"async\" class=\"size-full wp-image-699\" src=\"https:\/\/ent2d.ac-bordeaux.fr\/disciplines\/lithotheque\/wp-content\/uploads\/sites\/59\/2018\/09\/13-ste\u0300les-discoi\u0308dales.jpg\" alt=\"\" width=\"3968\" height=\"2976\" srcset=\"https:\/\/ent2d.ac-bordeaux.fr\/disciplines\/lithotheque\/wp-content\/uploads\/sites\/59\/2018\/09\/13-ste\u0300les-discoi\u0308dales.jpg 3968w, https:\/\/ent2d.ac-bordeaux.fr\/disciplines\/lithotheque\/wp-content\/uploads\/sites\/59\/2018\/09\/13-ste\u0300les-discoi\u0308dales-300x225.jpg 300w, https:\/\/ent2d.ac-bordeaux.fr\/disciplines\/lithotheque\/wp-content\/uploads\/sites\/59\/2018\/09\/13-ste\u0300les-discoi\u0308dales-768x576.jpg 768w, https:\/\/ent2d.ac-bordeaux.fr\/disciplines\/lithotheque\/wp-content\/uploads\/sites\/59\/2018\/09\/13-ste\u0300les-discoi\u0308dales-1024x768.jpg 1024w\" sizes=\"auto, (max-width: 3968px) 100vw, 3968px\" \/><\/a><figcaption id=\"caption-attachment-699\" class=\"wp-caption-text\">Ste\u0300les_discoi\u0308dales<\/figcaption><\/figure>\n<p align=\"JUSTIFY\"><span style=\"color: #000000\">1 Km : chemin de St Jacques de Compostelle, voie du Puy.<\/span><\/p>\n<figure id=\"attachment_50\" aria-describedby=\"caption-attachment-50\" style=\"width: 3968px\" class=\"wp-caption aligncenter\"><img loading=\"lazy\" decoding=\"async\" class=\"wp-image-50 size-full\" src=\"https:\/\/ent2d.ac-bordeaux.fr\/disciplines\/lithotheque\/wp-content\/uploads\/sites\/59\/2018\/04\/chemin_st_jacques.jpg\" alt=\"\" width=\"3968\" height=\"2976\" srcset=\"https:\/\/ent2d.ac-bordeaux.fr\/disciplines\/lithotheque\/wp-content\/uploads\/sites\/59\/2018\/04\/chemin_st_jacques.jpg 3968w, https:\/\/ent2d.ac-bordeaux.fr\/disciplines\/lithotheque\/wp-content\/uploads\/sites\/59\/2018\/04\/chemin_st_jacques-300x225.jpg 300w, https:\/\/ent2d.ac-bordeaux.fr\/disciplines\/lithotheque\/wp-content\/uploads\/sites\/59\/2018\/04\/chemin_st_jacques-768x576.jpg 768w, https:\/\/ent2d.ac-bordeaux.fr\/disciplines\/lithotheque\/wp-content\/uploads\/sites\/59\/2018\/04\/chemin_st_jacques-1024x768.jpg 1024w\" sizes=\"auto, (max-width: 3968px) 100vw, 3968px\" \/><figcaption id=\"caption-attachment-50\" class=\"wp-caption-text\">Saint Jacques de Compostelle<\/figcaption><\/figure>\n<p align=\"JUSTIFY\"><span style=\"color: #000000\">4 Km : village d&#8217;Ostabat sur les chemins de St Jacques de Compostelle, point de convergence de diff\u00e9rentes voies jacobines (une balade entre Haranbeltz et Ostabat par le bois d&#8217;Ostabat est envisageable : chemin\/sentier tr\u00e8s emprunt\u00e9 par les p\u00e8lerins et bien balis\u00e9).<\/span><\/p>\n","protected":false},"excerpt":{"rendered":"<p>D\u00e9formations cassantes dans l&#8217;affleurement d&#8217;Haranbeltz Coordonn\u00e9es g\u00e9ographiques et GPS du parking 43\u00b016&#8217;00.9&#8243;N 1\u00b002&#8217;16.4&#8243;W 43.266909 -1.037892 Description du site : Faille inverse de plusieurs m\u00e8tres dans des roches s\u00e9dimentaires du C\u00e9nomanien &#8230;<\/p>\n","protected":false},"author":8,"featured_media":0,"parent":0,"menu_order":0,"comment_status":"closed","ping_status":"closed","template":"template-left-sidebar.php","meta":{"footnotes":""},"class_list":["post-122","page","type-page","status-publish","hentry"],"_links":{"self":[{"href":"https:\/\/ent2d.ac-bordeaux.fr\/disciplines\/lithotheque\/wp-json\/wp\/v2\/pages\/122","targetHints":{"allow":["GET"]}}],"collection":[{"href":"https:\/\/ent2d.ac-bordeaux.fr\/disciplines\/lithotheque\/wp-json\/wp\/v2\/pages"}],"about":[{"href":"https:\/\/ent2d.ac-bordeaux.fr\/disciplines\/lithotheque\/wp-json\/wp\/v2\/types\/page"}],"author":[{"embeddable":true,"href":"https:\/\/ent2d.ac-bordeaux.fr\/disciplines\/lithotheque\/wp-json\/wp\/v2\/users\/8"}],"replies":[{"embeddable":true,"href":"https:\/\/ent2d.ac-bordeaux.fr\/disciplines\/lithotheque\/wp-json\/wp\/v2\/comments?post=122"}],"version-history":[{"count":15,"href":"https:\/\/ent2d.ac-bordeaux.fr\/disciplines\/lithotheque\/wp-json\/wp\/v2\/pages\/122\/revisions"}],"predecessor-version":[{"id":1180,"href":"https:\/\/ent2d.ac-bordeaux.fr\/disciplines\/lithotheque\/wp-json\/wp\/v2\/pages\/122\/revisions\/1180"}],"wp:attachment":[{"href":"https:\/\/ent2d.ac-bordeaux.fr\/disciplines\/lithotheque\/wp-json\/wp\/v2\/media?parent=122"}],"curies":[{"name":"wp","href":"https:\/\/api.w.org\/{rel}","templated":true}]}}