{"id":5187,"date":"2023-02-20T17:01:02","date_gmt":"2023-02-20T16:01:02","guid":{"rendered":"https:\/\/ent2d.ac-bordeaux.fr\/disciplines\/lettres-histoire\/?page_id=5187"},"modified":"2023-02-20T17:04:59","modified_gmt":"2023-02-20T16:04:59","slug":"leducation-artistique-et-culturelle","status":"publish","type":"page","link":"https:\/\/ent2d.ac-bordeaux.fr\/disciplines\/lettres-histoire\/dispositifs-et-pedagogie\/leducation-artistique-et-culturelle\/","title":{"rendered":"L&#8217;\u00e9ducation artistique et culturelle"},"content":{"rendered":"<p style=\"text-align: justify\">L\u2019\u00e9ducation artistique et culturelle (EAC) accompagne les enseignements et conduit les \u00e9l\u00e8ves \u00e0 poser un regard personnel sur le monde. Elle leur permet de d\u00e9velopper sensibilit\u00e9, cr\u00e9ativit\u00e9 et esprit critique ; c\u2019est pourquoi chaque \u00e9l\u00e8ve de la voie professionnelle doit pouvoir chaque ann\u00e9e apprendre, rencontrer et pratiquer la culture sous toute forme. C&#8217;est ce que rappellent les pr\u00e9ambules de nos programmes :<\/p>\n<blockquote><p><span id=\"page8R_mcid1\" class=\"markedContent\"><span dir=\"ltr\">De ce point de vue, en lien avec <\/span><span dir=\"ltr\">les connaissances apport\u00e9es dans le cadre du cours, chaque \u00e9l\u00e8ve au long de ses trois\u00a0<\/span><span dir=\"ltr\">ann\u00e9es de scolarit\u00e9 doit avoir fait au moins une fois l\u2019exp\u00e9rience<\/span><span dir=\"ltr\">:<\/span><\/span><span id=\"page8R_mcid2\" class=\"markedContent\"><br \/>\n<\/span><\/p>\n<ul>\n<li><span id=\"page8R_mcid2\" class=\"markedContent\"><span dir=\"ltr\">d\u2019une rencontre avec le spectacle vivant <\/span><span dir=\"ltr\">;<\/span><\/span><\/li>\n<li style=\"text-align: justify\"><span id=\"page8R_mcid3\" class=\"markedContent\"><span dir=\"ltr\">d\u2019une <\/span><span dir=\"ltr\">d\u00e9couverte (par la visite r\u00e9elle ou virtuelle) d\u2019un mus\u00e9e ou d\u2019un monument du\u00a0<\/span><span dir=\"ltr\">patrimoine culturel ;<\/span><\/span><\/li>\n<li style=\"text-align: justify\"><span id=\"page8R_mcid4\" class=\"markedContent\"><span dir=\"ltr\">d\u2019une contribution personnelle \u00e0 une information publique (presse \u00e9crite, blog du <\/span><span dir=\"ltr\">lyc\u00e9e, prise de parole lors de journ\u00e9es portes ouvertes, salon<\/span><span dir=\"ltr\">&#8230;<\/span><span dir=\"ltr\">)<\/span><\/span><\/li>\n<\/ul>\n<p style=\"text-align: justify\">Il pour<span dir=\"ltr\">ra \u00e9galement avoir fait l\u2019exp\u00e9rience d\u2019une rencontre av<\/span><span dir=\"ltr\">ec un acteur du monde culturel <\/span><span dir=\"ltr\">contemporain <\/span><span dir=\"ltr\">(artiste,<\/span><span dir=\"ltr\">\u00e9crivain,<\/span><span dir=\"ltr\">metteur<\/span><span dir=\"ltr\">en<\/span><span dir=\"ltr\">sc\u00e8ne,<\/span><span dir=\"ltr\">r\u00e9alisateur,<\/span><span dir=\"ltr\">journaliste,<\/span><span dir=\"ltr\">responsable\u00a0<\/span><span dir=\"ltr\">d\u2019actions culturelles&#8230;<\/span><span dir=\"ltr\">).<\/span><\/p>\n<\/blockquote>\n<p style=\"text-align: justify\">Afin que tous les \u00e9l\u00e8ves b\u00e9n\u00e9ficient d\u2019actions artistiques, culturelles et scientifiques de qualit\u00e9, une s\u00e9lection d\u2019actions \u00e9ducatives et de ressources est propos\u00e9e dans\u00a0<a href=\"https:\/\/eduscol.education.fr\/575\/education-artistique-et-culturelle\" target=\"_blank\" rel=\"noopener\">la nouvelle rubrique \u00e9duscol.<\/a>\u00a0L\u2019EAC s\u2019applique sur huit grands domaines que sont : l\u2019ensemble des arts vivants, num\u00e9riques et visuels, le patrimoine, le livre et la lecture, la culture scientifique, technique et industrielle, la politique m\u00e9morielle, mais aussi l\u2019\u00e9ducation aux m\u00e9dias et \u00e0 l\u2019information. Ces actions reposent sur un r\u00e9seau de partenariats \u00e0 destination des \u00e9l\u00e8ves et des professeurs.<\/p>\n<p>Pour monter un projet EAC,\u00a0<a href=\"https:\/\/eduscol.education.fr\/3004\/l-application-adage\" target=\"_blank\" rel=\"noopener\">l\u2019application d\u00e9di\u00e9e \u00e0 la g\u00e9n\u00e9ralisation de l\u2019EAC (Adage)\u00a0<\/a>permet de solliciter les financements, de consulter une base de ressources donnant acc\u00e8s \u00e0 la cartographie de partenaires culturels, aux contacts, aux informations sur les dispositifs. Elle concerne les premier et second degr\u00e9s. Elle est \u00e9galement l\u2019unique voie d\u2019acc\u00e8s au catalogue des offres collectives du pass Culture pour les professeurs.<\/p>\n<p style=\"text-align: justify\">&gt;\u00a0<a href=\"https:\/\/eduscol.education.fr\/575\/education-artistique-et-culturelle\" target=\"_blank\" rel=\"noopener\">CONSULTER LA NOUVELLE RUBRIQUE \u00c9DUCATION CULTURELLE ET ARTISTIQUE SUR \u00c9DUSCOL<\/a><br \/>\n&gt;\u00a0<a href=\"https:\/\/eduscol.education.fr\/3013\/le-pass-culture-un-dispositif-collectif-pour-les-classes-et-individuel-pour-les-eleves\" target=\"_blank\" rel=\"noopener\">TOUT SAVOIR SUR LE PASS CULTURE : PART COLLECTIVE ET PART INDIVIDUELLE<\/a><\/p>\n","protected":false},"excerpt":{"rendered":"<p>L\u2019\u00e9ducation artistique et culturelle (EAC) accompagne les enseignements et conduit les \u00e9l\u00e8ves \u00e0 poser un regard personnel sur le monde.<\/p>\n","protected":false},"author":10,"featured_media":0,"parent":388,"menu_order":0,"comment_status":"closed","ping_status":"closed","template":"","meta":{"_bbp_topic_count":0,"_bbp_reply_count":0,"_bbp_total_topic_count":0,"_bbp_total_reply_count":0,"_bbp_voice_count":0,"_bbp_anonymous_reply_count":0,"_bbp_topic_count_hidden":0,"_bbp_reply_count_hidden":0,"_bbp_forum_subforum_count":0,"footnotes":""},"class_list":["post-5187","page","type-page","status-publish","hentry"],"_links":{"self":[{"href":"https:\/\/ent2d.ac-bordeaux.fr\/disciplines\/lettres-histoire\/wp-json\/wp\/v2\/pages\/5187","targetHints":{"allow":["GET"]}}],"collection":[{"href":"https:\/\/ent2d.ac-bordeaux.fr\/disciplines\/lettres-histoire\/wp-json\/wp\/v2\/pages"}],"about":[{"href":"https:\/\/ent2d.ac-bordeaux.fr\/disciplines\/lettres-histoire\/wp-json\/wp\/v2\/types\/page"}],"author":[{"embeddable":true,"href":"https:\/\/ent2d.ac-bordeaux.fr\/disciplines\/lettres-histoire\/wp-json\/wp\/v2\/users\/10"}],"replies":[{"embeddable":true,"href":"https:\/\/ent2d.ac-bordeaux.fr\/disciplines\/lettres-histoire\/wp-json\/wp\/v2\/comments?post=5187"}],"version-history":[{"count":5,"href":"https:\/\/ent2d.ac-bordeaux.fr\/disciplines\/lettres-histoire\/wp-json\/wp\/v2\/pages\/5187\/revisions"}],"predecessor-version":[{"id":5193,"href":"https:\/\/ent2d.ac-bordeaux.fr\/disciplines\/lettres-histoire\/wp-json\/wp\/v2\/pages\/5187\/revisions\/5193"}],"up":[{"embeddable":true,"href":"https:\/\/ent2d.ac-bordeaux.fr\/disciplines\/lettres-histoire\/wp-json\/wp\/v2\/pages\/388"}],"wp:attachment":[{"href":"https:\/\/ent2d.ac-bordeaux.fr\/disciplines\/lettres-histoire\/wp-json\/wp\/v2\/media?parent=5187"}],"curies":[{"name":"wp","href":"https:\/\/api.w.org\/{rel}","templated":true}]}}