{"id":4569,"date":"2021-08-01T11:14:58","date_gmt":"2021-08-01T10:14:58","guid":{"rendered":"https:\/\/ent2d.ac-bordeaux.fr\/disciplines\/lettres-histoire\/?page_id=4569"},"modified":"2021-08-17T17:25:27","modified_gmt":"2021-08-17T16:25:27","slug":"numerique","status":"publish","type":"page","link":"https:\/\/ent2d.ac-bordeaux.fr\/disciplines\/lettres-histoire\/numerique\/","title":{"rendered":"Num\u00e9rique"},"content":{"rendered":"<p>&nbsp;<\/p>\n<table style=\"width: 915px\">\n<tbody>\n<tr style=\"height: 23px\">\n<td style=\"width: 897px;height: 23px;text-align: right\" colspan=\"2\"><a href=\"https:\/\/ent2d.ac-bordeaux.fr\/disciplines\/lettres-histoire\/wp-content\/uploads\/sites\/5\/2021\/08\/programme-2.png\"><img loading=\"lazy\" decoding=\"async\" class=\"wp-image-4614 alignleft\" src=\"https:\/\/ent2d.ac-bordeaux.fr\/disciplines\/lettres-histoire\/wp-content\/uploads\/sites\/5\/2021\/08\/programme-2.png\" alt=\"\" width=\"110\" height=\"87\" srcset=\"https:\/\/ent2d.ac-bordeaux.fr\/disciplines\/lettres-histoire\/wp-content\/uploads\/sites\/5\/2021\/08\/programme-2.png 451w, https:\/\/ent2d.ac-bordeaux.fr\/disciplines\/lettres-histoire\/wp-content\/uploads\/sites\/5\/2021\/08\/programme-2-300x238.png 300w\" sizes=\"auto, (max-width: 110px) 100vw, 110px\" \/><\/a><\/p>\n<p>&nbsp;<\/p>\n<p><span style=\"font-family: 'andale mono', monospace\"><em>Extraits des programmes de CAP et de Bac pro<\/em><\/span><\/td>\n<\/tr>\n<tr style=\"height: 74px\">\n<td style=\"text-align: center;width: 484.997px;height: 74px\">FRAN\u00c7AIS<\/td>\n<td style=\"text-align: center;width: 412.003px;height: 74px\">HGEMC<\/td>\n<\/tr>\n<tr style=\"height: 213px\">\n<td style=\"text-align: justify;width: 484.997px;height: 213px\"><em>Le fran\u00e7ais prend sa part dans l\u2019apprentissage des pratiques num\u00e9riques comme dans la r\u00e9flexion sur leurs enjeux. Il se saisit des outils num\u00e9riques dans ce qu\u2019ils ont de plus pertinent pour son propre contenu disciplinaire : traitement du texte et de l\u2019image, traitement du son et de la voix (qui constituent une pr\u00e9occupation constante et contribuent \u00e0 faire de l\u2019oral un v\u00e9ritable objet d\u2019enseignement), recherche documentaire. Le fran\u00e7ais concourt ainsi \u00e0 l\u2019acquisition d\u2019attitudes et de capacit\u00e9s fondamentales dans l\u2019univers num\u00e9rique [&#8230;]<\/em><\/td>\n<td style=\"width: 412.003px;height: 213px\">\n<p style=\"text-align: justify\">Histoire-g\u00e9ographie : [&#8230;] <em>le num\u00e9rique est au c\u0153ur de l\u2019enseignemen<\/em>t [&#8230;]<br \/>\n<em>Exemples de mise en \u0153uvre : r\u00e9aliser une frise chronologique num\u00e9rique, compl\u00e9ter un fond de carte num\u00e9rique ou choisir un SIG [&#8230;]<\/em><\/p>\n<p style=\"text-align: justify\">EMC : <em>Les usages et pratiques num\u00e9riques sont \u00e0 encourager \u00e0 toutes les \u00e9tapes du projet<\/em><\/p>\n<\/td>\n<\/tr>\n<\/tbody>\n<\/table>\n<p>&nbsp;<\/p>\n<hr \/>\n<p style=\"text-align: justify\"><em><a href=\"https:\/\/lyceeconnecte.fr\/\" target=\"_blank\" rel=\"noopener noreferrer\"><img loading=\"lazy\" decoding=\"async\" class=\"wp-image-4580 alignleft\" src=\"https:\/\/ent2d.ac-bordeaux.fr\/disciplines\/lettres-histoire\/wp-content\/uploads\/sites\/5\/2021\/08\/lyceeconnecte.png\" alt=\"\" width=\"196\" height=\"70\" srcset=\"https:\/\/ent2d.ac-bordeaux.fr\/disciplines\/lettres-histoire\/wp-content\/uploads\/sites\/5\/2021\/08\/lyceeconnecte.png 1006w, https:\/\/ent2d.ac-bordeaux.fr\/disciplines\/lettres-histoire\/wp-content\/uploads\/sites\/5\/2021\/08\/lyceeconnecte-300x109.png 300w, https:\/\/ent2d.ac-bordeaux.fr\/disciplines\/lettres-histoire\/wp-content\/uploads\/sites\/5\/2021\/08\/lyceeconnecte-768x279.png 768w\" sizes=\"auto, (max-width: 196px) 100vw, 196px\" \/><\/a><a href=\"https:\/\/lyceeconnecte.fr\/\" target=\"_blank\" rel=\"noopener noreferrer\">Lyc\u00e9e connect\u00e9 Nouvelle-Aquitaine<\/a><\/em> est l&#8217;environnement num\u00e9rique de travail de la R\u00e9gion Nouvelle-Aquitaine. Il offre aux enseignants et aux \u00e9l\u00e8ves de nombreux outils fonctionnels et respectant le RGPD : messagerie \u00e9lectronique, plateforme vid\u00e9o, logiciels libres de traitement de texte-tableur-diaporama, mur collaboratif, carte mentale, frise chronologique, dictaphone&#8230;<\/p>\n<p>&nbsp;<\/p>\n<hr \/>\n<p style=\"text-align: justify\"><a href=\"https:\/\/ent2d.ac-bordeaux.fr\/disciplines\/lettres-histoire\/wp-content\/uploads\/sites\/5\/2021\/08\/donnees.png\"><img loading=\"lazy\" decoding=\"async\" class=\"wp-image-4598 alignleft\" src=\"https:\/\/ent2d.ac-bordeaux.fr\/disciplines\/lettres-histoire\/wp-content\/uploads\/sites\/5\/2021\/08\/donnees.png\" alt=\"\" width=\"105\" height=\"105\" srcset=\"https:\/\/ent2d.ac-bordeaux.fr\/disciplines\/lettres-histoire\/wp-content\/uploads\/sites\/5\/2021\/08\/donnees.png 512w, https:\/\/ent2d.ac-bordeaux.fr\/disciplines\/lettres-histoire\/wp-content\/uploads\/sites\/5\/2021\/08\/donnees-300x300.png 300w, https:\/\/ent2d.ac-bordeaux.fr\/disciplines\/lettres-histoire\/wp-content\/uploads\/sites\/5\/2021\/08\/donnees-150x150.png 150w\" sizes=\"auto, (max-width: 105px) 100vw, 105px\" \/><\/a>LE <strong>RGPD<\/strong> &#8211; r\u00e8glement g\u00e9n\u00e9ral sur la protection des donn\u00e9es personnelles &#8211; est un r\u00e8glement europ\u00e9en qui encadre le traitement et la circulation des donn\u00e9es \u00e0 caract\u00e8re personnel. Tous les outils num\u00e9riques n&#8217;offrent pas le m\u00eame degr\u00e9 de s\u00e9curit\u00e9 des donn\u00e9es, ceux \u00e9manant d&#8217;organismes priv\u00e9s doivent \u00eatre consid\u00e9r\u00e9s avec pr\u00e9caution. C&#8217;est pourquoi l&#8217;\u00c9ducation nationale recommande de privil\u00e9gier les outils des ENT.<\/p>\n<table style=\"width: 915px\">\n<tbody>\n<tr>\n<td style=\"width: 714.165px\"><span style=\"font-family: 'courier new', courier, monospace\">Pour en savoir plus, rendez-vous sur le site de la <a href=\"https:\/\/dane.ac-bordeaux.fr\/rgpd\/\" target=\"_blank\" rel=\"noopener noreferrer\">DANE (D\u00e9l\u00e9gation acad\u00e9mique au num\u00e9rique \u00e9ducatif) Bordeaux<\/a>.<\/span><\/td>\n<td style=\"width: 184.835px\"><a href=\"https:\/\/dane.ac-bordeaux.fr\/rgpd\/\" target=\"_blank\" rel=\"noopener noreferrer\"><img loading=\"lazy\" decoding=\"async\" class=\"alignnone wp-image-4577\" src=\"https:\/\/ent2d.ac-bordeaux.fr\/disciplines\/lettres-histoire\/wp-content\/uploads\/sites\/5\/2021\/08\/dane.png\" alt=\"\" width=\"176\" height=\"64\" \/><\/a><\/td>\n<\/tr>\n<\/tbody>\n<\/table>\n<p>&nbsp;<\/p>\n<hr \/>\n<p style=\"text-align: justify\"><strong>Pix<a href=\"https:\/\/dane.ac-bordeaux.fr\/pix-crcn\/\" target=\"_blank\" rel=\"noopener noreferrer\"><img loading=\"lazy\" decoding=\"async\" class=\" wp-image-4604 alignleft\" src=\"https:\/\/ent2d.ac-bordeaux.fr\/disciplines\/lettres-histoire\/wp-content\/uploads\/sites\/5\/2021\/08\/pix.png\" alt=\"\" width=\"137\" height=\"83\" srcset=\"https:\/\/ent2d.ac-bordeaux.fr\/disciplines\/lettres-histoire\/wp-content\/uploads\/sites\/5\/2021\/08\/pix.png 318w, https:\/\/ent2d.ac-bordeaux.fr\/disciplines\/lettres-histoire\/wp-content\/uploads\/sites\/5\/2021\/08\/pix-300x183.png 300w\" sizes=\"auto, (max-width: 137px) 100vw, 137px\" \/><\/a><\/strong> est un service public pour \u00e9valuer, d\u00e9velopper et certifier les comp\u00e9tences num\u00e9riques. Les \u00e9l\u00e8ves de lyc\u00e9e professionnel sont concern\u00e9s.\u00a0Tous les enseignements, comme les lettres-histoire, participent \u00e0 cette certification (<a href=\"https:\/\/www.legifrance.gouv.fr\/jorf\/id\/JORFTEXT000039005162#:~:text='enseignement%20...-,D%C3%A9cret%20n%C2%B0%202019%2D919%20du%2030%20ao%C3%BBt%202019%20relatif,de%20r%C3%A9f%C3%A9rence%20des%20comp%C3%A9tences%20num%C3%A9riques\" target=\"_blank\" rel=\"noopener noreferrer\">d\u00e9cret 2019<\/a>).<\/p>\n","protected":false},"excerpt":{"rendered":"<p>&nbsp; &nbsp; Extraits des programmes de CAP et de Bac pro FRAN\u00c7AIS HGEMC Le fran\u00e7ais prend sa part dans l\u2019apprentissage<\/p>\n","protected":false},"author":10,"featured_media":0,"parent":0,"menu_order":0,"comment_status":"closed","ping_status":"closed","template":"","meta":{"_bbp_topic_count":0,"_bbp_reply_count":0,"_bbp_total_topic_count":0,"_bbp_total_reply_count":0,"_bbp_voice_count":0,"_bbp_anonymous_reply_count":0,"_bbp_topic_count_hidden":0,"_bbp_reply_count_hidden":0,"_bbp_forum_subforum_count":0,"footnotes":""},"class_list":["post-4569","page","type-page","status-publish","hentry"],"_links":{"self":[{"href":"https:\/\/ent2d.ac-bordeaux.fr\/disciplines\/lettres-histoire\/wp-json\/wp\/v2\/pages\/4569","targetHints":{"allow":["GET"]}}],"collection":[{"href":"https:\/\/ent2d.ac-bordeaux.fr\/disciplines\/lettres-histoire\/wp-json\/wp\/v2\/pages"}],"about":[{"href":"https:\/\/ent2d.ac-bordeaux.fr\/disciplines\/lettres-histoire\/wp-json\/wp\/v2\/types\/page"}],"author":[{"embeddable":true,"href":"https:\/\/ent2d.ac-bordeaux.fr\/disciplines\/lettres-histoire\/wp-json\/wp\/v2\/users\/10"}],"replies":[{"embeddable":true,"href":"https:\/\/ent2d.ac-bordeaux.fr\/disciplines\/lettres-histoire\/wp-json\/wp\/v2\/comments?post=4569"}],"version-history":[{"count":45,"href":"https:\/\/ent2d.ac-bordeaux.fr\/disciplines\/lettres-histoire\/wp-json\/wp\/v2\/pages\/4569\/revisions"}],"predecessor-version":[{"id":4649,"href":"https:\/\/ent2d.ac-bordeaux.fr\/disciplines\/lettres-histoire\/wp-json\/wp\/v2\/pages\/4569\/revisions\/4649"}],"wp:attachment":[{"href":"https:\/\/ent2d.ac-bordeaux.fr\/disciplines\/lettres-histoire\/wp-json\/wp\/v2\/media?parent=4569"}],"curies":[{"name":"wp","href":"https:\/\/api.w.org\/{rel}","templated":true}]}}

Numérique

<p>&nbsp;</p>
<table style="width: 915px">
<tbody>
<tr style="height: 23px">
<td style="width: 897px;height: 23px;text-align: right" colspan="2"><a href="https://ent2d.ac-bordeaux.fr/disciplines/lettres-histoire/wp-content/uploads/sites/5/2021/08/programme-2.png"><img loading="lazy" decoding="async" class="wp-image-4614 alignleft" src="https://ent2d.ac-bordeaux.fr/disciplines/lettres-histoire/wp-content/uploads/sites/5/2021/08/programme-2.png" alt="" width="110" height="87" srcset="https://ent2d.ac-bordeaux.fr/disciplines/lettres-histoire/wp-content/uploads/sites/5/2021/08/programme-2.png 451w, https://ent2d.ac-bordeaux.fr/disciplines/lettres-histoire/wp-content/uploads/sites/5/2021/08/programme-2-300x238.png 300w" sizes="auto, (max-width: 110px) 100vw, 110px" /></a></p>
<p>&nbsp;</p>
<p><span style="font-family: 'andale mono', monospace"><em>Extraits des programmes de CAP et de Bac pro</em></span></td>
</tr>
<tr style="height: 74px">
<td style="text-align: center;width: 484.997px;height: 74px">FRANÇAIS</td>
<td style="text-align: center;width: 412.003px;height: 74px">HGEMC</td>
</tr>
<tr style="height: 213px">
<td style="text-align: justify;width: 484.997px;height: 213px"><em>Le français prend sa part dans l’apprentissage des pratiques numériques comme dans la réflexion sur leurs enjeux. Il se saisit des outils numériques dans ce qu’ils ont de plus pertinent pour son propre contenu disciplinaire : traitement du texte et de l’image, traitement du son et de la voix (qui constituent une préoccupation constante et contribuent à faire de l’oral un véritable objet d’enseignement), recherche documentaire. Le français concourt ainsi à l’acquisition d’attitudes et de capacités fondamentales dans l’univers numérique [&#8230;]</em></td>
<td style="width: 412.003px;height: 213px">
<p style="text-align: justify">Histoire-géographie : [&#8230;] <em>le numérique est au cœur de l’enseignemen</em>t [&#8230;]<br />
<em>Exemples de mise en œuvre : réaliser une frise chronologique numérique, compléter un fond de carte numérique ou choisir un SIG [&#8230;]</em></p>
<p style="text-align: justify">EMC : <em>Les usages et pratiques numériques sont à encourager à toutes les étapes du projet</em></p>
</td>
</tr>
</tbody>
</table>
<p>&nbsp;</p>
<hr />
<p style="text-align: justify"><em><a href="https://lyceeconnecte.fr/" target="_blank" rel="noopener noreferrer"><img loading="lazy" decoding="async" class="wp-image-4580 alignleft" src="https://ent2d.ac-bordeaux.fr/disciplines/lettres-histoire/wp-content/uploads/sites/5/2021/08/lyceeconnecte.png" alt="" width="196" height="70" srcset="https://ent2d.ac-bordeaux.fr/disciplines/lettres-histoire/wp-content/uploads/sites/5/2021/08/lyceeconnecte.png 1006w, https://ent2d.ac-bordeaux.fr/disciplines/lettres-histoire/wp-content/uploads/sites/5/2021/08/lyceeconnecte-300x109.png 300w, https://ent2d.ac-bordeaux.fr/disciplines/lettres-histoire/wp-content/uploads/sites/5/2021/08/lyceeconnecte-768x279.png 768w" sizes="auto, (max-width: 196px) 100vw, 196px" /></a><a href="https://lyceeconnecte.fr/" target="_blank" rel="noopener noreferrer">Lycée connecté Nouvelle-Aquitaine</a></em> est l&#8217;environnement numérique de travail de la Région Nouvelle-Aquitaine. Il offre aux enseignants et aux élèves de nombreux outils fonctionnels et respectant le RGPD : messagerie électronique, plateforme vidéo, logiciels libres de traitement de texte-tableur-diaporama, mur collaboratif, carte mentale, frise chronologique, dictaphone&#8230;</p>
<p>&nbsp;</p>
<hr />
<p style="text-align: justify"><a href="https://ent2d.ac-bordeaux.fr/disciplines/lettres-histoire/wp-content/uploads/sites/5/2021/08/donnees.png"><img loading="lazy" decoding="async" class="wp-image-4598 alignleft" src="https://ent2d.ac-bordeaux.fr/disciplines/lettres-histoire/wp-content/uploads/sites/5/2021/08/donnees.png" alt="" width="105" height="105" srcset="https://ent2d.ac-bordeaux.fr/disciplines/lettres-histoire/wp-content/uploads/sites/5/2021/08/donnees.png 512w, https://ent2d.ac-bordeaux.fr/disciplines/lettres-histoire/wp-content/uploads/sites/5/2021/08/donnees-300x300.png 300w, https://ent2d.ac-bordeaux.fr/disciplines/lettres-histoire/wp-content/uploads/sites/5/2021/08/donnees-150x150.png 150w" sizes="auto, (max-width: 105px) 100vw, 105px" /></a>LE <strong>RGPD</strong> &#8211; règlement général sur la protection des données personnelles &#8211; est un règlement européen qui encadre le traitement et la circulation des données à caractère personnel. Tous les outils numériques n&#8217;offrent pas le même degré de sécurité des données, ceux émanant d&#8217;organismes privés doivent être considérés avec précaution. C&#8217;est pourquoi l&#8217;Éducation nationale recommande de privilégier les outils des ENT.</p>
<table style="width: 915px">
<tbody>
<tr>
<td style="width: 714.165px"><span style="font-family: 'courier new', courier, monospace">Pour en savoir plus, rendez-vous sur le site de la <a href="https://dane.ac-bordeaux.fr/rgpd/" target="_blank" rel="noopener noreferrer">DANE (Délégation académique au numérique éducatif) Bordeaux</a>.</span></td>
<td style="width: 184.835px"><a href="https://dane.ac-bordeaux.fr/rgpd/" target="_blank" rel="noopener noreferrer"><img loading="lazy" decoding="async" class="alignnone wp-image-4577" src="https://ent2d.ac-bordeaux.fr/disciplines/lettres-histoire/wp-content/uploads/sites/5/2021/08/dane.png" alt="" width="176" height="64" /></a></td>
</tr>
</tbody>
</table>
<p>&nbsp;</p>
<hr />
<p style="text-align: justify"><strong>Pix<a href="https://dane.ac-bordeaux.fr/pix-crcn/" target="_blank" rel="noopener noreferrer"><img loading="lazy" decoding="async" class=" wp-image-4604 alignleft" src="https://ent2d.ac-bordeaux.fr/disciplines/lettres-histoire/wp-content/uploads/sites/5/2021/08/pix.png" alt="" width="137" height="83" srcset="https://ent2d.ac-bordeaux.fr/disciplines/lettres-histoire/wp-content/uploads/sites/5/2021/08/pix.png 318w, https://ent2d.ac-bordeaux.fr/disciplines/lettres-histoire/wp-content/uploads/sites/5/2021/08/pix-300x183.png 300w" sizes="auto, (max-width: 137px) 100vw, 137px" /></a></strong> est un service public pour évaluer, développer et certifier les compétences numériques. Les élèves de lycée professionnel sont concernés. Tous les enseignements, comme les lettres-histoire, participent à cette certification (<a href="https://www.legifrance.gouv.fr/jorf/id/JORFTEXT000039005162#:~:text='enseignement%20...-,D%C3%A9cret%20n%C2%B0%202019%2D919%20du%2030%20ao%C3%BBt%202019%20relatif,de%20r%C3%A9f%C3%A9rence%20des%20comp%C3%A9tences%20num%C3%A9riques" target="_blank" rel="noopener noreferrer">décret 2019</a>).</p>

<p>&nbsp; &nbsp; Extraits des programmes de CAP et de Bac pro FRANÇAIS HGEMC Le français prend sa part dans l’apprentissage</p>
