{"id":384,"date":"2016-06-09T10:28:58","date_gmt":"2016-06-09T09:28:58","guid":{"rendered":"https:\/\/ent2d.ac-bordeaux.fr\/disciplines\/lettres-histoire\/?page_id=384"},"modified":"2024-08-12T19:56:31","modified_gmt":"2024-08-12T18:56:31","slug":"cap-2","status":"publish","type":"page","link":"https:\/\/ent2d.ac-bordeaux.fr\/disciplines\/lettres-histoire\/cap-2\/","title":{"rendered":"CAP"},"content":{"rendered":"<p><a href=\"https:\/\/ent2d.ac-bordeaux.fr\/disciplines\/lettres-histoire\/wp-content\/uploads\/sites\/5\/2021\/07\/vademacum_cap.pdf\" target=\"_blank\" rel=\"noopener noreferrer\"><strong>Vad\u00e9m\u00e9cum &#8220;Adapter les parcours de formation des \u00e9l\u00e8ves en CAP en 1, 2 ou 3 ans.&#8221;<br \/>\n<\/strong><\/a><\/p>\n<table style=\"width: 1245.12px\">\n<tbody>\n<tr>\n<td style=\"width: 1245.12px\">\n<h2 style=\"text-align: center\"><span style=\"color: #800080\"><strong>HISTOIRE<\/strong><\/span><\/h2>\n<h5 style=\"text-align: center\">La France depuis 1789 : de l\u2019affirmation d\u00e9mocratique \u00e0 la construction europ\u00e9enne<\/h5>\n<\/td>\n<\/tr>\n<tr>\n<td style=\"width: 1245.12px\">La France de la R\u00e9volution fran\u00e7aise \u00e0 la V<sup>e<\/sup> R\u00e9publique : l\u2019affirmation d\u00e9mocratique<\/td>\n<\/tr>\n<tr>\n<td style=\"width: 1245.12px\">La France et la construction europ\u00e9enne depuis 1950<\/td>\n<\/tr>\n<\/tbody>\n<\/table>\n<p>&nbsp;<\/p>\n<table style=\"width: 1247.12px\">\n<tbody>\n<tr>\n<td style=\"width: 1247.12px\">\n<h2 style=\"text-align: center\"><span style=\"color: #800080\"><strong>G\u00c9OGRAPHIE<\/strong><\/span><\/h2>\n<h5 style=\"text-align: center\">Transports, mobilit\u00e9s et espaces urbains<\/h5>\n<\/td>\n<\/tr>\n<tr>\n<td style=\"width: 1247.12px\">Transports et mobilit\u00e9s<\/td>\n<\/tr>\n<tr>\n<td style=\"width: 1247.12px\">Espaces urbains : acteurs et enjeux<\/td>\n<\/tr>\n<\/tbody>\n<\/table>\n<p style=\"text-align: justify\">Des ressources p\u00e9dagogiques en HGEMC, produites par les formateurs acad\u00e9miques,\u00a0 sont disponibles sur <a href=\"https:\/\/tribu.phm.education.gouv.fr\/portal\/share\/Qr0mpq\" target=\"_blank\" rel=\"noopener noreferrer\">Tribu<\/a>, apr\u00e8s inscription \u00e0 l&#8217;espace d\u00e9di\u00e9.<\/p>\n<table style=\"height: 106px\" width=\"1296\">\n<tbody>\n<tr>\n<td style=\"width: 1285.53px\">\n<h2 style=\"text-align: center\"><span style=\"color: #800080\"><strong>ENSEIGNEMENT MORAL ET CIVIQUE<\/strong><\/span><\/h2>\n<\/td>\n<\/tr>\n<tr>\n<td style=\"width: 1285.53px\">Droits, libert\u00e9s et responsabilit\u00e9s<\/td>\n<\/tr>\n<tr>\n<td style=\"width: 1285.53px\">Coh\u00e9sion et diversit\u00e9 dans une soci\u00e9t\u00e9 d\u00e9mocratique<\/td>\n<\/tr>\n<\/tbody>\n<\/table>\n<p>&nbsp;<\/p>\n<table style=\"width: 1243.12px\">\n<tbody>\n<tr>\n<td style=\"width: 1243.12px\">\n<h2 style=\"text-align: center\"><span style=\"color: #800080\"><strong>FRAN\u00c7AIS<\/strong><\/span><\/h2>\n<\/td>\n<\/tr>\n<tr>\n<td style=\"width: 1243.12px\"><a href=\"https:\/\/ent2d.ac-bordeaux.fr\/disciplines\/lettres-histoire\/category\/se-dire-saffirmer-semanciper\">Se dire, s\u2019affirmer, s\u2019\u00e9manciper<\/a><\/td>\n<\/tr>\n<tr>\n<td style=\"width: 1243.12px\"><a href=\"https:\/\/ent2d.ac-bordeaux.fr\/disciplines\/lettres-histoire\/category\/sinformer-informer-communiquer\">S\u2019informer, informer, communiquer<\/a><\/td>\n<\/tr>\n<tr>\n<td style=\"width: 1243.12px\"><a href=\"https:\/\/ent2d.ac-bordeaux.fr\/disciplines\/lettres-histoire\/category\/rever-imaginer-creer\">R\u00eaver, imaginer, cr\u00e9er<\/a><\/td>\n<\/tr>\n<tr>\n<td style=\"width: 1243.12px\">Perspective d\u2019\u00e9tude : dire, \u00e9crire, lire le m\u00e9tier<\/td>\n<\/tr>\n<\/tbody>\n<\/table>\n<div><\/div>\n<div class=\"divTable\"><\/div>\n","protected":false},"excerpt":{"rendered":"<p>Vad\u00e9m\u00e9cum &#8220;Adapter les parcours de formation des \u00e9l\u00e8ves en CAP en 1, 2 ou 3 ans.&#8221; HISTOIRE La France depuis<\/p>\n","protected":false},"author":11,"featured_media":0,"parent":0,"menu_order":0,"comment_status":"closed","ping_status":"closed","template":"","meta":{"_bbp_topic_count":0,"_bbp_reply_count":0,"_bbp_total_topic_count":0,"_bbp_total_reply_count":0,"_bbp_voice_count":0,"_bbp_anonymous_reply_count":0,"_bbp_topic_count_hidden":0,"_bbp_reply_count_hidden":0,"_bbp_forum_subforum_count":0,"footnotes":""},"class_list":["post-384","page","type-page","status-publish","hentry"],"_links":{"self":[{"href":"https:\/\/ent2d.ac-bordeaux.fr\/disciplines\/lettres-histoire\/wp-json\/wp\/v2\/pages\/384","targetHints":{"allow":["GET"]}}],"collection":[{"href":"https:\/\/ent2d.ac-bordeaux.fr\/disciplines\/lettres-histoire\/wp-json\/wp\/v2\/pages"}],"about":[{"href":"https:\/\/ent2d.ac-bordeaux.fr\/disciplines\/lettres-histoire\/wp-json\/wp\/v2\/types\/page"}],"author":[{"embeddable":true,"href":"https:\/\/ent2d.ac-bordeaux.fr\/disciplines\/lettres-histoire\/wp-json\/wp\/v2\/users\/11"}],"replies":[{"embeddable":true,"href":"https:\/\/ent2d.ac-bordeaux.fr\/disciplines\/lettres-histoire\/wp-json\/wp\/v2\/comments?post=384"}],"version-history":[{"count":52,"href":"https:\/\/ent2d.ac-bordeaux.fr\/disciplines\/lettres-histoire\/wp-json\/wp\/v2\/pages\/384\/revisions"}],"predecessor-version":[{"id":5541,"href":"https:\/\/ent2d.ac-bordeaux.fr\/disciplines\/lettres-histoire\/wp-json\/wp\/v2\/pages\/384\/revisions\/5541"}],"wp:attachment":[{"href":"https:\/\/ent2d.ac-bordeaux.fr\/disciplines\/lettres-histoire\/wp-json\/wp\/v2\/media?parent=384"}],"curies":[{"name":"wp","href":"https:\/\/api.w.org\/{rel}","templated":true}]}}

<p><a href="https://ent2d.ac-bordeaux.fr/disciplines/lettres-histoire/wp-content/uploads/sites/5/2021/07/vademacum_cap.pdf" target="_blank" rel="noopener noreferrer"><strong>Vadémécum &#8220;Adapter les parcours de formation des élèves en CAP en 1, 2 ou 3 ans.&#8221;<br />
</strong></a></p>
<table style="width: 1245.12px">
<tbody>
<tr>
<td style="width: 1245.12px">
<h2 style="text-align: center"><span style="color: #800080"><strong>HISTOIRE</strong></span></h2>
<h5 style="text-align: center">La France depuis 1789 : de l’affirmation démocratique à la construction européenne</h5>
</td>
</tr>
<tr>
<td style="width: 1245.12px">La France de la Révolution française à la V<sup>e</sup> République : l’affirmation démocratique</td>
</tr>
<tr>
<td style="width: 1245.12px">La France et la construction européenne depuis 1950</td>
</tr>
</tbody>
</table>
<p>&nbsp;</p>
<table style="width: 1247.12px">
<tbody>
<tr>
<td style="width: 1247.12px">
<h2 style="text-align: center"><span style="color: #800080"><strong>GÉOGRAPHIE</strong></span></h2>
<h5 style="text-align: center">Transports, mobilités et espaces urbains</h5>
</td>
</tr>
<tr>
<td style="width: 1247.12px">Transports et mobilités</td>
</tr>
<tr>
<td style="width: 1247.12px">Espaces urbains : acteurs et enjeux</td>
</tr>
</tbody>
</table>
<p style="text-align: justify">Des ressources pédagogiques en HGEMC, produites par les formateurs académiques,  sont disponibles sur <a href="https://tribu.phm.education.gouv.fr/portal/share/Qr0mpq" target="_blank" rel="noopener noreferrer">Tribu</a>, après inscription à l&#8217;espace dédié.</p>
<table style="height: 106px" width="1296">
<tbody>
<tr>
<td style="width: 1285.53px">
<h2 style="text-align: center"><span style="color: #800080"><strong>ENSEIGNEMENT MORAL ET CIVIQUE</strong></span></h2>
</td>
</tr>
<tr>
<td style="width: 1285.53px">Droits, libertés et responsabilités</td>
</tr>
<tr>
<td style="width: 1285.53px">Cohésion et diversité dans une société démocratique</td>
</tr>
</tbody>
</table>
<p>&nbsp;</p>
<table style="width: 1243.12px">
<tbody>
<tr>
<td style="width: 1243.12px">
<h2 style="text-align: center"><span style="color: #800080"><strong>FRANÇAIS</strong></span></h2>
</td>
</tr>
<tr>
<td style="width: 1243.12px"><a href="https://ent2d.ac-bordeaux.fr/disciplines/lettres-histoire/category/se-dire-saffirmer-semanciper">Se dire, s’affirmer, s’émanciper</a></td>
</tr>
<tr>
<td style="width: 1243.12px"><a href="https://ent2d.ac-bordeaux.fr/disciplines/lettres-histoire/category/sinformer-informer-communiquer">S’informer, informer, communiquer</a></td>
</tr>
<tr>
<td style="width: 1243.12px"><a href="https://ent2d.ac-bordeaux.fr/disciplines/lettres-histoire/category/rever-imaginer-creer">Rêver, imaginer, créer</a></td>
</tr>
<tr>
<td style="width: 1243.12px">Perspective d’étude : dire, écrire, lire le métier</td>
</tr>
</tbody>
</table>
<div></div>
<div class="divTable"></div>

<p>Vadémécum &#8220;Adapter les parcours de formation des élèves en CAP en 1, 2 ou 3 ans.&#8221; HISTOIRE La France depuis</p>
