{"id":314,"date":"2018-10-10T10:53:28","date_gmt":"2018-10-10T08:53:28","guid":{"rendered":"https:\/\/ent2d.ac-bordeaux.fr\/disciplines\/langues\/?page_id=314"},"modified":"2023-10-07T12:30:06","modified_gmt":"2023-10-07T10:30:06","slug":"contractuel-2","status":"publish","type":"page","link":"https:\/\/ent2d.ac-bordeaux.fr\/disciplines\/langues\/contractuel-2\/","title":{"rendered":"Contractuel"},"content":{"rendered":"<p><a href=\"https:\/\/ent2d.ac-bordeaux.fr\/disciplines\/langues\/2018\/10\/13\/se-former-avec-mgistere\/\" target=\"_blank\" rel=\"noopener\">Se former avec <strong>M@gist\u00e8re<\/strong><\/a><\/p>\n<p><strong><a href=\"http:\/\/www.devenirenseignant.gouv.fr\/pid33707\/accueil.html\" target=\"_blank\" rel=\"noopener\">Devenir enseignant<\/a><\/strong> &#8211; site du Minist\u00e8re de l&#8217;Education Nationale<\/p>\n<p><a href=\"https:\/\/www.education.gouv.fr\/bo\/17\/Hebdo12\/MENH1704526C.htm\" target=\"_blank\" rel=\"noopener\"><strong>Conditions<\/strong> de recrutement<\/a><\/p>\n<p class=\"header__title\"><a href=\"https:\/\/www.ac-bordeaux.fr\/personnels-contractuels-enseignants-d-education-et-psychologues-pour-le-second-degre-public-121863\" target=\"_blank\" rel=\"noopener\"><strong>Personnels contractuels<\/strong> enseignants, d&#8217;\u00e9ducation et psychologues pour le second degr\u00e9 public<\/a> &#8211; Acad\u00e9mie de Bordeaux<\/p>\n\n\n<p><\/p>\n","protected":false},"excerpt":{"rendered":"<p>Se former avec M@gist\u00e8re Devenir enseignant &#8211; site du Minist\u00e8re de l&#8217;Education Nationale Conditions de recrutement Personnels contractuels enseignants, d&#8217;\u00e9ducation et psychologues pour le second degr\u00e9 public &#8211; Acad\u00e9mie de &#8230;<\/p>\n","protected":false},"author":53,"featured_media":963,"parent":0,"menu_order":0,"comment_status":"closed","ping_status":"closed","template":"","meta":{"footnotes":""},"class_list":["post-314","page","type-page","status-publish","has-post-thumbnail","hentry"],"_links":{"self":[{"href":"https:\/\/ent2d.ac-bordeaux.fr\/disciplines\/langues\/wp-json\/wp\/v2\/pages\/314","targetHints":{"allow":["GET"]}}],"collection":[{"href":"https:\/\/ent2d.ac-bordeaux.fr\/disciplines\/langues\/wp-json\/wp\/v2\/pages"}],"about":[{"href":"https:\/\/ent2d.ac-bordeaux.fr\/disciplines\/langues\/wp-json\/wp\/v2\/types\/page"}],"author":[{"embeddable":true,"href":"https:\/\/ent2d.ac-bordeaux.fr\/disciplines\/langues\/wp-json\/wp\/v2\/users\/53"}],"replies":[{"embeddable":true,"href":"https:\/\/ent2d.ac-bordeaux.fr\/disciplines\/langues\/wp-json\/wp\/v2\/comments?post=314"}],"version-history":[{"count":8,"href":"https:\/\/ent2d.ac-bordeaux.fr\/disciplines\/langues\/wp-json\/wp\/v2\/pages\/314\/revisions"}],"predecessor-version":[{"id":2149,"href":"https:\/\/ent2d.ac-bordeaux.fr\/disciplines\/langues\/wp-json\/wp\/v2\/pages\/314\/revisions\/2149"}],"wp:featuredmedia":[{"embeddable":true,"href":"https:\/\/ent2d.ac-bordeaux.fr\/disciplines\/langues\/wp-json\/wp\/v2\/media\/963"}],"wp:attachment":[{"href":"https:\/\/ent2d.ac-bordeaux.fr\/disciplines\/langues\/wp-json\/wp\/v2\/media?parent=314"}],"curies":[{"name":"wp","href":"https:\/\/api.w.org\/{rel}","templated":true}]}}

<p><a href="https://ent2d.ac-bordeaux.fr/disciplines/langues/2018/10/13/se-former-avec-mgistere/" target="_blank" rel="noopener">Se former avec <strong>M@gistère</strong></a></p>
<p><strong><a href="http://www.devenirenseignant.gouv.fr/pid33707/accueil.html" target="_blank" rel="noopener">Devenir enseignant</a></strong> &#8211; site du Ministère de l&#8217;Education Nationale</p>
<p><a href="https://www.education.gouv.fr/bo/17/Hebdo12/MENH1704526C.htm" target="_blank" rel="noopener"><strong>Conditions</strong> de recrutement</a></p>
<p class="header__title"><a href="https://www.ac-bordeaux.fr/personnels-contractuels-enseignants-d-education-et-psychologues-pour-le-second-degre-public-121863" target="_blank" rel="noopener"><strong>Personnels contractuels</strong> enseignants, d&#8217;éducation et psychologues pour le second degré public</a> &#8211; Académie de Bordeaux</p>


<p></p>

<p>Se former avec M@gistère Devenir enseignant &#8211; site du Ministère de l&#8217;Education Nationale Conditions de recrutement Personnels contractuels enseignants, d&#8217;éducation et psychologues pour le second degré public &#8211; Académie de &#8230;</p>
