{"id":1590,"date":"2021-07-07T17:15:32","date_gmt":"2021-07-07T15:15:32","guid":{"rendered":"https:\/\/ent2d.ac-bordeaux.fr\/disciplines\/langues\/?page_id=1590"},"modified":"2021-11-20T11:51:43","modified_gmt":"2021-11-20T10:51:43","slug":"espagnol","status":"publish","type":"page","link":"https:\/\/ent2d.ac-bordeaux.fr\/disciplines\/langues\/espagnol\/","title":{"rendered":"Espagnol"},"content":{"rendered":"\n<p><strong>BOLETINES<\/strong><\/p>\n\n\n\n<p><em>Vous trouverez ci-dessous les archives des lettres d&#8217;information destin\u00e9es aux professeurs d&#8217;espagnol de l&#8217;acad\u00e9mie de Bordeaux. Les images et les liens sont cliquables pour acc\u00e9der aux ressources en ligne, bonne lecture!<\/em><\/p>\n\n\n\n<p><a href=\"https:\/\/ent2d.ac-bordeaux.fr\/disciplines\/langues\/wp-content\/uploads\/sites\/61\/2021\/11\/Novembre.pdf\" target=\"_blank\" rel=\"noreferrer noopener\">Newsletter &#8211; Novembre 2021<\/a><\/p>\n\n\n\n<p><a rel=\"noreferrer noopener\" href=\"https:\/\/ent2d.ac-bordeaux.fr\/disciplines\/langues\/wp-content\/uploads\/sites\/61\/2021\/10\/Newsletter-Septembre-2021.pdf\" target=\"_blank\">Newsletter &#8211; Septembre 2021<\/a><\/p>\n","protected":false},"excerpt":{"rendered":"<p>BOLETINES Vous trouverez ci-dessous les archives des lettres d&#8217;information destin\u00e9es aux professeurs d&#8217;espagnol de l&#8217;acad\u00e9mie de Bordeaux. Les images et les liens sont cliquables pour acc\u00e9der aux ressources en ligne, &#8230;<\/p>\n","protected":false},"author":53,"featured_media":1618,"parent":0,"menu_order":0,"comment_status":"closed","ping_status":"closed","template":"template-fullwidth.php","meta":{"footnotes":""},"class_list":["post-1590","page","type-page","status-publish","has-post-thumbnail","hentry"],"_links":{"self":[{"href":"https:\/\/ent2d.ac-bordeaux.fr\/disciplines\/langues\/wp-json\/wp\/v2\/pages\/1590","targetHints":{"allow":["GET"]}}],"collection":[{"href":"https:\/\/ent2d.ac-bordeaux.fr\/disciplines\/langues\/wp-json\/wp\/v2\/pages"}],"about":[{"href":"https:\/\/ent2d.ac-bordeaux.fr\/disciplines\/langues\/wp-json\/wp\/v2\/types\/page"}],"author":[{"embeddable":true,"href":"https:\/\/ent2d.ac-bordeaux.fr\/disciplines\/langues\/wp-json\/wp\/v2\/users\/53"}],"replies":[{"embeddable":true,"href":"https:\/\/ent2d.ac-bordeaux.fr\/disciplines\/langues\/wp-json\/wp\/v2\/comments?post=1590"}],"version-history":[{"count":6,"href":"https:\/\/ent2d.ac-bordeaux.fr\/disciplines\/langues\/wp-json\/wp\/v2\/pages\/1590\/revisions"}],"predecessor-version":[{"id":1699,"href":"https:\/\/ent2d.ac-bordeaux.fr\/disciplines\/langues\/wp-json\/wp\/v2\/pages\/1590\/revisions\/1699"}],"wp:featuredmedia":[{"embeddable":true,"href":"https:\/\/ent2d.ac-bordeaux.fr\/disciplines\/langues\/wp-json\/wp\/v2\/media\/1618"}],"wp:attachment":[{"href":"https:\/\/ent2d.ac-bordeaux.fr\/disciplines\/langues\/wp-json\/wp\/v2\/media?parent=1590"}],"curies":[{"name":"wp","href":"https:\/\/api.w.org\/{rel}","templated":true}]}}