{"id":153,"date":"2018-10-08T16:27:18","date_gmt":"2018-10-08T14:27:18","guid":{"rendered":"https:\/\/ent2d.ac-bordeaux.fr\/disciplines\/langues\/?page_id=153"},"modified":"2023-10-07T11:31:35","modified_gmt":"2023-10-07T09:31:35","slug":"enseignant","status":"publish","type":"page","link":"https:\/\/ent2d.ac-bordeaux.fr\/disciplines\/langues\/enseignant\/","title":{"rendered":"Enseignant"},"content":{"rendered":"<h2><span style=\"font-size: 12pt\"><strong>ACCOMPAGNEMENT PERSONNALIS<b>\u00c9<\/b> <\/strong><\/span><\/h2>\n<p><a href=\"https:\/\/ent2d.ac-bordeaux.fr\/disciplines\/langues\/wp-content\/uploads\/sites\/61\/2018\/10\/Courrier-M.-le-Recteur.pdf\" target=\"_blank\" rel=\"noopener\">Retrouvez le <strong>courrier<\/strong> de M. le Recteur concernant l\u2019Accompagnement personnalis\u00e9<\/a><\/p>\n<p><a href=\"https:\/\/ent2d.ac-bordeaux.fr\/disciplines\/langues\/wp-content\/uploads\/sites\/61\/2018\/10\/Ressources-AP-.pdf\" target=\"_blank\" rel=\"noopener\">Retrouvez\u00a0des <strong>ressources<\/strong> concernant l\u2019Accompagnement personnalis\u00e9<\/a><\/p>\n<p>\u00a0<\/p>\n<p>\u00a0<\/p>\n<hr \/>\n<h1><strong><span style=\"font-size: 12pt\">DIFF\u00c9RENCIATION<\/span><\/strong><\/h1>\n<p><a href=\"https:\/\/ent2d.ac-bordeaux.fr\/disciplines\/langues\/wp-content\/uploads\/sites\/61\/2018\/10\/Inspection-G\u00e9n\u00e9rale-danglais_differenciation-pedagogique-synthese.pdf\" target=\"_blank\" rel=\"noopener\"><strong>Conseils<\/strong> de l\u2019Inspection G\u00e9n\u00e9rale sur la <strong>diff\u00e9renciation<\/strong><\/a><\/p>\n<p>\u00a0<\/p>\n<p>\u00a0<\/p>\n<hr \/>\n<h2><strong><span style=\"font-size: 16px\">\u00c9VALUATION<\/span><\/strong><\/h2>\n<h2><strong><span style=\"font-size: 12pt\">Les<\/span><span style=\"font-size: 12pt\"> tex<\/span><span style=\"font-size: 12pt\">tes<\/span><\/strong><\/h2>\n<p><a href=\"https:\/\/ent2d.ac-bordeaux.fr\/disciplines\/anglais\/wp-content\/uploads\/sites\/8\/2016\/04\/R%C3%A9f%C3%A9rentiel-comp%C3%A9tences-professeurs_Arr%C3%AAt%C3%A9-du-1er-juillet-2013.pdf\" target=\"_blank\" rel=\"noopener\">R\u00e9f\u00e9rentiel comp\u00e9tences professeurs Arr\u00eat\u00e9 du 1er juillet 2013<\/a><\/p>\n<p><a href=\"https:\/\/ent2d.ac-bordeaux.fr\/disciplines\/anglais\/wp-content\/uploads\/sites\/8\/2016\/04\/BOEN_-n%C2%B03-du-21-janvier-2016-DNB.pdf\" target=\"_blank\" rel=\"noopener\">BOEN n\u00b03 du 21 janvier 2016 DNB<\/a><\/p>\n<p><a href=\"https:\/\/ent2d.ac-bordeaux.fr\/disciplines\/anglais\/wp-content\/uploads\/sites\/8\/2016\/04\/BOEN_-n%C2%B03-du-21-janvier-2016-Livret-Coll%C3%A8ge.pdf\" target=\"_blank\" rel=\"noopener\">BOEN n\u00b03 du 21 janvier 2016 Livret Coll\u00e8ge<\/a><\/p>\n<p><a href=\"https:\/\/ent2d.ac-bordeaux.fr\/disciplines\/anglais\/wp-content\/uploads\/sites\/8\/2016\/04\/LIVRET_joe_20160103_0002_0011.pdf\" target=\"_blank\" rel=\"noopener\">LIVRET Journal Officiel<\/a><\/p>\n<p>\u00a0<\/p>\n<h2><strong><span style=\"font-size: 12pt\">Descripteurs de capacit\u00e9s du CECRL par activit\u00e9 Langagi\u00e8re<\/span><\/strong><\/h2>\n<p><a href=\"https:\/\/ent2d.ac-bordeaux.fr\/disciplines\/anglais\/wp-content\/uploads\/sites\/8\/2016\/04\/DescripteursA1B1_comprehension_ecrit_123742.pdf\" target=\"_blank\" rel=\"noopener\">Descripteurs A1 B1 compr\u00e9hension \u00e9crit<\/a><\/p>\n<p><a href=\"https:\/\/ent2d.ac-bordeaux.fr\/disciplines\/anglais\/wp-content\/uploads\/sites\/8\/2016\/04\/DescripteursA1B1_comprehension_oral_123744.pdf\" target=\"_blank\" rel=\"noopener\">Descripteurs A1 B1 compr\u00e9hension oral<\/a><\/p>\n<p><a href=\"https:\/\/ent2d.ac-bordeaux.fr\/disciplines\/anglais\/wp-content\/uploads\/sites\/8\/2016\/04\/DescripteursA1B1_expression_ecrite_123746.pdf\" target=\"_blank\" rel=\"noopener\">Descripteurs A1 B1 expression \u00e9crite<\/a><\/p>\n<p><a href=\"https:\/\/ent2d.ac-bordeaux.fr\/disciplines\/anglais\/wp-content\/uploads\/sites\/8\/2016\/04\/DescripteursA1B1_expression_orale_en_continu_136080.pdf\" target=\"_blank\" rel=\"noopener\">Descripteurs A1 B1 expression orale en continu<\/a><\/p>\n<p><a href=\"https:\/\/ent2d.ac-bordeaux.fr\/disciplines\/anglais\/wp-content\/uploads\/sites\/8\/2016\/04\/DescripteursA1B1_interaction_orale_123750.pdf\" target=\"_blank\" rel=\"noopener\">Descripteurs A1 B1 int\u00e9raction orale<\/a><\/p>\n<p>\u00a0<\/p>\n<h2><strong><span style=\"font-size: 12pt\">Divers<\/span><\/strong><\/h2>\n<p><a href=\"https:\/\/eduscol.education.fr\/1971\/cadre-europeen-commun-de-reference-pour-les-langues-cecrl\" target=\"_blank\" rel=\"noopener\">Cadre europ\u00e9en commun de r\u00e9f\u00e9rence pour les langues (<strong>CECRL<\/strong>)<\/a><\/p>\n<p>Extrait de l\u2019intervention d\u2019<strong>Antoine PROST<\/strong>\u00a0: <a href=\"https:\/\/www.youtube.com\/watch?v=H38H3F4EL9g\" target=\"_blank\" rel=\"noopener\">voir la vid\u00e9o<\/a><\/p>\n<p><a href=\"https:\/\/ent2d.ac-bordeaux.fr\/disciplines\/anglais\/wp-content\/uploads\/sites\/8\/2016\/04\/fiches_evaluation_LVE-au-Bac.pdf\" target=\"_blank\" rel=\"noopener\">Grilles d\u2019\u00e9valuation au bac<\/a><\/p>\n<p><a href=\"https:\/\/ent2d.ac-bordeaux.fr\/disciplines\/anglais\/wp-content\/uploads\/sites\/8\/2016\/04\/Grille_evaluation_EE.pdf\" target=\"_blank\" rel=\"noopener\">Grille d\u2019\u00e9valuation Expression \u00c9crite<\/a><\/p>\n<p><a href=\"http:\/\/eduscol.education.fr\/cid103803\/evaluer-la-maitrise-du-socle-commun-du-cycle-2-au-cycle-4.html\" target=\"_blank\" rel=\"noopener\"><span class=\"contenu_titre_non_image\">Evaluer la ma\u00eetrise du socle commun aux cycles 2, 3 et 4<\/span><\/a><\/p>\n<p><a href=\"http:\/\/eduscol.education.fr\/cid104511\/le-livret-scolaire.html\" target=\"_blank\" rel=\"noopener\">Le livret scolaire unique &#8211; <strong>LSU<\/strong><\/a><\/p>\n<p>\u00a0<\/p>\n<p>\u00a0<\/p>\n<hr \/>\n<h2><strong><span style=\"font-size: 16px\">R\u00c9F\u00c9RENTIEL<\/span><span style=\"font-size: 12pt\"><span style=\"font-size: 12pt\">\u00a0DE <\/span><span style=\"font-size: 16px\">COMP\u00c9TENCES<\/span><span style=\"font-size: 12pt\">\u00a0<\/span><\/span><\/strong><\/h2>\n<p><a href=\"https:\/\/ent2d.ac-bordeaux.fr\/disciplines\/langues\/wp-content\/uploads\/sites\/61\/2018\/10\/R\u00e9f\u00e9rentiel-des-comp\u00e9tences-professionnelles-des-m\u00e9tiers-du-professorat-et-de-l\u00e9ducation-BO-n\u00b020-du-25-juillet-2013.pdf\" target=\"_blank\" rel=\"noopener\">R\u00e9f\u00e9rentiel de comp\u00e9tences<\/a> Bulletin officiel n\u00b030 du 25 juillet 2013<\/p>\n<p>\u00a0<\/p>\n<p>\u00a0<\/p>\n\n\n<div style=\"height:100px\" aria-hidden=\"true\" class=\"wp-block-spacer\"><\/div>\n\n\n\n<div style=\"height:100px\" aria-hidden=\"true\" class=\"wp-block-spacer\"><\/div>\n","protected":false},"excerpt":{"rendered":"<p>ACCOMPAGNEMENT PERSONNALIS\u00c9 Retrouvez le courrier de M. le Recteur concernant l\u2019Accompagnement personnalis\u00e9 Retrouvez\u00a0des ressources concernant l\u2019Accompagnement personnalis\u00e9 \u00a0 \u00a0 DIFF\u00c9RENCIATION Conseils de l\u2019Inspection G\u00e9n\u00e9rale sur la diff\u00e9renciation \u00a0 \u00a0 \u00c9VALUATION &#8230;<\/p>\n","protected":false},"author":504,"featured_media":937,"parent":0,"menu_order":0,"comment_status":"closed","ping_status":"closed","template":"template-fullwidth.php","meta":{"footnotes":""},"class_list":["post-153","page","type-page","status-publish","has-post-thumbnail","hentry"],"_links":{"self":[{"href":"https:\/\/ent2d.ac-bordeaux.fr\/disciplines\/langues\/wp-json\/wp\/v2\/pages\/153","targetHints":{"allow":["GET"]}}],"collection":[{"href":"https:\/\/ent2d.ac-bordeaux.fr\/disciplines\/langues\/wp-json\/wp\/v2\/pages"}],"about":[{"href":"https:\/\/ent2d.ac-bordeaux.fr\/disciplines\/langues\/wp-json\/wp\/v2\/types\/page"}],"author":[{"embeddable":true,"href":"https:\/\/ent2d.ac-bordeaux.fr\/disciplines\/langues\/wp-json\/wp\/v2\/users\/504"}],"replies":[{"embeddable":true,"href":"https:\/\/ent2d.ac-bordeaux.fr\/disciplines\/langues\/wp-json\/wp\/v2\/comments?post=153"}],"version-history":[{"count":26,"href":"https:\/\/ent2d.ac-bordeaux.fr\/disciplines\/langues\/wp-json\/wp\/v2\/pages\/153\/revisions"}],"predecessor-version":[{"id":2128,"href":"https:\/\/ent2d.ac-bordeaux.fr\/disciplines\/langues\/wp-json\/wp\/v2\/pages\/153\/revisions\/2128"}],"wp:featuredmedia":[{"embeddable":true,"href":"https:\/\/ent2d.ac-bordeaux.fr\/disciplines\/langues\/wp-json\/wp\/v2\/media\/937"}],"wp:attachment":[{"href":"https:\/\/ent2d.ac-bordeaux.fr\/disciplines\/langues\/wp-json\/wp\/v2\/media?parent=153"}],"curies":[{"name":"wp","href":"https:\/\/api.w.org\/{rel}","templated":true}]}}