{"id":959,"date":"2020-12-09T16:28:29","date_gmt":"2020-12-09T15:28:29","guid":{"rendered":"https:\/\/ent2d.ac-bordeaux.fr\/disciplines\/italien\/?page_id=959"},"modified":"2025-02-19T19:25:48","modified_gmt":"2025-02-19T18:25:48","slug":"echange-avec-terni-ombrie","status":"publish","type":"page","link":"https:\/\/ent2d.ac-bordeaux.fr\/disciplines\/italien\/mobilite\/echange-avec-terni-ombrie\/","title":{"rendered":"Echange avec Terni (Ombrie)"},"content":{"rendered":"\n<p class=\"has-text-align-center has-black-color has-text-color has-link-color has-medium-font-size wp-elements-d8fbe9222d3886d414cd87052e3ad3af\"><strong>Lyc\u00e9e Sud-M\u00e9doc La Bo\u00e9tie &#8211; Le Taillan-M\u00e9doc &#8211; Prof.ssa Talamoni<\/strong><\/p>\n\n\n\n<p class=\"has-text-align-center has-black-color has-vivid-green-cyan-background-color has-text-color has-background has-link-color has-medium-font-size wp-elements-d918ca87c8fe871afb8ece4b26725d6f\"><strong>L\u2019\u00e9change 2024\/2025 des \u00e9l\u00e8ves italianistes de Premi\u00e8re<\/strong><\/p>\n\n\n<div class=\"wp-block-image\">\n<figure class=\"aligncenter size-full is-resized\"><img loading=\"lazy\" decoding=\"async\" width=\"692\" height=\"501\" src=\"https:\/\/ent2d.ac-bordeaux.fr\/disciplines\/italien\/wp-content\/uploads\/sites\/12\/2025\/02\/Lyc-SM-4-1.jpg\" alt=\"\" class=\"wp-image-1715\" style=\"width:338px;height:auto\" srcset=\"https:\/\/ent2d.ac-bordeaux.fr\/disciplines\/italien\/wp-content\/uploads\/sites\/12\/2025\/02\/Lyc-SM-4-1.jpg 692w, https:\/\/ent2d.ac-bordeaux.fr\/disciplines\/italien\/wp-content\/uploads\/sites\/12\/2025\/02\/Lyc-SM-4-1-300x217.jpg 300w\" sizes=\"auto, (max-width: 692px) 100vw, 692px\" \/><\/figure>\n<\/div>\n\n\n<p>Comme chaque ann\u00e9e, les \u00e9l\u00e8ves italianistes de Premi\u00e8re ont particip\u00e9 \u00e0 l\u2019\u00e9change avec notre lyc\u00e9e partenaire de Terni.<\/p>\n\n\n\n<p>Nous avons accueilli le groupe des Italiens du 11 au 18 octobre 2024. La semaine en France a \u00e9t\u00e9 occup\u00e9e, entre autres, par un jeu de piste par \u00e9quipe dans le vieux Bordeaux et par une sortie sur le bassin d\u2019Arcachon r\u00e9alis\u00e9e malgr\u00e9 une pluie diluvienne et beaucoup de vent&nbsp;!!!<\/p>\n\n\n\n<p>Du 3 au 10 f\u00e9vrier 2025 nous sommes partis \u00e0 Terni. Malgr\u00e9 la saison, le temps a \u00e9t\u00e9 bien ensoleill\u00e9 et les paysages de l\u2019Ombrie toujours aussi magnifiques&nbsp;!<\/p>\n\n\n\n<p>Dans notre programme, il est devenu habituel de proposer des activit\u00e9s pour stimuler le c\u00f4t\u00e9 cr\u00e9atif de nos jeunes&nbsp;: cette ann\u00e9e, aid\u00e9s par un ma\u00eetre chocolatier de P\u00e9rouse, la ville du chocolat, ils ont produit des tablettes originales et gourmandes.<\/p>\n\n\n\n<p>Notre exp\u00e9rience \u00e0 pris fin le lundi 10 apr\u00e8s une matin\u00e9e en cours : il y a eu beaucoup d&rsquo;\u00e9motion au moment du d\u00e9part et l\u2019espoir de cultiver ces amiti\u00e9s naissantes&nbsp;!<\/p>\n\n\n\n<p>Maintenant nos jeunes vont confier \u00e0 leurs carnets de voyage toutes les d\u00e9couvertes et les rencontres de cette belle exp\u00e9rience. Celle-ci s\u2019ach\u00e8ve pour cette ann\u00e9e scolaire mais sera renouvel\u00e9e l\u2019ann\u00e9e prochaine avec d\u2019autres jeunes qui sont d\u00e9j\u00e0 pr\u00eats \u00e0 vivre cet \u00e9change\u2026 A presto\u00a0!<\/p>\n\n\n<div class=\"wp-block-image\">\n<figure class=\"aligncenter size-full is-resized\"><img loading=\"lazy\" decoding=\"async\" width=\"703\" height=\"527\" src=\"https:\/\/ent2d.ac-bordeaux.fr\/disciplines\/italien\/wp-content\/uploads\/sites\/12\/2025\/02\/Lyc-SM-3-1.jpg\" alt=\"\" class=\"wp-image-1717\" style=\"width:508px;height:auto\" srcset=\"https:\/\/ent2d.ac-bordeaux.fr\/disciplines\/italien\/wp-content\/uploads\/sites\/12\/2025\/02\/Lyc-SM-3-1.jpg 703w, https:\/\/ent2d.ac-bordeaux.fr\/disciplines\/italien\/wp-content\/uploads\/sites\/12\/2025\/02\/Lyc-SM-3-1-300x225.jpg 300w\" sizes=\"auto, (max-width: 703px) 100vw, 703px\" \/><\/figure>\n<\/div>\n\n\n<p class=\"has-text-align-center has-black-color has-vivid-red-background-color has-text-color has-background has-link-color has-medium-font-size wp-elements-fa63763364ea3691119cbcb1547cfea9\"><strong>L\u2019\u00e9change 2023\/24 des \u00e9l\u00e8ves italianistes de Premi\u00e8re sous le signe du slam<\/strong> !<\/p>\n\n\n<div class=\"wp-block-image\">\n<figure class=\"aligncenter size-full is-resized\"><img loading=\"lazy\" decoding=\"async\" width=\"449\" height=\"638\" src=\"https:\/\/ent2d.ac-bordeaux.fr\/disciplines\/italien\/wp-content\/uploads\/sites\/12\/2024\/06\/terni.jpg\" alt=\"\" class=\"wp-image-1568\" style=\"width:301px;height:auto\" srcset=\"https:\/\/ent2d.ac-bordeaux.fr\/disciplines\/italien\/wp-content\/uploads\/sites\/12\/2024\/06\/terni.jpg 449w, https:\/\/ent2d.ac-bordeaux.fr\/disciplines\/italien\/wp-content\/uploads\/sites\/12\/2024\/06\/terni-211x300.jpg 211w\" sizes=\"auto, (max-width: 449px) 100vw, 449px\" \/><\/figure>\n<\/div>\n\n\n<p class=\"has-black-color has-text-color has-link-color has-medium-font-size wp-elements-6886f454578cbd76adeb26c08ef97b3f\"><strong>Comme chaque ann\u00e9e, les \u00e9l\u00e8ves italianistes de Premi\u00e8re ont particip\u00e9 \u00e0 l\u2019\u00e9change avec notre lyc\u00e9e partenaire de Terni.<\/strong><\/p>\n\n\n\n<p class=\"has-black-color has-text-color has-link-color has-small-font-size wp-elements-1dbbdc89c92ea507158f2da83127d875\"><strong>Nous sommes partis \u00e0 Terni du 12 au 20 octobre 2023&nbsp;: le temps \u00e9tait magnifique, les paysages \u00e0 couper le souffle et le groupe tr\u00e8s sympa. Bref, c\u2019\u00e9tait une belle semaine italienne&nbsp;o\u00f9 les jeunes ont m\u00eame pu \u00e9taler leur talent artistique lors de la production de c\u00e9ramiques&nbsp;!<\/strong><\/p>\n\n\n\n<p class=\"has-black-color has-text-color has-link-color has-small-font-size wp-elements-8b138decf73a8fbf68143034dfe47b08\"><strong>Pour rester en contact nous, les professeurs, avions demand\u00e9 aux jeunes, de cr\u00e9er par bin\u00f4mes un slam sur des th\u00e8mes comme l\u2019amiti\u00e9, le voyage ou la mode. Nous avons eu le plaisir d\u2019\u00e9couter des productions magnifiques, qui sont pr\u00e9sent\u00e9es dans un recueil, le lundi 6 mai, dernier jour de leur s\u00e9jour qui avait commenc\u00e9 le 30 avril 2024.<\/strong><\/p>\n\n\n<div class=\"wp-block-image\">\n<figure class=\"aligncenter size-full is-resized\"><img loading=\"lazy\" decoding=\"async\" width=\"690\" height=\"388\" src=\"https:\/\/ent2d.ac-bordeaux.fr\/disciplines\/italien\/wp-content\/uploads\/sites\/12\/2024\/06\/Terni-2.jpg\" alt=\"\" class=\"wp-image-1569\" style=\"width:459px;height:auto\" srcset=\"https:\/\/ent2d.ac-bordeaux.fr\/disciplines\/italien\/wp-content\/uploads\/sites\/12\/2024\/06\/Terni-2.jpg 690w, https:\/\/ent2d.ac-bordeaux.fr\/disciplines\/italien\/wp-content\/uploads\/sites\/12\/2024\/06\/Terni-2-300x169.jpg 300w\" sizes=\"auto, (max-width: 690px) 100vw, 690px\" \/><\/figure>\n<\/div>\n\n\n<p class=\"has-black-color has-text-color has-link-color wp-elements-12198844e5fc9a74983fb5aca3cc7a21\"><strong>La semaine en France a \u00e9t\u00e9 occup\u00e9e, entre autres, par un jeu de piste par \u00e9quipe dans le vieux Bordeaux qui a fait ressortir le c\u00f4t\u00e9 comp\u00e9titeur qui se cache (ou pas \ud83d\ude09) en chacun de nous et par les visites des ch\u00e2teaux de La Br\u00e8de et de Cadillac&nbsp;!<\/strong><\/p>\n\n\n\n<p class=\"has-black-color has-text-color has-link-color wp-elements-9a81c2bf8e411343538d5d015ab83084\"><strong>Apr\u00e8s le moment d\u2019\u00e9motion suscit\u00e9 par certains slams, nous avons accompagn\u00e9 nos amis \u00e0 l\u2019a\u00e9roport&nbsp;o\u00f9 beaucoup de larmes ont coul\u00e9 et il a \u00e9t\u00e9 tr\u00e8s difficile de se dire au revoir&nbsp;!<\/strong><\/p>\n\n\n<div class=\"wp-block-image\">\n<figure class=\"aligncenter size-full is-resized\"><img loading=\"lazy\" decoding=\"async\" width=\"708\" height=\"531\" src=\"https:\/\/ent2d.ac-bordeaux.fr\/disciplines\/italien\/wp-content\/uploads\/sites\/12\/2024\/06\/Terni-3.jpg\" alt=\"\" class=\"wp-image-1570\" style=\"width:447px;height:auto\" srcset=\"https:\/\/ent2d.ac-bordeaux.fr\/disciplines\/italien\/wp-content\/uploads\/sites\/12\/2024\/06\/Terni-3.jpg 708w, https:\/\/ent2d.ac-bordeaux.fr\/disciplines\/italien\/wp-content\/uploads\/sites\/12\/2024\/06\/Terni-3-300x225.jpg 300w\" sizes=\"auto, (max-width: 708px) 100vw, 708px\" \/><\/figure>\n<\/div>\n\n\n<p class=\"has-black-color has-text-color has-link-color wp-elements-7b69ced4f647e2707b603e219c7e7cde\"><strong>L\u2019\u00e9change de cette ann\u00e9e scolaire est termin\u00e9 mais des amiti\u00e9s sont n\u00e9es et ne demandent qu\u2019\u00e0 \u00eatre cultiv\u00e9es.<\/strong><\/p>\n\n\n\n<p class=\"has-black-color has-text-color has-link-color wp-elements-ad2d3c25be13b28b58a8278046a22716\"><strong>Notre \u00e9change sera renouvel\u00e9 l\u2019ann\u00e9e prochaine et d\u2019autres jeunes sont d\u00e9j\u00e0 pr\u00eats \u00e0 vivre cette belle exp\u00e9rience\u2026 Rendez-vous donc l\u2019ann\u00e9e prochaine&nbsp;!<\/strong><\/p>\n\n\n\n<p class=\"has-text-align-center has-black-color has-text-color has-link-color has-medium-font-size wp-elements-7a324f167ff4fc4c9c0054b8d3149543\"><strong>La prof d\u2019italiano: Prof.ssa Talamoni<\/strong><\/p>\n\n\n\n<p><\/p>\n\n\n\n<p class=\"has-text-align-center has-vivid-red-color has-text-color has-medium-font-size\"><strong>Un webmagazine pour rester en contact<\/strong> <\/p>\n\n\n\n<p class=\"has-light-green-cyan-background-color has-background\"><strong>Chaque ann\u00e9e les \u00e9l\u00e8ves de Premi\u00e8re de mon \u00e9tablissement participent \u00e0 l\u2019\u00e9change avec notre lyc\u00e9e partenaire de Terni.  <\/strong><\/p>\n\n\n\n<p class=\"has-very-light-gray-background-color has-background\"><strong>Mais tout le monde conna\u00eet l\u2019actuelle situation sanitaire qui nous oblige \u00e0 l\u2019immobilit\u00e9\u2026 C\u2019est pour cela que nous, la coll\u00e8gue italienne Carla Di Patrizi, ma pr\u00e9cieuse professeure documentaliste &nbsp;Sylvie Bernini et moi-m\u00eame, avons d\u00e9cid\u00e9 de faire face \u00e0 ces contraintes en \u00e9changeant autrement&nbsp;!<\/strong><\/p>\n\n\n\n<p class=\"has-light-green-cyan-background-color has-background\"><strong>\u00ab&nbsp;Diagonale&nbsp;\u00bb, ce webmagazine franco-italien, nait ainsi, de l\u2019envie de partager, de communiquer, de rester en contact en tra\u00e7ant \u00ab&nbsp;en diagonale&nbsp;\u00bb une ligne virtuelle entre nos deux villes Voici le premier, des trois num\u00e9ros pr\u00e9vus pour cette ann\u00e9e&nbsp;: bonne lecture \u00e0 tous&nbsp;! <\/strong>  <\/p>\n\n\n\n<p class=\"has-text-align-center has-very-light-gray-background-color has-background has-large-font-size\"><em><strong><a href=\"https:\/\/blogpeda.ac-bordeaux.fr\/lyceesudmedoc\/2020\/12\/01\/diagonale\/\" target=\"_blank\" rel=\"noreferrer noopener\">Diagonale<\/a><\/strong><\/em><\/p>\n\n\n\n<p class=\"has-text-align-right\"><strong>Manuela Talamoni<\/strong><\/p>\n\n\n\n<p class=\"has-text-align-right\"><strong>Lyc\u00e9e Sud-M\u00e9doc La Bo\u00e9tie<\/strong><\/p>\n\n\n<div class=\"wp-block-image\">\n<figure class=\"aligncenter size-large\"><img loading=\"lazy\" decoding=\"async\" width=\"278\" height=\"181\" src=\"https:\/\/ent2d.ac-bordeaux.fr\/disciplines\/italien\/wp-content\/uploads\/sites\/12\/2020\/12\/images.jpg\" alt=\"\" class=\"wp-image-960\" \/><\/figure>\n<\/div>","protected":false},"excerpt":{"rendered":"<p>Lyc\u00e9e Sud-M\u00e9doc La Bo\u00e9tie &#8211; Le Taillan-M\u00e9doc &#8211; Prof.ssa Talamoni L\u2019\u00e9change 2024\/2025 des \u00e9l\u00e8ves italianistes de Premi\u00e8re Comme chaque ann\u00e9e, les \u00e9l\u00e8ves italianistes de Premi\u00e8re ont particip\u00e9 \u00e0 l\u2019\u00e9change avec &#8230;<\/p>\n","protected":false},"author":42,"featured_media":0,"parent":39,"menu_order":6,"comment_status":"closed","ping_status":"closed","template":"","meta":{"footnotes":""},"class_list":["post-959","page","type-page","status-publish","hentry"],"_links":{"self":[{"href":"https:\/\/ent2d.ac-bordeaux.fr\/disciplines\/italien\/wp-json\/wp\/v2\/pages\/959","targetHints":{"allow":["GET"]}}],"collection":[{"href":"https:\/\/ent2d.ac-bordeaux.fr\/disciplines\/italien\/wp-json\/wp\/v2\/pages"}],"about":[{"href":"https:\/\/ent2d.ac-bordeaux.fr\/disciplines\/italien\/wp-json\/wp\/v2\/types\/page"}],"author":[{"embeddable":true,"href":"https:\/\/ent2d.ac-bordeaux.fr\/disciplines\/italien\/wp-json\/wp\/v2\/users\/42"}],"replies":[{"embeddable":true,"href":"https:\/\/ent2d.ac-bordeaux.fr\/disciplines\/italien\/wp-json\/wp\/v2\/comments?post=959"}],"version-history":[{"count":3,"href":"https:\/\/ent2d.ac-bordeaux.fr\/disciplines\/italien\/wp-json\/wp\/v2\/pages\/959\/revisions"}],"predecessor-version":[{"id":1718,"href":"https:\/\/ent2d.ac-bordeaux.fr\/disciplines\/italien\/wp-json\/wp\/v2\/pages\/959\/revisions\/1718"}],"up":[{"embeddable":true,"href":"https:\/\/ent2d.ac-bordeaux.fr\/disciplines\/italien\/wp-json\/wp\/v2\/pages\/39"}],"wp:attachment":[{"href":"https:\/\/ent2d.ac-bordeaux.fr\/disciplines\/italien\/wp-json\/wp\/v2\/media?parent=959"}],"curies":[{"name":"wp","href":"https:\/\/api.w.org\/{rel}","templated":true}]}}