{"id":43,"date":"2016-06-11T18:41:08","date_gmt":"2016-06-11T16:41:08","guid":{"rendered":"https:\/\/ent2d.ac-bordeaux.fr\/disciplines\/italien\/?page_id=43"},"modified":"2018-12-05T20:23:13","modified_gmt":"2018-12-05T19:23:13","slug":"echange-avec-fasano-commune-des-pouilles","status":"publish","type":"page","link":"https:\/\/ent2d.ac-bordeaux.fr\/disciplines\/italien\/mobilite\/echange-avec-fasano-commune-des-pouilles\/","title":{"rendered":"\u00c9change avec Fasano (Pouilles)"},"content":{"rendered":"<div>\n<h5 style=\"text-align: center\">\u00c9change Fasano \u2013 Le Bouscat, mars-avril 2013<\/h5>\n<div style=\"text-align: right\"><a href=\"https:\/\/ent2d.ac-bordeaux.fr\/disciplines\/italien\/wp-content\/uploads\/sites\/12\/2016\/06\/retour-sur-Fasano.pdf\">\u2192 Version PDF<\/a><\/div>\n<p style=\"text-align: justify\">Apr\u00e8s un Comenius r\u00e9ussi qui avait impliqu\u00e9 entre 2011 et 2012 le coll\u00e8ge Ausone et la scuola media Giovanni Pascoli de Fasano (BR), nous avons d\u00e9cid\u00e9, ma coll\u00e8gue de fran\u00e7ais Maria Dibello et moi-m\u00eame, de tenter l\u2019exp\u00e9rience sous forme d\u2019\u00e9change.<\/p>\n<p style=\"text-align: justify\">Si comme moi, vous h\u00e9sitez \u00e0 initier un projet avec les Pouilles parce que les distances \u00e0 parcourir vous effraient, alors j\u2019esp\u00e8re que ce bilan en forme de plaidoirie \u00ab\u00a0pro Puglia\u00a0\u00bb vous convaincra.<\/p>\n<p style=\"text-align: justify\">Par o\u00f9 commencer\u00a0? Par les oliviers au milieu des champs de coquelicots\u00a0? Par le bleu limpide de la mer dans le port d\u2019Otrante\u00a0? Par la blancheur \u00e9blouissante des Trulli d\u2019Alberobello\u00a0? Par la saveur de la focaccia casareccia\u00a0? Par la g\u00e9n\u00e9rosit\u00e9 sans faille des familles Fasanesi qui nous ont accueillis pendant une semaine\u00a0? Ou, plus prosa\u00efquement, par le choix difficile du moyen de transport une fois que le principe de l\u2019\u00e9change a \u00e9t\u00e9 acquis\u00a0? T\u00e2chons d\u2019\u00eatre pratiques et utiles, c\u2019est le but de l\u2019exercice je crois.<\/p>\n<p style=\"text-align: justify\">Apr\u00e8s quelques t\u00e2tonnements, nous avons donc finalement opt\u00e9 pour une solution fractionn\u00e9e avion-autocar\u00a0: arriv\u00e9e \u00e0 Rome par le vol quotidien d\u2019Air France et poursuite du trajet en car jusqu\u2019\u00e0 Fasano. Six heures de route s\u2019avalent comme qui rigole, quand on est habitu\u00e9s aux dix-huit, voire vingt heures de route jusqu\u2019\u00e0 Venise ou Florence. Le ciel sans nuages entre Bordeaux et Rome nous avait auparavant permis de survoler la Corse, d\u2019apercevoir l\u2019\u00e9pave toujours \u00e9chou\u00e9e du Costa Concordia sur les r\u00e9cifs du Giglio et d\u2019entrapercevoir Rome. Ensuite, ponctualit\u00e9 et gentillesse impeccables du chauffeur des Autolinee Dongiovanni qui nous emm\u00e8nera sans encombre jusqu\u2019\u00e0 Fasano avec, en prime, vue sur le V\u00e9suve et, apr\u00e8s Benevento, travers\u00e9e du Tavoliere delle Puglie, aux vastes \u00e9tendues o\u00f9 l\u2019on cherche longtemps une quelconque pr\u00e9sence humaine.<\/p>\n<p style=\"text-align: justify\">Une fois sur place, nos coll\u00e8gues nous avaient concoct\u00e9 un beau programme qui a permis \u00e0 nos vingt \u00e9l\u00e8ves de d\u00e9couvrir le joyeux bazar des cours dans un coll\u00e8ge italien, les d\u00e9lices de la cuisine locale et les beaut\u00e9s de Lecce, Alberobello, Martina Franca, Ostuni, Otrante\u2026 Ils ont aussi et surtout \u00e9t\u00e9 s\u00e9duits par la g\u00e9n\u00e9rosit\u00e9 et la disponibilit\u00e9 de leurs familles d\u2019accueil qui se sont toujours mises en quatre et ont souvent \u00e9t\u00e9 \u00e0 nos c\u00f4t\u00e9s lors des sorties dans et hors Fasano.<\/p>\n<p style=\"text-align: justify\"><strong>Conclusion\u00a0: n\u2019h\u00e9sitez plus \u00e0 vous lancer dans des projets d\u2019\u00e9changes ou d\u2019appariements avec des coll\u00e8ges ou lyc\u00e9es des Pouilles\u00a0!<\/strong><\/p>\n<\/div>\n<div>\n<ul>\n<li>\n<h5>Carnet pratique<\/h5>\n<\/li>\n<\/ul>\n<pre style=\"text-align: justify\"><strong>Vol Air France<\/strong>\u00a0Bordeaux-Rome quotidien au d\u00e9part de M\u00e9rignac.\r\n\r\n<strong>Tarif groupe \u00e0 234\u00a0\u20ac\u00a0\/\u00a0par participant.<\/strong>\u00a0Il est pr\u00e9f\u00e9rable de r\u00e9server t\u00f4t en se rendant directement \u00e0 l\u2019agence des All\u00e9es de Tourny qui g\u00e8re les groupes scolaires.\r\n\r\nRome Fiumicino\u00a0\u2013\u00a0Fasano en autocar\u00a0: service irr\u00e9prochable des\u00a0<strong>Autolinee Dongiovanni\u00a0<\/strong>(Via Fratelli Bandiera, 12, Noci Bari, +39 080 497 9066). Ils ont des cars de 26-30 places, bien pratiques pour des groupes l\u00e9gers comme le n\u00f4tre (20 \u00e9l\u00e8ves et 2 accompagnateurs).\u00a0<strong>Tarif de location A\/R\u00a0: 1840\u00a0\u20ac.<\/strong>\r\n\r\nNous avons demand\u00e9\u00a0<strong>300\u00a0\u20ac aux familles<\/strong>\u00a0pour un\u00a0<strong>co\u00fbt r\u00e9el par participant de 376 \u20ac<\/strong>. La diff\u00e9rence a \u00e9t\u00e9 financ\u00e9e essentiellement par la vente d\u2019objets (porte-cl\u00e9s, sacs, etc.) et par une participation du FSE et du coll\u00e8ge.<\/pre>\n<\/div>\n","protected":false},"excerpt":{"rendered":"<p>\u00c9change Fasano \u2013 Le Bouscat, mars-avril 2013 \u2192 Version PDF Apr\u00e8s un Comenius r\u00e9ussi qui avait impliqu\u00e9 entre 2011 et 2012 le coll\u00e8ge Ausone et la scuola media Giovanni Pascoli &#8230;<\/p>\n","protected":false},"author":41,"featured_media":0,"parent":39,"menu_order":2,"comment_status":"closed","ping_status":"closed","template":"","meta":{"footnotes":""},"class_list":["post-43","page","type-page","status-publish","hentry"],"_links":{"self":[{"href":"https:\/\/ent2d.ac-bordeaux.fr\/disciplines\/italien\/wp-json\/wp\/v2\/pages\/43","targetHints":{"allow":["GET"]}}],"collection":[{"href":"https:\/\/ent2d.ac-bordeaux.fr\/disciplines\/italien\/wp-json\/wp\/v2\/pages"}],"about":[{"href":"https:\/\/ent2d.ac-bordeaux.fr\/disciplines\/italien\/wp-json\/wp\/v2\/types\/page"}],"author":[{"embeddable":true,"href":"https:\/\/ent2d.ac-bordeaux.fr\/disciplines\/italien\/wp-json\/wp\/v2\/users\/41"}],"replies":[{"embeddable":true,"href":"https:\/\/ent2d.ac-bordeaux.fr\/disciplines\/italien\/wp-json\/wp\/v2\/comments?post=43"}],"version-history":[{"count":7,"href":"https:\/\/ent2d.ac-bordeaux.fr\/disciplines\/italien\/wp-json\/wp\/v2\/pages\/43\/revisions"}],"predecessor-version":[{"id":551,"href":"https:\/\/ent2d.ac-bordeaux.fr\/disciplines\/italien\/wp-json\/wp\/v2\/pages\/43\/revisions\/551"}],"up":[{"embeddable":true,"href":"https:\/\/ent2d.ac-bordeaux.fr\/disciplines\/italien\/wp-json\/wp\/v2\/pages\/39"}],"wp:attachment":[{"href":"https:\/\/ent2d.ac-bordeaux.fr\/disciplines\/italien\/wp-json\/wp\/v2\/media?parent=43"}],"curies":[{"name":"wp","href":"https:\/\/api.w.org\/{rel}","templated":true}]}}