{"id":41,"date":"2016-06-11T18:37:44","date_gmt":"2016-06-11T16:37:44","guid":{"rendered":"https:\/\/ent2d.ac-bordeaux.fr\/disciplines\/italien\/?page_id=41"},"modified":"2019-01-02T16:13:09","modified_gmt":"2019-01-02T15:13:09","slug":"stages-paf","status":"publish","type":"page","link":"https:\/\/ent2d.ac-bordeaux.fr\/disciplines\/italien\/ressources\/stages-paf\/","title":{"rendered":"Stages PAF"},"content":{"rendered":"<ul>\n<li>\n<h5>propositions d&rsquo;exploitation de textes litt\u00e9raires\u00a0<strong style=\"color: #555555;font-family: 'Open Sans', Helvetica, Arial, sans-serif;font-size: 16px\"><small>(octobre 2018)<\/small><\/strong><\/h5>\n<\/li>\n<\/ul>\n<pre><strong><em>&gt; Giocando si legge<\/em><\/strong> - Stage de formation anim\u00e9 par M. Barral \r\n\r\n<strong><span style=\"color: #555555\">&gt; T\u00e9l\u00e9<\/span>chargez l'ensemble des canevas d'exploitation<\/strong> tir\u00e9s de<em style=\"color: #555555\"> L'amica geniale<\/em><span style=\"color: #555555\"> d'Elena Ferrante, <\/span><em style=\"color: #555555\">L'arte della gioia<\/em><span style=\"color: #555555\"> de Goliarda Sapienza, <\/span><em style=\"color: #555555\">Le otto montagne<\/em><span style=\"color: #555555\"> di Paolo Cognetti, <\/span><em style=\"color: #555555\">La natura esposta<\/em><span style=\"color: #555555\"> d'Erri de Luca et <\/span><em style=\"color: #555555\">Sostiene Pereira<\/em><span style=\"color: #555555\"> d'Antonio Tabucchi : <\/span><strong><a href=\"https:\/\/ent2d.ac-bordeaux.fr\/disciplines\/italien\/wp-content\/uploads\/sites\/12\/2019\/01\/propositionsexploitationtexteslittraires.zip\">Dossier zip<\/a><\/strong><span style=\"color: #555555\">.<\/span><\/pre>\n<ul>\n<li>\n<h5>La gestion de l\u2019h\u00e9t\u00e9rog\u00e9n\u00e9it\u00e9 en classe de langue <strong><small>(d\u00c9CEMBRE 2014)<\/small><\/strong><\/h5>\n<\/li>\n<\/ul>\n<pre style=\"text-align: center\"><a href=\"https:\/\/ent2d.ac-bordeaux.fr\/disciplines\/italien\/wp-content\/uploads\/sites\/12\/2016\/06\/GestionHeterogeneiteClasseLangue.pdf\" target=\"_blank\" rel=\"noopener\">&gt; Pr\u00e9sentation de M<sup>me<\/sup>\u00a0Carayon, IA-IPR<\/a><\/pre>\n<pre style=\"text-align: left\"><strong>&gt;<\/strong> <strong><a href=\"https:\/\/ent2d.ac-bordeaux.fr\/disciplines\/italien\/wp-content\/uploads\/sites\/12\/2016\/06\/TroisiemesSequenceIlRientroAvecAteliers.pdf\" target=\"_blank\" rel=\"noopener\">Il rientro a scuola<\/a> <\/strong>- S\u00e9quence de M<sup>me<\/sup>\u00a0Christel Sabathier, intervenante\r\n\r\n<strong>Th\u00e9matique\u00a0:<\/strong>\u00a0L\u2019ici et l\u2019ailleurs <strong>\/<\/strong>\u00a0<strong>Domaine\u00a0:<\/strong>\u00a0Le monde de l\u2019\u00e9cole\r\n<strong>Projet final\u00a0:<\/strong>\u00a0Interview de la classe sur la rentr\u00e9e, Message sur le forum du site\r\n\r\n<small>&gt;<strong> T\u00e9l\u00e9chargez l\u2019ensemble des productions de ce stage : <\/strong><\/small><a class=\"block-button\" href=\"https:\/\/ent2d.ac-bordeaux.fr\/disciplines\/italien\/wp-content\/uploads\/sites\/12\/2016\/06\/StageDec2014.zip\" target=\"_blank\" rel=\"noopener\">Archive Zip<\/a>\r\n(Les productions r\u00e9alis\u00e9es en ateliers sont intercal\u00e9es en pages 10, 13 et 15).<\/pre>\n<ul>\n<li>\n<h5>Enseigner par les comp\u00e9tences\u00a0:\u00a0<small>Diff\u00e9rencier, \u00e9valuer, rem\u00e9dier (<\/small><strong><small>AVRIL 2013)<\/small><\/strong><\/h5>\n<\/li>\n<\/ul>\n<pre style=\"text-align: center\">&gt; <a href=\"https:\/\/ent2d.ac-bordeaux.fr\/disciplines\/italien\/wp-content\/uploads\/sites\/12\/2016\/06\/CompetencesActivitesLangagieresRemediation.pdf\" target=\"_blank\" rel=\"noopener\">Pr\u00e9sentation de M<sup>me<\/sup>\u00a0Carayon, IA-IPR<\/a><\/pre>\n<ul>\n<li style=\"text-align: left\">\n<h5>Mise en \u0153uvre des programmes du cycle terminal <strong style=\"color: #555555;font-family: 'Open Sans', Helvetica, Arial, sans-serif;font-size: 16px\"><small>(nOVEMBRE 2013)<\/small><\/strong><small><\/small><\/h5>\n<\/li>\n<\/ul>\n<pre style=\"text-align: center\"><small><\/small>De l\u2019\u00e9tude des notions \u00e0 la pr\u00e9sentation des probl\u00e9matiques\r\n<a href=\"https:\/\/ent2d.ac-bordeaux.fr\/disciplines\/italien\/wp-content\/uploads\/sites\/12\/2016\/06\/MiseEnOeuvreCycleTerminal.pdf\" target=\"_blank\" rel=\"noopener\">&gt; Pr\u00e9sentation de M<sup>me<\/sup>\u00a0Carayon, IA-IPR<\/a><\/pre>\n<pre><strong>&gt; <a href=\"https:\/\/ent2d.ac-bordeaux.fr\/disciplines\/italien\/wp-content\/uploads\/sites\/12\/2016\/06\/IlSognoAmericano.pdf\" target=\"_blank\" rel=\"noopener\">Mythes et h\u00e9ros\u00a0:\u00a0Il sogno americano<\/a><\/strong> - Exemple d\u2019\u00e9tude de M<sup>me<\/sup>\u00a0De Nardi, intervenante\r\n<strong>&gt;<\/strong> Ensembles documentaires de M<sup>me<\/sup>\u00a0De Nardi\u00a0:\r\n<a href=\"https:\/\/ent2d.ac-bordeaux.fr\/disciplines\/italien\/wp-content\/uploads\/sites\/12\/2016\/06\/DocsBrunoSaccoEVanzettiPeppinoImpastato.pdf\" target=\"_blank\" rel=\"noopener\"><strong>Lieux et formes du pouvoir\u00a0: <\/strong>Giordano Bruno, Sacco e Vanzetti, Peppino Impastato<\/a>\r\n<a href=\"https:\/\/ent2d.ac-bordeaux.fr\/disciplines\/italien\/wp-content\/uploads\/sites\/12\/2016\/06\/DocsTurismoDiMassa.pdf\" target=\"_blank\" rel=\"noopener\"><strong>Espaces et \u00e9changes\u00a0:<\/strong>\u00a0Il turismo di massa\u00a0(PDF, 2 Mo)<\/a>\r\n\r\n<strong>&gt;<\/strong> Production en atelier de M<sup>mes<\/sup>\u00a0Zanutto (secr\u00e9taire), Talamoni et M. Dupont\r\n<a href=\"https:\/\/ent2d.ac-bordeaux.fr\/disciplines\/italien\/wp-content\/uploads\/sites\/12\/2016\/06\/BrunoSaccoEVanzettiPeppinoImpastato.pdf\" target=\"_blank\" rel=\"noopener\"><strong>Lieux et formes du pouvoir\u00a0: <\/strong>Giordano Bruno, Sacco e Vanzetti, Peppino Impastato<\/a>\r\n\r\n<strong>&gt;<\/strong> Production en atelier de M<sup>mes<\/sup>\u00a0Bailly (secr\u00e9taire), Moreau, Perreault et M. Roger\r\n<a href=\"http:\/\/disciplines.ac-bordeaux.fr\/interlangues\/uploads\/pages\/304\/file\/TurismoAVenezia.pdf\" target=\"_blank\" rel=\"noopener\"><strong>Espaces et \u00e9changes\u00a0:<\/strong>\u00a0Il turismo a Venezia<\/a>\r\n\r\n<strong>&gt;<\/strong> Production en atelier de M<sup>mes<\/sup>\u00a0Braudeau (secr\u00e9taire), Manzo\u2013De Carvalho et Rizzello\r\n<a href=\"https:\/\/ent2d.ac-bordeaux.fr\/disciplines\/italien\/wp-content\/uploads\/sites\/12\/2016\/06\/FormeDiTurismo.pdf\" target=\"_blank\" rel=\"noopener\"><strong>L\u2019id\u00e9e de progr\u00e8s\u00a0:<\/strong>\u00a0Forme di turismo - <small>Turismo e progresso tecnologico: per un futuro migliore?<\/small><\/a>\r\n\r\n<strong><small>&gt; T\u00e9l\u00e9chargez l\u2019ensemble des productions de ce stage<\/small><small>\u00a0: <\/small><\/strong><a class=\"block-button\" href=\"https:\/\/ent2d.ac-bordeaux.fr\/disciplines\/italien\/wp-content\/uploads\/sites\/12\/2016\/06\/StageNov2013.zip\" target=\"_blank\" rel=\"noopener\">Archive Zip<\/a><\/pre>\n","protected":false},"excerpt":{"rendered":"<p>propositions d&rsquo;exploitation de textes litt\u00e9raires\u00a0(octobre 2018) &gt; Giocando si legge &#8211; Stage de formation anim\u00e9 par M. Barral &gt; T\u00e9l\u00e9chargez l&rsquo;ensemble des canevas d&rsquo;exploitation tir\u00e9s de L&rsquo;amica geniale d&rsquo;Elena Ferrante, &#8230;<\/p>\n","protected":false},"author":41,"featured_media":0,"parent":31,"menu_order":0,"comment_status":"closed","ping_status":"closed","template":"","meta":{"footnotes":""},"class_list":["post-41","page","type-page","status-publish","hentry"],"_links":{"self":[{"href":"https:\/\/ent2d.ac-bordeaux.fr\/disciplines\/italien\/wp-json\/wp\/v2\/pages\/41","targetHints":{"allow":["GET"]}}],"collection":[{"href":"https:\/\/ent2d.ac-bordeaux.fr\/disciplines\/italien\/wp-json\/wp\/v2\/pages"}],"about":[{"href":"https:\/\/ent2d.ac-bordeaux.fr\/disciplines\/italien\/wp-json\/wp\/v2\/types\/page"}],"author":[{"embeddable":true,"href":"https:\/\/ent2d.ac-bordeaux.fr\/disciplines\/italien\/wp-json\/wp\/v2\/users\/41"}],"replies":[{"embeddable":true,"href":"https:\/\/ent2d.ac-bordeaux.fr\/disciplines\/italien\/wp-json\/wp\/v2\/comments?post=41"}],"version-history":[{"count":17,"href":"https:\/\/ent2d.ac-bordeaux.fr\/disciplines\/italien\/wp-json\/wp\/v2\/pages\/41\/revisions"}],"predecessor-version":[{"id":560,"href":"https:\/\/ent2d.ac-bordeaux.fr\/disciplines\/italien\/wp-json\/wp\/v2\/pages\/41\/revisions\/560"}],"up":[{"embeddable":true,"href":"https:\/\/ent2d.ac-bordeaux.fr\/disciplines\/italien\/wp-json\/wp\/v2\/pages\/31"}],"wp:attachment":[{"href":"https:\/\/ent2d.ac-bordeaux.fr\/disciplines\/italien\/wp-json\/wp\/v2\/media?parent=41"}],"curies":[{"name":"wp","href":"https:\/\/api.w.org\/{rel}","templated":true}]}}