{"id":255,"date":"2017-11-14T19:26:53","date_gmt":"2017-11-14T18:26:53","guid":{"rendered":"https:\/\/ent2d.ac-bordeaux.fr\/disciplines\/italien\/?page_id=255"},"modified":"2018-12-05T20:21:41","modified_gmt":"2018-12-05T19:21:41","slug":"echange-avec-pesaro-commune-des-marches","status":"publish","type":"page","link":"https:\/\/ent2d.ac-bordeaux.fr\/disciplines\/italien\/mobilite\/echange-avec-pesaro-commune-des-marches\/","title":{"rendered":"Echange avec Pesaro (Marches)"},"content":{"rendered":"<h5 style=\"text-align: center\"><strong>Le coll\u00e8ge du Pont de la Maye organise en 2018 un \u00e9change scolaire<\/strong><\/h5>\n<h5 style=\"text-align: center\"><strong>avec un coll\u00e8ge italien de Pesaro.<\/strong><\/h5>\n<p><img loading=\"lazy\" decoding=\"async\" class=\"alignnone wp-image-301 aligncenter\" src=\"https:\/\/ent2d.ac-bordeaux.fr\/disciplines\/italien\/wp-content\/uploads\/sites\/12\/2018\/04\/images-1.jpg\" alt=\"\" width=\"112\" height=\"112\" srcset=\"https:\/\/ent2d.ac-bordeaux.fr\/disciplines\/italien\/wp-content\/uploads\/sites\/12\/2018\/04\/images-1.jpg 225w, https:\/\/ent2d.ac-bordeaux.fr\/disciplines\/italien\/wp-content\/uploads\/sites\/12\/2018\/04\/images-1-150x150.jpg 150w\" sizes=\"auto, (max-width: 112px) 100vw, 112px\" \/><\/p>\n<pre style=\"text-align: center\"><strong>32 \u00e9l\u00e8ves sont impliqu\u00e9s dans ce projet.<\/strong>\r\n<strong>Le professeur d'italien, Mme Michel, a cr\u00e9\u00e9 un blog que vous pouvez consulter en suivant <a href=\"http:\/\/lewebpedagogique.com\/studiareitaliano\/\" target=\"_blank\" rel=\"noopener\">ce lien<\/a>. <\/strong>\r\n<strong>Cette <\/strong><strong>interface permet aux \u00e9l\u00e8ves de suivre l'avanc\u00e9e du projet <\/strong>\r\n<strong>et surtout d'y contribuer de fa\u00e7on active par la mise en ligne de leurs travaux.<\/strong>\r\n<strong>On retrouve le blog sur <a href=\"http:\/\/collegedupontdelamaye.fr\/\" target=\"_blank\" rel=\"noopener\">le site du coll\u00e8ge<\/a>.<\/strong><\/pre>\n<p style=\"text-align: center\"><img loading=\"lazy\" decoding=\"async\" class=\"alignnone size-medium wp-image-299\" src=\"https:\/\/ent2d.ac-bordeaux.fr\/disciplines\/italien\/wp-content\/uploads\/sites\/12\/2018\/04\/images-300x164.jpg\" alt=\"\" width=\"300\" height=\"164\" srcset=\"https:\/\/ent2d.ac-bordeaux.fr\/disciplines\/italien\/wp-content\/uploads\/sites\/12\/2018\/04\/images-300x164.jpg 300w, https:\/\/ent2d.ac-bordeaux.fr\/disciplines\/italien\/wp-content\/uploads\/sites\/12\/2018\/04\/images.jpg 303w\" sizes=\"auto, (max-width: 300px) 100vw, 300px\" \/><\/p>\n<pre style=\"text-align: center\"><strong>&gt; Les \u00e9l\u00e8ves italianistes du coll\u00e8ge du Pont de la Maye, \u00e0 Villenave d'Ornon, <\/strong>\r\n<strong>remportent\u00a0<\/strong><strong>le Grand Prix du Jury 2018\u00a0au Concours national\u00a0d'Education \u00e0 l'Europe<\/strong>\r\n<strong>de la Fondation Hippocr\u00e8ne\u00a0gr\u00e2ce \u00e0 leur projet \u00ab\u00a0Guides polyglottes en herbe\u00a0\u00bb.<\/strong>\r\n<strong><a href=\"http:\/\/www.ac-bordeaux.fr\/cid127478\/lettre-ouverture-internationale-avril-2018.html\" target=\"_blank\" rel=\"noopener\"><span style=\"color: #ff0000\">La preuve sur le site de la DAREIC en cliquant ici !<\/span><\/a><\/strong><\/pre>\n<ul>\n<li style=\"text-align: left\">\n<h5><span style=\"font-family: Calibri, sans-serif\">Les \u00e9l\u00e8ves vont accueillir 32 correspondants italiens de Pesaro en avril puis se rendre chez eux en mai, mais avant, ils se pr\u00e9parent \u00e0 cette rencontre.<\/span><\/h5>\n<\/li>\n<li>\n<h5><span style=\"font-family: Calibri, sans-serif\">Leur travail sur les points de vue, les pr\u00e9jug\u00e9s, la repr\u00e9sentation de l&rsquo;autre, de l&rsquo;\u00e9tranger et\u00a0<\/span><span style=\"font-family: Calibri, sans-serif\">l&rsquo;audio-guide interactif et plurilingue (visites guid\u00e9es en fran\u00e7ais, italien, certaines en anglais, turc, portugais et albanais) de la r\u00e9gion de leurs correspondants qu&rsquo;ils sont en train de cr\u00e9er ont fait mouche !<\/span><\/h5>\n<\/li>\n<li>\n<h5><span style=\"font-family: Calibri, sans-serif\">Le coll\u00e8ge se voit offrir par la Fondation Hippocr\u00e8ne la somme de 10 000 \u20ac pour rembourser en partie les familles de ces \u00e9l\u00e8ves italianistes qui participent \u00e0 la mobilit\u00e9 et envisager sereinement de nouveaux \u00e9changes avec l&rsquo;Italie dans les ann\u00e9es \u00e0 venir.<\/span><span style=\"font-family: Calibri, sans-serif\"><img loading=\"lazy\" decoding=\"async\" class=\"alignnone wp-image-300 aligncenter\" src=\"https:\/\/ent2d.ac-bordeaux.fr\/disciplines\/italien\/wp-content\/uploads\/sites\/12\/2018\/04\/t\u00e9l\u00e9chargement.png\" alt=\"\" width=\"141\" height=\"141\" srcset=\"https:\/\/ent2d.ac-bordeaux.fr\/disciplines\/italien\/wp-content\/uploads\/sites\/12\/2018\/04\/t\u00e9l\u00e9chargement.png 225w, https:\/\/ent2d.ac-bordeaux.fr\/disciplines\/italien\/wp-content\/uploads\/sites\/12\/2018\/04\/t\u00e9l\u00e9chargement-150x150.png 150w\" sizes=\"auto, (max-width: 141px) 100vw, 141px\" \/><\/span><\/h5>\n<\/li>\n<li>\n<h5><span style=\"font-family: Calibri, sans-serif\"><span style=\"font-family: Arial, sans-serif\"><span style=\"font-size: small\"><b>Le prix Hippocr\u00e8ne de l\u2019\u00e9ducation \u00e0 l\u2019Europe<\/b><\/span><\/span>\u00a0<span style=\"font-family: Arial, sans-serif\"><span style=\"font-size: small\">est un concours propos\u00e9 aux \u00e9tablissements scolaires qui r\u00e9compense les meilleurs projets de partenariat europ\u00e9en \u00e9labor\u00e9s par une classe et ses professeurs. Ce prix a \u00e9t\u00e9 lanc\u00e9\u00a0<\/span><\/span><span style=\"font-family: Arial, sans-serif\"><span style=\"font-size: small\">en 2010 \u00e0 l\u2019initiative de la <b><a href=\"http:\/\/fondationhippocrene.eu\/\" target=\"_blank\" rel=\"noopener\">Fondation Hippocr\u00e8ne<\/a><\/b><\/span><\/span>\u00a0<span style=\"font-family: Arial, sans-serif\"><span style=\"font-size: small\">qui d\u00e9cide de faire de l\u2019\u00e9ducation des jeunes \u00e0 l\u2019Europe une priorit\u00e9.<\/span><\/span><\/span><\/h5>\n<\/li>\n<li><span style=\"font-family: Arial, sans-serif\"><span style=\"font-size: small\"><strong>L\u2019objectif<\/strong> \u00e0 travers ce prix est de\u00a0<\/span><\/span><span style=\"font-family: Arial, sans-serif\"><span style=\"font-size: small\"><b>donner l\u2019envie d\u2019Europe aux jeunes<\/b><\/span><\/span><span style=\"font-family: Arial, sans-serif\"><span style=\"font-size: small\">. En pratique, le prix soutient la formation \u00e0 l\u2019Europe, la mobilit\u00e9, les \u00e9changes, et les projets communs qui sont les meilleurs moyens pour les jeunes de concr\u00e9tiser leur appartenance \u00e0 cet ensemble commun qu\u2019est l\u2019Europe.<\/span><\/span><\/li>\n<li><span style=\"font-family: Calibri, sans-serif\"><span style=\"font-family: Arial, sans-serif\"><span style=\"font-size: small\">Cr\u00e9\u00e9e par Jean et Mona Guyot, <strong>la Fondation Hippocr\u00e8ne<\/strong> est une fondation familiale, reconnue d\u2019utilit\u00e9 publique, qui \u0153uvre pour qu\u2019une v\u00e9ritable <strong>citoyennet\u00e9 europ\u00e9enne<\/strong> soit construite jour apr\u00e8s jour par les jeunes d\u2019Europe, acteurs de son futur. La fondation a comme objectif de soutenir la r\u00e9alisation de projets concrets port\u00e9s par ou pour les jeunes europ\u00e9ens, dans tous les domaines qui permettent le dialogue et le partage au service d\u2019une citoyennet\u00e9 europ\u00e9enne commune : culture, \u00e9ducation, social et humanitaire. Ainsi, Hippocr\u00e8ne permet aux jeunes de r\u00e9aliser leurs projets pour l\u2019Europe.<\/span><\/span><\/span><\/li>\n<\/ul>\n<p><img decoding=\"async\" class=\"aligncenter\" src=\"https:\/\/encrypted-tbn0.gstatic.com\/images?q=tbn:ANd9GcTobhY9eBCIBFfeBVj1k67JZZHXNLn9JpUX8YdtgoeiWiA_d1-S2w\" alt=\"R\u00e9sultat de recherche d'images pour &quot;pesaro&quot;\" \/><\/p>\n<hr \/>\n<pre style=\"text-align: center\"><strong>Des \u00e9l\u00e8ves italianistes du coll\u00e8ge du Pont de la Maye<\/strong>\r\n<strong>au parlement europ\u00e9en de Strasbourg<\/strong>\r\n<strong>Remise des Prix Hippocr\u00e8ne d'\u00e9ducation \u00e0 l'Europe<\/strong><\/pre>\n<p>Dans le cadre d&rsquo;un \u00e9change culturel avec trois \u00e9tablissements scolaires italiens de Pesaro, les \u00e9l\u00e8ves \u00e9tudiant l&rsquo;italien au Pont de la Maye ont r\u00e9alis\u00e9 <strong><a href=\"https:\/\/fr.padlet.com\/mlaarh\/beyq9trmkf9t\">un audio-guide interactif et plurilingue des r\u00e9gions de leurs correspondants<\/a>\u00a0<\/strong>(cliquez sur le lien).<\/p>\n<pre style=\"text-align: center\"><strong>Leur projet a obtenu deux prix nationaux d'Education \u00e0 l'Europe :<\/strong>\r\n<strong>le Grand Prix du Jury Hippocr\u00e8ne 2018,<\/strong> soit la coquette somme de 10 000 \u20ac, et\r\n<strong>Le Prix Sp\u00e9cial du Public <\/strong>d\u00e9livr\u00e9 par la Repr\u00e9sentation en France de la Commission Europ\u00e9enne, soit 2000 \u20ac pour financer du mat\u00e9riel informatique et num\u00e9rique.<\/pre>\n<p><strong>Une d\u00e9l\u00e9gation de 10 \u00e9l\u00e8ves ambassadeurs et des deux professeurs porteurs du projet, Mme Laure Michel, professeur d&rsquo;italien, et Mme Catherine Consel, professeur d&rsquo;anglais, ont \u00e9t\u00e9 invit\u00e9s jeudi 31 mai au parlement europ\u00e9en de Strasbourg pour la remise des prix.<\/strong><\/p>\n<p><img loading=\"lazy\" decoding=\"async\" class=\"alignnone wp-image-314 aligncenter\" src=\"https:\/\/ent2d.ac-bordeaux.fr\/disciplines\/italien\/wp-content\/uploads\/sites\/12\/2018\/04\/Prix-300x225.jpeg\" alt=\"\" width=\"300\" height=\"225\" srcset=\"https:\/\/ent2d.ac-bordeaux.fr\/disciplines\/italien\/wp-content\/uploads\/sites\/12\/2018\/04\/Prix-300x225.jpeg 300w, https:\/\/ent2d.ac-bordeaux.fr\/disciplines\/italien\/wp-content\/uploads\/sites\/12\/2018\/04\/Prix-768x576.jpeg 768w, https:\/\/ent2d.ac-bordeaux.fr\/disciplines\/italien\/wp-content\/uploads\/sites\/12\/2018\/04\/Prix-1024x768.jpeg 1024w, https:\/\/ent2d.ac-bordeaux.fr\/disciplines\/italien\/wp-content\/uploads\/sites\/12\/2018\/04\/Prix.jpeg 1600w\" sizes=\"auto, (max-width: 300px) 100vw, 300px\" \/><\/p>\n<p>L&rsquo;occasion de visiter le Parlement, d&rsquo;assister \u00e0 une s\u00e9ance en pl\u00e9ni\u00e8re dans l&rsquo;h\u00e9micycle et de d\u00e9jeuner au Restaurant du Parlement avant la c\u00e9r\u00e9monie de Remise des Prix aux diff\u00e9rents Laur\u00e9ats.<\/p>\n<p><img loading=\"lazy\" decoding=\"async\" class=\"alignnone size-medium wp-image-313 aligncenter\" src=\"https:\/\/ent2d.ac-bordeaux.fr\/disciplines\/italien\/wp-content\/uploads\/sites\/12\/2018\/04\/devant-lh\u00e9micycle-300x260.jpg\" alt=\"\" width=\"300\" height=\"260\" \/><\/p>\n<p>Ces deux professeurs remercient Mme V\u00e9ronique Carayon, IA-IPR d&rsquo;italien, et Mme Paccalin et son \u00e9quipe de la D\u00e9l\u00e9gation Acad\u00e9mique aux Relations Europ\u00e9ennes et Internationales, pour leur soutien au long de la r\u00e9alisation de ce projet.<\/p>\n<pre><span style=\"color: #000000\"><span style=\"font-family: Arial, sans-serif\"><span style=\"font-size: medium\"><b>Les \u00e9l\u00e8ves italianistes du Coll\u00e8ge Pont de la Maye, \u00e0 Villenave d'Ornon, participent<\/b><\/span><\/span><\/span>\r\n<span style=\"color: #000000\"><span style=\"font-family: Arial, sans-serif\"><b>au Prix du Public d'\u00e9ducation \u00e0 l'Europe,<\/b><\/span><\/span>\r\n<span style=\"color: #000000\"><span style=\"font-family: Arial, sans-serif\"><b>men\u00e9 par la Commission europ\u00e9enne sur Facebook<\/b><\/span><\/span>\r\n<span style=\"color: #000000\"><span style=\"font-family: Arial, sans-serif\">Chaque vid\u00e9o des 6 projets laur\u00e9ats Hippocr\u00e8ne est en ligne sur le compte Facebook<\/span><\/span>\r\n<span style=\"color: #000000\"><span style=\"font-family: Arial, sans-serif\">de la Repr\u00e9sentation en France de la Commission Europ\u00e9enne.<\/span><\/span>\r\n<span style=\"color: #000000\"><span style=\"font-family: Arial, sans-serif\"><b>Celle qui obtiendra le plus de \"j'aime\" remportera le Prix!<\/b><\/span><\/span>\r\n<span style=\"color: #000000\"><span style=\"font-family: Arial, sans-serif\"><b>Likez pour le Coll\u00e8ge Pont de la Maye !!<\/b><\/span><\/span>\r\n<span style=\"color: #000000\"><span style=\"font-family: Arial, sans-serif\"><b>Si vous n'avez pas de compte Facebook peut-\u00eatre vos enfants en ont-ils un!!<\/b><\/span><\/span>\r\n<span style=\"color: #000000\"><span style=\"font-family: Arial, sans-serif\"><b>Soutenez notre projet \"Guides polyglottes en herbe\"!<\/b><\/span><\/span>\r\n<span style=\"color: #000000\"><span style=\"font-family: Arial, sans-serif\"><b>Attention, seuls les \"likes\" inscrits sous la vid\u00e9o sur la page officielle du vote sont pris en compte.<\/b><\/span><\/span>\r\n<span style=\"color: #000000\"><span style=\"font-family: Arial, sans-serif\"><b>A sp\u00e9cifier si vous la partagez!<\/b><\/span><\/span>\r\n<a href=\"https:\/\/www.facebook.com\/events\/165742884135723\/\" target=\"_blank\" rel=\"noopener\"><span style=\"color: #00ae00\"><b>https:\/\/www.facebook.com\/events\/165742884135723\/<\/b><\/span><\/a><\/pre>\n<p align=\"CENTER\"><span style=\"color: #000000\"><span style=\"font-size: small\">(Nous nous excusons pour les sous-titres qui devaient \u00eatre choisis par le public en fonction de la langue d\u00e9sir\u00e9e. Sur Facebook, sans passer par YouTube la Commission Europ\u00e9enne n&rsquo;est pas parvenue \u00e0 les activer et a incrust\u00e9 ceux en fran\u00e7ais d&rsquo;office&#8230; ce qui g\u00e2che le bas des plans et permet de voir trois belles erreurs qui se sont gliss\u00e9es dans le texte final apr\u00e8s les nombreuses versions de copier\/coller que nous avions faites au fil des modifications de notre sc\u00e9nario&#8230; tant pis!! Nous publierons sur YouTube la version correcte multilingue d\u00e8s la fin du vote.)<\/span><\/span><\/p>\n","protected":false},"excerpt":{"rendered":"<p>Le coll\u00e8ge du Pont de la Maye organise en 2018 un \u00e9change scolaire avec un coll\u00e8ge italien de Pesaro. 32 \u00e9l\u00e8ves sont impliqu\u00e9s dans ce projet. Le professeur d&rsquo;italien, Mme &#8230;<\/p>\n","protected":false},"author":42,"featured_media":0,"parent":39,"menu_order":1,"comment_status":"closed","ping_status":"closed","template":"","meta":{"footnotes":""},"class_list":["post-255","page","type-page","status-publish","hentry"],"_links":{"self":[{"href":"https:\/\/ent2d.ac-bordeaux.fr\/disciplines\/italien\/wp-json\/wp\/v2\/pages\/255","targetHints":{"allow":["GET"]}}],"collection":[{"href":"https:\/\/ent2d.ac-bordeaux.fr\/disciplines\/italien\/wp-json\/wp\/v2\/pages"}],"about":[{"href":"https:\/\/ent2d.ac-bordeaux.fr\/disciplines\/italien\/wp-json\/wp\/v2\/types\/page"}],"author":[{"embeddable":true,"href":"https:\/\/ent2d.ac-bordeaux.fr\/disciplines\/italien\/wp-json\/wp\/v2\/users\/42"}],"replies":[{"embeddable":true,"href":"https:\/\/ent2d.ac-bordeaux.fr\/disciplines\/italien\/wp-json\/wp\/v2\/comments?post=255"}],"version-history":[{"count":12,"href":"https:\/\/ent2d.ac-bordeaux.fr\/disciplines\/italien\/wp-json\/wp\/v2\/pages\/255\/revisions"}],"predecessor-version":[{"id":549,"href":"https:\/\/ent2d.ac-bordeaux.fr\/disciplines\/italien\/wp-json\/wp\/v2\/pages\/255\/revisions\/549"}],"up":[{"embeddable":true,"href":"https:\/\/ent2d.ac-bordeaux.fr\/disciplines\/italien\/wp-json\/wp\/v2\/pages\/39"}],"wp:attachment":[{"href":"https:\/\/ent2d.ac-bordeaux.fr\/disciplines\/italien\/wp-json\/wp\/v2\/media?parent=255"}],"curies":[{"name":"wp","href":"https:\/\/api.w.org\/{rel}","templated":true}]}}