{"id":1508,"date":"2024-05-16T19:42:10","date_gmt":"2024-05-16T17:42:10","guid":{"rendered":"https:\/\/ent2d.ac-bordeaux.fr\/disciplines\/italien\/?page_id=1508"},"modified":"2025-05-12T20:00:13","modified_gmt":"2025-05-12T18:00:13","slug":"echange-avec-bologne-emilie-romagne","status":"publish","type":"page","link":"https:\/\/ent2d.ac-bordeaux.fr\/disciplines\/italien\/mobilite\/echange-avec-bologne-emilie-romagne\/","title":{"rendered":"Echange avec Rimini (Emilie-Romagne)"},"content":{"rendered":"\n<p class=\"has-text-align-center has-black-color has-vivid-green-cyan-background-color has-text-color has-background has-link-color wp-elements-fcbfd2f66a208b8d54bc9f7fad9f2789\"><strong>ECHANGE RIMINI-TALENCE 2025 &#8211; LYCEE VICTOR LOUIS<\/strong><\/p>\n\n\n<div class=\"wp-block-image\">\n<figure class=\"aligncenter size-full is-resized\"><img loading=\"lazy\" decoding=\"async\" width=\"1024\" height=\"576\" src=\"https:\/\/ent2d.ac-bordeaux.fr\/disciplines\/italien\/wp-content\/uploads\/sites\/12\/2025\/04\/VL.jpg\" alt=\"\" class=\"wp-image-1733\" style=\"width:706px;height:auto\" srcset=\"https:\/\/ent2d.ac-bordeaux.fr\/disciplines\/italien\/wp-content\/uploads\/sites\/12\/2025\/04\/VL.jpg 1024w, https:\/\/ent2d.ac-bordeaux.fr\/disciplines\/italien\/wp-content\/uploads\/sites\/12\/2025\/04\/VL-300x169.jpg 300w, https:\/\/ent2d.ac-bordeaux.fr\/disciplines\/italien\/wp-content\/uploads\/sites\/12\/2025\/04\/VL-768x432.jpg 768w, https:\/\/ent2d.ac-bordeaux.fr\/disciplines\/italien\/wp-content\/uploads\/sites\/12\/2025\/04\/VL-1536x864.jpg 1536w\" sizes=\"auto, (max-width: 1024px) 100vw, 1024px\" \/><\/figure>\n<\/div>\n\n\n<p class=\"has-text-align-center\"><strong>ECHANGE 2025&nbsp; LYCEE VICTOR LOUIS TALENCE &amp; LICEO DI VISERBA- RIMINI<\/strong><\/p>\n\n\n\n<p class=\"has-black-color has-text-color has-link-color has-small-font-size wp-elements-d5bfa3ce4b6ea1a22ec4f7f3d8e6eca0\">Les \u00e9l\u00e8ves de 2nde ESABAC et LVB, de 1\u00e8re LVB et LVC, accompagn\u00e9s par leurs professeurs ont particip\u00e9 \u00e0 un \u00e9change avec le Lyc\u00e9e de Viserba-Rimini du 30 mars au 6 avril.<\/p>\n\n\n\n<p class=\"has-black-color has-text-color has-link-color has-small-font-size wp-elements-f73d5b51afa5e0a538465ecc88161155\">Les \u00e9l\u00e8ves fran\u00e7ais ont \u00e9t\u00e9 accueillis chaleureusement par les familles italiennes et ont pu d\u00e9couvrir plusieurs villes d&rsquo;art de la c\u00f4te Adriatique, comme Rimini, Urbino, Pesaro et le pittoresque \u00e9tat de San Marino.<\/p>\n\n\n\n<p class=\"has-black-color has-text-color has-link-color has-small-font-size wp-elements-d4e4b631d75d8dbc8079432cd930276e\">La m\u00e9t\u00e9o estivale a sublim\u00e9 les nombreuses excursions et a favoris\u00e9 la d\u00e9gustation des glaces.<\/p>\n\n\n\n<p class=\"has-black-color has-text-color has-link-color has-small-font-size wp-elements-7334e93679458b6921da37cdba95d546\">Pour poursuivre cette belle aventure, nous sommes ravis d&rsquo;accueillir les correspondants italiens \u00e0 Talence du 5 au 11 mai 2025.<\/p>\n\n\n\n<p class=\"has-vivid-green-cyan-color has-text-color has-link-color has-small-font-size wp-elements-df9d9add7588417f81eb92cbf7e99123\">Si vous souhaitez en apprendre davantage sur la r\u00e9gion et le projet de ce voyage,<strong> <a href=\"https:\/\/rimini-talence2025.jimdofree.com\/?preview_sid=448118\" data-type=\"link\" data-id=\"https:\/\/rimini-talence2025.jimdofree.com\/?preview_sid=448118\" target=\"_blank\" rel=\"noreferrer noopener\">voici le lien<\/a>. <\/strong><\/p>\n\n\n<div class=\"wp-block-image\">\n<figure class=\"aligncenter size-full is-resized\"><img loading=\"lazy\" decoding=\"async\" width=\"640\" height=\"480\" src=\"https:\/\/ent2d.ac-bordeaux.fr\/disciplines\/italien\/wp-content\/uploads\/sites\/12\/2025\/05\/rimini.jpg\" alt=\"\" class=\"wp-image-1743\" style=\"width:580px;height:auto\" srcset=\"https:\/\/ent2d.ac-bordeaux.fr\/disciplines\/italien\/wp-content\/uploads\/sites\/12\/2025\/05\/rimini.jpg 640w, https:\/\/ent2d.ac-bordeaux.fr\/disciplines\/italien\/wp-content\/uploads\/sites\/12\/2025\/05\/rimini-300x225.jpg 300w\" sizes=\"auto, (max-width: 640px) 100vw, 640px\" \/><\/figure>\n<\/div>\n\n\n<p class=\"has-black-color has-text-color has-link-color wp-elements-6eafa3378cdd0b5df5ebb7e2bd7cb8aa\">Un mois apr\u00e8s avoir \u00e9t\u00e9 accueillis \u00e0 Rimini, du 5 au 11 mai les \u00e9l\u00e8ves du lyc\u00e9e Victor Louis de 2de EsaBAC et LVB, de 1e LVB et LVC ont eu le plaisir de retrouver leurs correspondants italiens, accompagn\u00e9s par leurs professeurs.&nbsp; Ce fut une semaine riche d\u2019exp\u00e9riences enrichissantes&nbsp;(entre autres&nbsp;: la d\u00e9couverte du Bassin d\u2019Arcachon avec une d\u00e9gustation d\u2019hu\u00eetres, la visite du ch\u00e2teau fort de Roquetaillade, de la Base Sous-Marine, de la Cit\u00e9 du Vin), cl\u00f4tur\u00e9e par une chasse au tr\u00e9sor au c\u0153ur de Bordeaux pour d\u00e9couvrir son patrimoine artistique et culturel.<\/p>\n\n\n\n<p class=\"has-black-color has-text-color has-link-color wp-elements-864fb7c2b30c95e62bb627ee408d9a51\">Nous esp\u00e9rons que les \u00e9l\u00e8ves garderont un excellent souvenir de cette pr\u00e9cieuse aventure humaine et culturelle et tenons \u00e0 remercier tr\u00e8s chaleureusement tous ceux qui ont contribu\u00e9 \u00e0 la r\u00e9ussite de ce projet.<\/p>\n\n\n\n<p class=\"has-text-align-center has-black-color has-vivid-red-background-color has-text-color has-background has-link-color wp-elements-4a7ddb013dfd4778593e19910e4a92a6\"><strong>ECHANGE BOLOGNA-TALENCE 2024 LYCEE VICTOR LOUIS<\/strong><\/p>\n\n\n\n<div class=\"wp-block-media-text is-stacked-on-mobile\" style=\"grid-template-columns:69% auto\"><figure class=\"wp-block-media-text__media\"><img loading=\"lazy\" decoding=\"async\" width=\"1024\" height=\"768\" src=\"https:\/\/ent2d.ac-bordeaux.fr\/disciplines\/italien\/wp-content\/uploads\/sites\/12\/2024\/04\/IMG-20240409-WA0007-1.jpg\" alt=\"\" class=\"wp-image-1441 size-full\" srcset=\"https:\/\/ent2d.ac-bordeaux.fr\/disciplines\/italien\/wp-content\/uploads\/sites\/12\/2024\/04\/IMG-20240409-WA0007-1.jpg 1024w, https:\/\/ent2d.ac-bordeaux.fr\/disciplines\/italien\/wp-content\/uploads\/sites\/12\/2024\/04\/IMG-20240409-WA0007-1-300x225.jpg 300w, https:\/\/ent2d.ac-bordeaux.fr\/disciplines\/italien\/wp-content\/uploads\/sites\/12\/2024\/04\/IMG-20240409-WA0007-1-768x576.jpg 768w, https:\/\/ent2d.ac-bordeaux.fr\/disciplines\/italien\/wp-content\/uploads\/sites\/12\/2024\/04\/IMG-20240409-WA0007-1-1536x1152.jpg 1536w\" sizes=\"auto, (max-width: 1024px) 100vw, 1024px\" \/><\/figure><div class=\"wp-block-media-text__content\">\n<p class=\"has-black-color has-text-color has-link-color wp-elements-27bb0fa71b43f9d0894cedc69bf79e36\"><br><em><strong>A chaque ann\u00e9e, sa destination ! Apr\u00e8s Milan en 2023, les \u00e9l\u00e8ves de la Seconde binationale franco-italienne EsaBac du Lyc\u00e9e Victor Louis, partent \u00e0 la d\u00e9couverte des Italiens et du Bel Paese en \u00c9milie-Romagne ! Les Bolognais accompagnent leurs correspondants talen\u00e7ais en excursions \u00e0 Parme et \u00e0 Ravenne ! En route pour le niveau B2 !<\/strong><\/em><\/p>\n<\/div><\/div>\n","protected":false},"excerpt":{"rendered":"<p>ECHANGE RIMINI-TALENCE 2025 &#8211; LYCEE VICTOR LOUIS ECHANGE 2025&nbsp; LYCEE VICTOR LOUIS TALENCE &amp; LICEO DI VISERBA- RIMINI Les \u00e9l\u00e8ves de 2nde ESABAC et LVB, de 1\u00e8re LVB et LVC, &#8230;<\/p>\n","protected":false},"author":42,"featured_media":0,"parent":39,"menu_order":-1,"comment_status":"closed","ping_status":"closed","template":"","meta":{"footnotes":""},"class_list":["post-1508","page","type-page","status-publish","hentry"],"_links":{"self":[{"href":"https:\/\/ent2d.ac-bordeaux.fr\/disciplines\/italien\/wp-json\/wp\/v2\/pages\/1508","targetHints":{"allow":["GET"]}}],"collection":[{"href":"https:\/\/ent2d.ac-bordeaux.fr\/disciplines\/italien\/wp-json\/wp\/v2\/pages"}],"about":[{"href":"https:\/\/ent2d.ac-bordeaux.fr\/disciplines\/italien\/wp-json\/wp\/v2\/types\/page"}],"author":[{"embeddable":true,"href":"https:\/\/ent2d.ac-bordeaux.fr\/disciplines\/italien\/wp-json\/wp\/v2\/users\/42"}],"replies":[{"embeddable":true,"href":"https:\/\/ent2d.ac-bordeaux.fr\/disciplines\/italien\/wp-json\/wp\/v2\/comments?post=1508"}],"version-history":[{"count":8,"href":"https:\/\/ent2d.ac-bordeaux.fr\/disciplines\/italien\/wp-json\/wp\/v2\/pages\/1508\/revisions"}],"predecessor-version":[{"id":1745,"href":"https:\/\/ent2d.ac-bordeaux.fr\/disciplines\/italien\/wp-json\/wp\/v2\/pages\/1508\/revisions\/1745"}],"up":[{"embeddable":true,"href":"https:\/\/ent2d.ac-bordeaux.fr\/disciplines\/italien\/wp-json\/wp\/v2\/pages\/39"}],"wp:attachment":[{"href":"https:\/\/ent2d.ac-bordeaux.fr\/disciplines\/italien\/wp-json\/wp\/v2\/media?parent=1508"}],"curies":[{"name":"wp","href":"https:\/\/api.w.org\/{rel}","templated":true}]}}

<p class="has-text-align-center has-black-color has-vivid-green-cyan-background-color has-text-color has-background has-link-color wp-elements-fcbfd2f66a208b8d54bc9f7fad9f2789"><strong>ECHANGE RIMINI-TALENCE 2025 &#8211; LYCEE VICTOR LOUIS</strong></p>


<div class="wp-block-image">
<figure class="aligncenter size-full is-resized"><img loading="lazy" decoding="async" width="1024" height="576" src="https://ent2d.ac-bordeaux.fr/disciplines/italien/wp-content/uploads/sites/12/2025/04/VL.jpg" alt="" class="wp-image-1733" style="width:706px;height:auto" srcset="https://ent2d.ac-bordeaux.fr/disciplines/italien/wp-content/uploads/sites/12/2025/04/VL.jpg 1024w, https://ent2d.ac-bordeaux.fr/disciplines/italien/wp-content/uploads/sites/12/2025/04/VL-300x169.jpg 300w, https://ent2d.ac-bordeaux.fr/disciplines/italien/wp-content/uploads/sites/12/2025/04/VL-768x432.jpg 768w, https://ent2d.ac-bordeaux.fr/disciplines/italien/wp-content/uploads/sites/12/2025/04/VL-1536x864.jpg 1536w" sizes="auto, (max-width: 1024px) 100vw, 1024px" /></figure>
</div>


<p class="has-text-align-center"><strong>ECHANGE 2025&nbsp; LYCEE VICTOR LOUIS TALENCE &amp; LICEO DI VISERBA- RIMINI</strong></p>



<p class="has-black-color has-text-color has-link-color has-small-font-size wp-elements-d5bfa3ce4b6ea1a22ec4f7f3d8e6eca0">Les élèves de 2nde ESABAC et LVB, de 1ère LVB et LVC, accompagnés par leurs professeurs ont participé à un échange avec le Lycée de Viserba-Rimini du 30 mars au 6 avril.</p>



<p class="has-black-color has-text-color has-link-color has-small-font-size wp-elements-f73d5b51afa5e0a538465ecc88161155">Les élèves français ont été accueillis chaleureusement par les familles italiennes et ont pu découvrir plusieurs villes d&rsquo;art de la côte Adriatique, comme Rimini, Urbino, Pesaro et le pittoresque état de San Marino.</p>



<p class="has-black-color has-text-color has-link-color has-small-font-size wp-elements-d4e4b631d75d8dbc8079432cd930276e">La météo estivale a sublimé les nombreuses excursions et a favorisé la dégustation des glaces.</p>



<p class="has-black-color has-text-color has-link-color has-small-font-size wp-elements-7334e93679458b6921da37cdba95d546">Pour poursuivre cette belle aventure, nous sommes ravis d&rsquo;accueillir les correspondants italiens à Talence du 5 au 11 mai 2025.</p>



<p class="has-vivid-green-cyan-color has-text-color has-link-color has-small-font-size wp-elements-df9d9add7588417f81eb92cbf7e99123">Si vous souhaitez en apprendre davantage sur la région et le projet de ce voyage,<strong> <a href="https://rimini-talence2025.jimdofree.com/?preview_sid=448118" data-type="link" data-id="https://rimini-talence2025.jimdofree.com/?preview_sid=448118" target="_blank" rel="noreferrer noopener">voici le lien</a>. </strong></p>


<div class="wp-block-image">
<figure class="aligncenter size-full is-resized"><img loading="lazy" decoding="async" width="640" height="480" src="https://ent2d.ac-bordeaux.fr/disciplines/italien/wp-content/uploads/sites/12/2025/05/rimini.jpg" alt="" class="wp-image-1743" style="width:580px;height:auto" srcset="https://ent2d.ac-bordeaux.fr/disciplines/italien/wp-content/uploads/sites/12/2025/05/rimini.jpg 640w, https://ent2d.ac-bordeaux.fr/disciplines/italien/wp-content/uploads/sites/12/2025/05/rimini-300x225.jpg 300w" sizes="auto, (max-width: 640px) 100vw, 640px" /></figure>
</div>


<p class="has-black-color has-text-color has-link-color wp-elements-6eafa3378cdd0b5df5ebb7e2bd7cb8aa">Un mois après avoir été accueillis à Rimini, du 5 au 11 mai les élèves du lycée Victor Louis de 2de EsaBAC et LVB, de 1e LVB et LVC ont eu le plaisir de retrouver leurs correspondants italiens, accompagnés par leurs professeurs.&nbsp; Ce fut une semaine riche d’expériences enrichissantes&nbsp;(entre autres&nbsp;: la découverte du Bassin d’Arcachon avec une dégustation d’huîtres, la visite du château fort de Roquetaillade, de la Base Sous-Marine, de la Cité du Vin), clôturée par une chasse au trésor au cœur de Bordeaux pour découvrir son patrimoine artistique et culturel.</p>



<p class="has-black-color has-text-color has-link-color wp-elements-864fb7c2b30c95e62bb627ee408d9a51">Nous espérons que les élèves garderont un excellent souvenir de cette précieuse aventure humaine et culturelle et tenons à remercier très chaleureusement tous ceux qui ont contribué à la réussite de ce projet.</p>



<p class="has-text-align-center has-black-color has-vivid-red-background-color has-text-color has-background has-link-color wp-elements-4a7ddb013dfd4778593e19910e4a92a6"><strong>ECHANGE BOLOGNA-TALENCE 2024 LYCEE VICTOR LOUIS</strong></p>



<div class="wp-block-media-text is-stacked-on-mobile" style="grid-template-columns:69% auto"><figure class="wp-block-media-text__media"><img loading="lazy" decoding="async" width="1024" height="768" src="https://ent2d.ac-bordeaux.fr/disciplines/italien/wp-content/uploads/sites/12/2024/04/IMG-20240409-WA0007-1.jpg" alt="" class="wp-image-1441 size-full" srcset="https://ent2d.ac-bordeaux.fr/disciplines/italien/wp-content/uploads/sites/12/2024/04/IMG-20240409-WA0007-1.jpg 1024w, https://ent2d.ac-bordeaux.fr/disciplines/italien/wp-content/uploads/sites/12/2024/04/IMG-20240409-WA0007-1-300x225.jpg 300w, https://ent2d.ac-bordeaux.fr/disciplines/italien/wp-content/uploads/sites/12/2024/04/IMG-20240409-WA0007-1-768x576.jpg 768w, https://ent2d.ac-bordeaux.fr/disciplines/italien/wp-content/uploads/sites/12/2024/04/IMG-20240409-WA0007-1-1536x1152.jpg 1536w" sizes="auto, (max-width: 1024px) 100vw, 1024px" /></figure><div class="wp-block-media-text__content">
<p class="has-black-color has-text-color has-link-color wp-elements-27bb0fa71b43f9d0894cedc69bf79e36"><br><em><strong>A chaque année, sa destination ! Après Milan en 2023, les élèves de la Seconde binationale franco-italienne EsaBac du Lycée Victor Louis, partent à la découverte des Italiens et du Bel Paese en Émilie-Romagne ! Les Bolognais accompagnent leurs correspondants talençais en excursions à Parme et à Ravenne ! En route pour le niveau B2 !</strong></em></p>
</div></div>

<p>ECHANGE RIMINI-TALENCE 2025 &#8211; LYCEE VICTOR LOUIS ECHANGE 2025&nbsp; LYCEE VICTOR LOUIS TALENCE &amp; LICEO DI VISERBA- RIMINI Les élèves de 2nde ESABAC et LVB, de 1ère LVB et LVC, &#8230;</p>
