{"id":1459,"date":"2024-05-16T18:50:13","date_gmt":"2024-05-16T16:50:13","guid":{"rendered":"https:\/\/ent2d.ac-bordeaux.fr\/disciplines\/italien\/?page_id=1459"},"modified":"2024-05-16T18:57:26","modified_gmt":"2024-05-16T16:57:26","slug":"echange-avec-matera-basilicate","status":"publish","type":"page","link":"https:\/\/ent2d.ac-bordeaux.fr\/disciplines\/italien\/mobilite\/echange-avec-matera-basilicate\/","title":{"rendered":"Echange avec Matera (Basilicate)"},"content":{"rendered":"\n<p class=\"has-text-align-center has-black-color has-vivid-green-cyan-background-color has-text-color has-background has-link-color wp-elements-55322280a2c4b1a349781f4594a2d704\"><strong>\u00c9change franco-italien entre les coll\u00e8ges Pont de la Maye de Villenave d&rsquo;Ornon et Giovanni Pascoli de Matera<\/strong><\/p>\n\n\n\n<p><strong>27 \u00e9l\u00e8ves de 4\u00e8me et de 3\u00e8me \u00e9tudiant l&rsquo;italien LV2 ont eu l&rsquo;opportunit\u00e9 cette ann\u00e9e encore de se rendre \u00e0 Matera pour d\u00e9couvrir cette ville troglodytique, son patrimoine, sa gastronomie, mais surtout pour partager 7 jours avec leur correspondant.<\/strong>\u00a0<\/p>\n\n\n\n<p><strong>Quinze jours plus tard ce sont les 27 \u00e9l\u00e8ves de Matera qui ont \u00e9t\u00e9 accueillis dans nos 27 familles et ont pu partager une semaine riche en \u00e9motions ici \u00e0 Bordeaux.\u00a0<\/strong><\/p>\n\n\n\n<p class=\"has-text-align-center has-black-color has-vivid-red-background-color has-text-color has-background has-link-color wp-elements-aad162c1406ecfe87e0e0d8c59f25501\"><strong>L&rsquo;objectif : se d\u00e9couvrir, partager, se comprendre, se lier d&rsquo;amiti\u00e9 pour mieux accepter ses diff\u00e9rences.<\/strong><\/p>\n\n\n\n<p><strong>Mme Michel et Mme Ruscigno, professeures porteuses du projet dans les deux pays, vous invitent \u00e0 d\u00e9couvrir en images <a href=\"https:\/\/padlet.com\/laureelia27\/echange-avec-le-coll-ge-giovanni-pascoli-de-matera-2024-ykoue16po8j4v6lc\" data-type=\"link\" data-id=\"https:\/\/padlet.com\/laureelia27\/echange-avec-le-coll-ge-giovanni-pascoli-de-matera-2024-ykoue16po8j4v6lc\" target=\"_blank\" rel=\"noreferrer noopener\">en cliquant sur ce lien<\/a> ces deux semaines intenses d&rsquo;enrichissement mutuel.<\/strong><\/p>\n\n\n\n<div class=\"wp-block-media-text is-stacked-on-mobile\" style=\"grid-template-columns:73% auto\"><figure class=\"wp-block-media-text__media\"><img loading=\"lazy\" decoding=\"async\" width=\"1007\" height=\"1024\" src=\"https:\/\/ent2d.ac-bordeaux.fr\/disciplines\/italien\/wp-content\/uploads\/sites\/12\/2024\/05\/WhatsApp-Image-2024-05-15-at-17.50.16-1.jpeg\" alt=\"\" class=\"wp-image-1460 size-full\" srcset=\"https:\/\/ent2d.ac-bordeaux.fr\/disciplines\/italien\/wp-content\/uploads\/sites\/12\/2024\/05\/WhatsApp-Image-2024-05-15-at-17.50.16-1.jpeg 1007w, https:\/\/ent2d.ac-bordeaux.fr\/disciplines\/italien\/wp-content\/uploads\/sites\/12\/2024\/05\/WhatsApp-Image-2024-05-15-at-17.50.16-1-295x300.jpeg 295w, https:\/\/ent2d.ac-bordeaux.fr\/disciplines\/italien\/wp-content\/uploads\/sites\/12\/2024\/05\/WhatsApp-Image-2024-05-15-at-17.50.16-1-768x781.jpeg 768w, https:\/\/ent2d.ac-bordeaux.fr\/disciplines\/italien\/wp-content\/uploads\/sites\/12\/2024\/05\/WhatsApp-Image-2024-05-15-at-17.50.16-1-1510x1536.jpeg 1510w\" sizes=\"auto, (max-width: 1007px) 100vw, 1007px\" \/><\/figure><div class=\"wp-block-media-text__content\">\n<p class=\"has-vivid-red-color has-text-color has-link-color wp-elements-5b9b17c7af4d50b6529d5eedb50c6723\"><strong><em>Article paru dans le journal<\/em><\/strong><\/p>\n\n\n\n<p class=\"has-vivid-red-color has-text-color has-link-color wp-elements-ed44db4057d2d5215a1816901c7a3aa6\"><strong><em> Sud-Ouest du 15\/05\/2024.<\/em><\/strong><\/p>\n<\/div><\/div>\n\n\n\n<p><\/p>\n\n\n\n<p><strong>Nous remercions vivement nos chefs d&rsquo;\u00e9tablissement M. Kauffmann et M. Ventrelli,\u00a0<\/strong><\/p>\n\n\n\n<p><strong>la mairie de Villenave pour son soutien logistique,<\/strong>\u00a0<strong>les personnels des deux coll\u00e8ges,<\/strong><\/p>\n\n\n\n<p><strong>les 54 familles pour leur accueil, leur disponibilit\u00e9, leur adaptation, leur ouverture d&rsquo;esprit et leur confiance<\/strong><\/p>\n\n\n\n<p><strong>et le Prix Hippocr\u00e8ne d&rsquo;Education \u00e0 l&rsquo;Europe.<\/strong><\/p>\n","protected":false},"excerpt":{"rendered":"<p>\u00c9change franco-italien entre les coll\u00e8ges Pont de la Maye de Villenave d&rsquo;Ornon et Giovanni Pascoli de Matera 27 \u00e9l\u00e8ves de 4\u00e8me et de 3\u00e8me \u00e9tudiant l&rsquo;italien LV2 ont eu l&rsquo;opportunit\u00e9 &#8230;<\/p>\n","protected":false},"author":42,"featured_media":0,"parent":39,"menu_order":1,"comment_status":"closed","ping_status":"closed","template":"","meta":{"footnotes":""},"class_list":["post-1459","page","type-page","status-publish","hentry"],"_links":{"self":[{"href":"https:\/\/ent2d.ac-bordeaux.fr\/disciplines\/italien\/wp-json\/wp\/v2\/pages\/1459","targetHints":{"allow":["GET"]}}],"collection":[{"href":"https:\/\/ent2d.ac-bordeaux.fr\/disciplines\/italien\/wp-json\/wp\/v2\/pages"}],"about":[{"href":"https:\/\/ent2d.ac-bordeaux.fr\/disciplines\/italien\/wp-json\/wp\/v2\/types\/page"}],"author":[{"embeddable":true,"href":"https:\/\/ent2d.ac-bordeaux.fr\/disciplines\/italien\/wp-json\/wp\/v2\/users\/42"}],"replies":[{"embeddable":true,"href":"https:\/\/ent2d.ac-bordeaux.fr\/disciplines\/italien\/wp-json\/wp\/v2\/comments?post=1459"}],"version-history":[{"count":1,"href":"https:\/\/ent2d.ac-bordeaux.fr\/disciplines\/italien\/wp-json\/wp\/v2\/pages\/1459\/revisions"}],"predecessor-version":[{"id":1462,"href":"https:\/\/ent2d.ac-bordeaux.fr\/disciplines\/italien\/wp-json\/wp\/v2\/pages\/1459\/revisions\/1462"}],"up":[{"embeddable":true,"href":"https:\/\/ent2d.ac-bordeaux.fr\/disciplines\/italien\/wp-json\/wp\/v2\/pages\/39"}],"wp:attachment":[{"href":"https:\/\/ent2d.ac-bordeaux.fr\/disciplines\/italien\/wp-json\/wp\/v2\/media?parent=1459"}],"curies":[{"name":"wp","href":"https:\/\/api.w.org\/{rel}","templated":true}]}}