{"id":1188,"date":"2022-11-07T05:51:16","date_gmt":"2022-11-07T04:51:16","guid":{"rendered":"https:\/\/ent2d.ac-bordeaux.fr\/disciplines\/italien\/?page_id=1188"},"modified":"2022-11-09T19:01:52","modified_gmt":"2022-11-09T18:01:52","slug":"echange-avec-ferrare-emilie-romagne","status":"publish","type":"page","link":"https:\/\/ent2d.ac-bordeaux.fr\/disciplines\/italien\/mobilite\/echange-avec-ferrare-emilie-romagne\/","title":{"rendered":"Echange avec Ferrare (Emilie-Romagne)"},"content":{"rendered":"\n<h2 class=\"has-text-align-center wp-block-heading\"><span class=\"has-inline-color has-vivid-green-cyan-color\">L&rsquo;\u00e9change Ferrare-Bordeaux \/ Liceo L. Ariosto-Lyc\u00e9e C. Jullian<\/span><\/h2>\n\n\n\n<p><strong>Vingt-quatre lyc\u00e9ens italianisants de premi\u00e8re du Lyc\u00e9e Camille Jullian de Bordeaux participent \u00e0 ce projet d&rsquo;\u00e9change linguistique et culturel avec le lyc\u00e9e Ariosto de Ferrare. Ils ont s\u00e9journ\u00e9 dans les familles ferraraises du 15 au 22 octobre 2022 : c&rsquo;est le premier volet de cette exp\u00e9rience.<\/strong><\/p>\n\n\n\n<h3 class=\"wp-block-heading\"><span class=\"has-inline-color has-vivid-red-color\">&gt; Voici le programme du s\u00e9jour ferrarais :<\/span><\/h3>\n\n\n\n<div class=\"wp-block-file alignleft\"><a href=\"https:\/\/ent2d.ac-bordeaux.fr\/disciplines\/italien\/wp-content\/uploads\/sites\/12\/2022\/11\/2022_09_29_Programme-du-voyage-a-Ferrare-14-23-octobre-2022-.pdf\">2022_09_29_Programme-du-voyage-a-Ferrare-14-23-octobre-2022-<\/a><a href=\"https:\/\/ent2d.ac-bordeaux.fr\/disciplines\/italien\/wp-content\/uploads\/sites\/12\/2022\/11\/2022_09_29_Programme-du-voyage-a-Ferrare-14-23-octobre-2022-.pdf\" class=\"wp-block-file__button\" download>T\u00e9l\u00e9charger<\/a><\/div>\n\n\n\n<h3 class=\"has-text-align-left wp-block-heading\"><span class=\"has-inline-color has-vivid-red-color\">&gt; La presse locale, La nuova Ferrara, t\u00e9moigne dans l&rsquo;article ci-dessous :<\/span><\/h3>\n\n\n\n<div class=\"wp-block-file alignleft\"><a href=\"https:\/\/ent2d.ac-bordeaux.fr\/disciplines\/italien\/wp-content\/uploads\/sites\/12\/2022\/11\/2022_10_21_La-nuova-Ferrara_Scambio_Liceo-Ariosto_Lycee-Camille-Jullian.pdf\">2022_10_21_La-nuova-Ferrara_Scambio_Liceo-Ariosto_Lycee-Camille-Jullian<\/a><a href=\"https:\/\/ent2d.ac-bordeaux.fr\/disciplines\/italien\/wp-content\/uploads\/sites\/12\/2022\/11\/2022_10_21_La-nuova-Ferrara_Scambio_Liceo-Ariosto_Lycee-Camille-Jullian.pdf\" class=\"wp-block-file__button\" download>T\u00e9l\u00e9charger<\/a><\/div>\n\n\n\n<h3 class=\"wp-block-heading\"><span class=\"has-inline-color has-vivid-red-color\">&gt; Voici quelques photos en souvenir du s\u00e9jour :<\/span><\/h3>\n\n\n\n<figure class=\"wp-block-image size-full\"><img loading=\"lazy\" decoding=\"async\" width=\"1024\" height=\"768\" src=\"https:\/\/ent2d.ac-bordeaux.fr\/disciplines\/italien\/wp-content\/uploads\/sites\/12\/2022\/11\/Bologna-Giardini-Margherita-scaled.jpg\" alt=\"\" class=\"wp-image-1191\" srcset=\"https:\/\/ent2d.ac-bordeaux.fr\/disciplines\/italien\/wp-content\/uploads\/sites\/12\/2022\/11\/Bologna-Giardini-Margherita-scaled.jpg 1024w, https:\/\/ent2d.ac-bordeaux.fr\/disciplines\/italien\/wp-content\/uploads\/sites\/12\/2022\/11\/Bologna-Giardini-Margherita-300x225.jpg 300w, https:\/\/ent2d.ac-bordeaux.fr\/disciplines\/italien\/wp-content\/uploads\/sites\/12\/2022\/11\/Bologna-Giardini-Margherita-768x576.jpg 768w, https:\/\/ent2d.ac-bordeaux.fr\/disciplines\/italien\/wp-content\/uploads\/sites\/12\/2022\/11\/Bologna-Giardini-Margherita-1536x1152.jpg 1536w, https:\/\/ent2d.ac-bordeaux.fr\/disciplines\/italien\/wp-content\/uploads\/sites\/12\/2022\/11\/Bologna-Giardini-Margherita-2048x1536.jpg 2048w\" sizes=\"auto, (max-width: 1024px) 100vw, 1024px\" \/><\/figure>\n\n\n\n<figure class=\"wp-block-image size-full\"><img loading=\"lazy\" decoding=\"async\" width=\"1024\" height=\"768\" src=\"https:\/\/ent2d.ac-bordeaux.fr\/disciplines\/italien\/wp-content\/uploads\/sites\/12\/2022\/11\/In-barca-alla-scoperta-delle-valli-di-Comacchio-scaled.jpg\" alt=\"\" class=\"wp-image-1192\" srcset=\"https:\/\/ent2d.ac-bordeaux.fr\/disciplines\/italien\/wp-content\/uploads\/sites\/12\/2022\/11\/In-barca-alla-scoperta-delle-valli-di-Comacchio-scaled.jpg 1024w, https:\/\/ent2d.ac-bordeaux.fr\/disciplines\/italien\/wp-content\/uploads\/sites\/12\/2022\/11\/In-barca-alla-scoperta-delle-valli-di-Comacchio-300x225.jpg 300w, https:\/\/ent2d.ac-bordeaux.fr\/disciplines\/italien\/wp-content\/uploads\/sites\/12\/2022\/11\/In-barca-alla-scoperta-delle-valli-di-Comacchio-768x576.jpg 768w, https:\/\/ent2d.ac-bordeaux.fr\/disciplines\/italien\/wp-content\/uploads\/sites\/12\/2022\/11\/In-barca-alla-scoperta-delle-valli-di-Comacchio-1536x1152.jpg 1536w, https:\/\/ent2d.ac-bordeaux.fr\/disciplines\/italien\/wp-content\/uploads\/sites\/12\/2022\/11\/In-barca-alla-scoperta-delle-valli-di-Comacchio-2048x1536.jpg 2048w\" sizes=\"auto, (max-width: 1024px) 100vw, 1024px\" \/><\/figure>\n\n\n\n<div class=\"wp-block-image\"><figure class=\"aligncenter size-full\"><img loading=\"lazy\" decoding=\"async\" width=\"1024\" height=\"768\" src=\"https:\/\/ent2d.ac-bordeaux.fr\/disciplines\/italien\/wp-content\/uploads\/sites\/12\/2022\/11\/Nel-castello-di-Ferrara-scaled.jpg\" alt=\"\" class=\"wp-image-1194\" srcset=\"https:\/\/ent2d.ac-bordeaux.fr\/disciplines\/italien\/wp-content\/uploads\/sites\/12\/2022\/11\/Nel-castello-di-Ferrara-scaled.jpg 1024w, https:\/\/ent2d.ac-bordeaux.fr\/disciplines\/italien\/wp-content\/uploads\/sites\/12\/2022\/11\/Nel-castello-di-Ferrara-300x225.jpg 300w, https:\/\/ent2d.ac-bordeaux.fr\/disciplines\/italien\/wp-content\/uploads\/sites\/12\/2022\/11\/Nel-castello-di-Ferrara-768x576.jpg 768w, https:\/\/ent2d.ac-bordeaux.fr\/disciplines\/italien\/wp-content\/uploads\/sites\/12\/2022\/11\/Nel-castello-di-Ferrara-1536x1152.jpg 1536w, https:\/\/ent2d.ac-bordeaux.fr\/disciplines\/italien\/wp-content\/uploads\/sites\/12\/2022\/11\/Nel-castello-di-Ferrara-2048x1536.jpg 2048w\" sizes=\"auto, (max-width: 1024px) 100vw, 1024px\" \/><\/figure><\/div>\n\n\n\n<div class=\"wp-block-image\"><figure class=\"aligncenter size-full\"><img loading=\"lazy\" decoding=\"async\" width=\"1024\" height=\"768\" src=\"https:\/\/ent2d.ac-bordeaux.fr\/disciplines\/italien\/wp-content\/uploads\/sites\/12\/2022\/11\/Visita-di-Bologna-in-compagnia-della-zdaura-Onorina-Pirazzoli-scaled.jpg\" alt=\"\" class=\"wp-image-1195\" srcset=\"https:\/\/ent2d.ac-bordeaux.fr\/disciplines\/italien\/wp-content\/uploads\/sites\/12\/2022\/11\/Visita-di-Bologna-in-compagnia-della-zdaura-Onorina-Pirazzoli-scaled.jpg 1024w, https:\/\/ent2d.ac-bordeaux.fr\/disciplines\/italien\/wp-content\/uploads\/sites\/12\/2022\/11\/Visita-di-Bologna-in-compagnia-della-zdaura-Onorina-Pirazzoli-300x225.jpg 300w, https:\/\/ent2d.ac-bordeaux.fr\/disciplines\/italien\/wp-content\/uploads\/sites\/12\/2022\/11\/Visita-di-Bologna-in-compagnia-della-zdaura-Onorina-Pirazzoli-768x576.jpg 768w, https:\/\/ent2d.ac-bordeaux.fr\/disciplines\/italien\/wp-content\/uploads\/sites\/12\/2022\/11\/Visita-di-Bologna-in-compagnia-della-zdaura-Onorina-Pirazzoli-1536x1152.jpg 1536w, https:\/\/ent2d.ac-bordeaux.fr\/disciplines\/italien\/wp-content\/uploads\/sites\/12\/2022\/11\/Visita-di-Bologna-in-compagnia-della-zdaura-Onorina-Pirazzoli-2048x1536.jpg 2048w\" sizes=\"auto, (max-width: 1024px) 100vw, 1024px\" \/><\/figure><\/div>\n\n\n","protected":false},"excerpt":{"rendered":"<p>L&rsquo;\u00e9change Ferrare-Bordeaux \/ Liceo L. Ariosto-Lyc\u00e9e C. Jullian Vingt-quatre lyc\u00e9ens italianisants de premi\u00e8re du Lyc\u00e9e Camille Jullian de Bordeaux participent \u00e0 ce projet d&rsquo;\u00e9change linguistique et culturel avec le lyc\u00e9e &#8230;<\/p>\n","protected":false},"author":42,"featured_media":0,"parent":39,"menu_order":0,"comment_status":"closed","ping_status":"closed","template":"","meta":{"footnotes":""},"class_list":["post-1188","page","type-page","status-publish","hentry"],"_links":{"self":[{"href":"https:\/\/ent2d.ac-bordeaux.fr\/disciplines\/italien\/wp-json\/wp\/v2\/pages\/1188","targetHints":{"allow":["GET"]}}],"collection":[{"href":"https:\/\/ent2d.ac-bordeaux.fr\/disciplines\/italien\/wp-json\/wp\/v2\/pages"}],"about":[{"href":"https:\/\/ent2d.ac-bordeaux.fr\/disciplines\/italien\/wp-json\/wp\/v2\/types\/page"}],"author":[{"embeddable":true,"href":"https:\/\/ent2d.ac-bordeaux.fr\/disciplines\/italien\/wp-json\/wp\/v2\/users\/42"}],"replies":[{"embeddable":true,"href":"https:\/\/ent2d.ac-bordeaux.fr\/disciplines\/italien\/wp-json\/wp\/v2\/comments?post=1188"}],"version-history":[{"count":3,"href":"https:\/\/ent2d.ac-bordeaux.fr\/disciplines\/italien\/wp-json\/wp\/v2\/pages\/1188\/revisions"}],"predecessor-version":[{"id":1507,"href":"https:\/\/ent2d.ac-bordeaux.fr\/disciplines\/italien\/wp-json\/wp\/v2\/pages\/1188\/revisions\/1507"}],"up":[{"embeddable":true,"href":"https:\/\/ent2d.ac-bordeaux.fr\/disciplines\/italien\/wp-json\/wp\/v2\/pages\/39"}],"wp:attachment":[{"href":"https:\/\/ent2d.ac-bordeaux.fr\/disciplines\/italien\/wp-json\/wp\/v2\/media?parent=1188"}],"curies":[{"name":"wp","href":"https:\/\/api.w.org\/{rel}","templated":true}]}}