{"id":745,"date":"2017-05-22T09:15:10","date_gmt":"2017-05-22T07:15:10","guid":{"rendered":"http:\/\/blog1-test.in.ac-bordeaux.fr\/testdisci01\/hotellerie\/?page_id=745"},"modified":"2021-07-01T16:03:10","modified_gmt":"2021-07-01T14:03:10","slug":"periodes-de-formation-en-milieu-professionnel","status":"publish","type":"page","link":"https:\/\/ent2d.ac-bordeaux.fr\/disciplines\/hotellerie\/documents-reglementaires\/periodes-de-formation-en-milieu-professionnel\/","title":{"rendered":"PFMP"},"content":{"rendered":"<h5><strong><img loading=\"lazy\" decoding=\"async\" class=\"aligncenter wp-image-1756\" src=\"https:\/\/ent2d.ac-bordeaux.fr\/disciplines\/hotellerie\/wp-content\/uploads\/sites\/46\/2017\/05\/Capture-d\u2019e\u0301cran-2017-07-11-a\u0300-12.09.11-300x210.png\" alt=\"\" width=\"155\" height=\"109\" srcset=\"https:\/\/ent2d.ac-bordeaux.fr\/disciplines\/hotellerie\/wp-content\/uploads\/sites\/46\/2017\/05\/Capture-d\u2019e\u0301cran-2017-07-11-a\u0300-12.09.11-300x210.png 300w, https:\/\/ent2d.ac-bordeaux.fr\/disciplines\/hotellerie\/wp-content\/uploads\/sites\/46\/2017\/05\/Capture-d\u2019e\u0301cran-2017-07-11-a\u0300-12.09.11-768x536.png 768w, https:\/\/ent2d.ac-bordeaux.fr\/disciplines\/hotellerie\/wp-content\/uploads\/sites\/46\/2017\/05\/Capture-d\u2019e\u0301cran-2017-07-11-a\u0300-12.09.11-392x272.png 392w, https:\/\/ent2d.ac-bordeaux.fr\/disciplines\/hotellerie\/wp-content\/uploads\/sites\/46\/2017\/05\/Capture-d\u2019e\u0301cran-2017-07-11-a\u0300-12.09.11-130x90.png 130w, https:\/\/ent2d.ac-bordeaux.fr\/disciplines\/hotellerie\/wp-content\/uploads\/sites\/46\/2017\/05\/Capture-d\u2019e\u0301cran-2017-07-11-a\u0300-12.09.11.png 882w\" sizes=\"auto, (max-width: 155px) 100vw, 155px\" \/><\/strong><\/h5>\n<h6><span style=\"color: #ff6600\"><strong>\u2666P\u00e9riodes de Formation en Milieu Professionnel<\/strong><\/span><\/h6>\n<h6><strong>Textes et documents officiels<\/strong><\/h6>\n<p><span style=\"color: #266ea6\"><strong>\u2666Convention de stage<\/strong><\/span><\/p>\n<p style=\"text-align: justify\">La convention de stage est <strong>obligatoire<\/strong> pour toute p\u00e9riode de formation en milieu professionnel effectu\u00e9e par un \u00e9l\u00e8ve dans le cadre de sa formation, que cette p\u00e9riode ait lieu en France ou \u00e0 l&#8217;\u00e9tranger. Elle pr\u00e9cise les <strong>engagements et les obligations de l&#8217;entreprise, de l&#8217;\u00e9tablissement scolaire et de l&#8217;\u00e9l\u00e8ve<\/strong>. Elle est <strong>sign\u00e9e<\/strong> par le chef d&#8217;\u00e9tablissement, le chef d&#8217;entreprise, le professeur r\u00e9f\u00e9rent, le tuteur et l&#8217;\u00e9l\u00e8ve s&#8217;il est majeur ou son repr\u00e9sentant l\u00e9gal s&#8217;il est mineur. Elle comporte des <strong>dispositions administratives et quatre annexes<\/strong>.<\/p>\n<p><span style=\"color: #266ea6\"><strong>\u2666Annexe n\u00b01\u00a0: annexe p\u00e9dagogique<\/strong><\/span><\/p>\n<p style=\"text-align: justify\">L&#8217;annexe p\u00e9dagogique est essentielle\u00a0: elle d\u00e9crit les <strong>activit\u00e9s exerc\u00e9es par l&#8217;\u00e9l\u00e8ve<\/strong> pendant la p\u00e9riode de formation en milieu professionnel. Ces activit\u00e9s sont d\u00e9termin\u00e9es par un professeur et par le tuteur de l&#8217;entreprise, en fonction de l&#8217;<strong>ann\u00e9e de formation<\/strong>, de la p\u00e9riode o\u00f9 se d\u00e9roule le s\u00e9jour en milieu professionnel, des <strong>objectifs de formation<\/strong> par rapport au dipl\u00f4me pr\u00e9par\u00e9 et des activit\u00e9s de l&#8217;organisme d&#8217;accueil.<\/p>\n<p><span style=\"color: #266ea6\"><strong>\u2666Annexe n\u00b02\u00a0: annexe financi\u00e8re<\/strong><\/span><\/p>\n<p style=\"text-align: justify\">L&#8217;annexe financi\u00e8re pr\u00e9cise notamment les <strong>modalit\u00e9s de remboursement des frais de stage<\/strong> et, \u00e9ventuellement, la contribution de l&#8217;entreprise \u00e0 l&#8217;indemnisation des d\u00e9penses engag\u00e9es par l&#8217;\u00e9l\u00e8ve.<\/p>\n<p><span style=\"color: #266ea6\"><strong>\u2666Annexe n\u00b03\u00a0: attestation de stage<\/strong><\/span><\/p>\n<p style=\"text-align: justify\">Conform\u00e9ment \u00e0 l&#8217;article D. 124-9 du code de l&#8217;\u00e9ducation, une attestation de stage est d\u00e9livr\u00e9e par l&#8217;organisme d&#8217;accueil \u00e0 tout \u00e9l\u00e8ve. Ce document doit \u00eatre compl\u00e9t\u00e9 et sign\u00e9 le dernier jour de la p\u00e9riode de formation en milieu professionnel par une personne habilit\u00e9e de l&#8217;organisme d&#8217;accueil et remis au stagiaire.<\/p>\n<p><span style=\"color: #266ea6\"><strong>\u2666Annexe n\u00b04\u00a0: \u00e9valuation de la qualit\u00e9 d&#8217;accueil par le stagiaire<\/strong><\/span><\/p>\n<p style=\"text-align: justify\">Conform\u00e9ment \u00e0 <a href=\"https:\/\/www.legifrance.gouv.fr\/affichCodeArticle.do;jsessionid=2CE2BD8F8ED05453F829BD5DF4723C5C.tpdila16v_1?idArticle=LEGIARTI000029233865&amp;cidTexte=LEGITEXT000006071191\">L.124.4 du code de l&#8217;\u00e9ducation<\/a><em> \u00abTout \u00e9l\u00e8ve (&#8230;) ayant achev\u00e9 sa p\u00e9riode de formation en milieu professionnel (&#8230;) transmet aux services de son \u00e9tablissement d&#8217;enseignement charg\u00e9s de l&#8217;accompagner dans son projet d&#8217;\u00e9tudes et d&#8217;insertion professionnelle un document dans lequel il \u00e9value la qualit\u00e9 de l&#8217;accueil dont il a b\u00e9n\u00e9fici\u00e9 au sein de l&#8217;organisme. Ce document n&#8217;est pas pris en compte dans son \u00e9valuation ou dans l&#8217;obtention de son dipl\u00f4me.\u00bb <\/em>Ce document est compl\u00e9t\u00e9 \u00e0 l&#8217;issue de la p\u00e9riode de formation en milieu professionnel par le stagiaire et remis au lyc\u00e9e.<\/p>\n<p style=\"text-align: justify\">S&#8217;agissant des <strong>p\u00e9riodes de formation en milieu professionnel r\u00e9alis\u00e9es \u00e0 l&#8217;\u00e9tranger<\/strong>, une convention-type nationale sp\u00e9cifique a \u00e9t\u00e9 \u00e9labor\u00e9e pour prendre en compte les particularit\u00e9s juridiques et p\u00e9dagogiques propres au domaine international. Elle est traduite en anglais, allemand, espagnol et italien.<\/p>\n<p><span style=\"color: #266ea6\"><strong>\u2666Textes r\u00e9glementaires<\/strong><\/span><\/p>\n<ol>\n<li><a href=\"http:\/\/cache.media.eduscol.education.fr\/file\/Form_prof_initiale_insertion\/83\/5\/Convention_type_PFMP_565835.pdf\">Convention type pour les \u00e9l\u00e8ves de lyc\u00e9e professionnel et annexes de la circulaire n\u00b0 2016-053 du 29 mars 2016<\/a><\/li>\n<li><a href=\"http:\/\/www.education.gouv.fr\/bo\/2003\/44\/MENE0302367C.htm\">Convention type relative aux p\u00e9riodes de formation en milieu professionnel \u00e0 l&#8217;\u00e9tranger<\/a><\/li>\n<li><a href=\"https:\/\/ent2d.ac-bordeaux.fr\/disciplines\/hotellerie\/wp-content\/uploads\/sites\/46\/2017\/04\/encadrement_PFMP.pdf\">Encadrement des PFMP<\/a><\/li>\n<li><a href=\"https:\/\/ent2d.ac-bordeaux.fr\/disciplines\/hotellerie\/documents-reglementaires\/periodes-de-formation-en-milieu-professionnel\/formulaire-de-derogation-et-note-dinfo-etab-duree-pfmp1\/\" rel=\"attachment noopener wp-att-3502\">Formulaire de demande de d\u00e9rogation \u00e0 la dur\u00e9e r\u00e8glementaire de la PFMP <\/a><em><span style=\"font-size: 8pt;color: #ff00ff\">nouveau formulaire mars 2019<\/span><\/em><\/li>\n<li><a href=\"http:\/\/www.education.gouv.fr\/pid285\/bulletin_officiel.html?cid_bo=100542\">Organisation et accompagnement des p\u00e9riodes de formation en milieu professionnel, circulaire n\u00b0 2016-053 du 29 mars 2016 (BOEN du 31 mars 2016)<\/a><\/li>\n<\/ol>\n<p><span style=\"color: #266ea6\"><strong>\u2666Les fiches du groupe de travail acad\u00e9mique<\/strong><\/span><\/p>\n<ol>\n<li><a href=\"https:\/\/ent2d.ac-bordeaux.fr\/disciplines\/hotellerie\/wp-content\/uploads\/sites\/46\/2017\/04\/Fiche_1_PFMP_organisation_accueil_et_tuteur.pdf\">Fiche 1 PFMP organisation accueil et tuteur<\/a><\/li>\n<li><a href=\"https:\/\/ent2d.ac-bordeaux.fr\/disciplines\/hotellerie\/wp-content\/uploads\/sites\/46\/2017\/04\/Fiche_PFMP_220_conseil_administration_et_direction.pdf\">Fiche 2 PFMP\u00a0 conseil administration et direction<\/a><\/li>\n<li><a href=\"https:\/\/ent2d.ac-bordeaux.fr\/disciplines\/hotellerie\/wp-content\/uploads\/sites\/46\/2017\/04\/Fiche_PFMP_3_equipe_pedagogique.pdf\">Fiche 3 PFMP \u00e9quipe p\u00e9dagogique <\/a><\/li>\n<li><a href=\"https:\/\/ent2d.ac-bordeaux.fr\/disciplines\/hotellerie\/wp-content\/uploads\/sites\/46\/2017\/04\/Fiche_PFMP_420_referent.pdf\">Fiche 4 PFMP r\u00e9f\u00e9rent<\/a><\/li>\n<li><a href=\"https:\/\/ent2d.ac-bordeaux.fr\/disciplines\/hotellerie\/wp-content\/uploads\/sites\/46\/2017\/04\/Fiche_PFMP_5_chef_travaux.pdf\">Fiche 5 PFMP chef travaux<\/a><\/li>\n<li><a href=\"https:\/\/ent2d.ac-bordeaux.fr\/disciplines\/hotellerie\/wp-content\/uploads\/sites\/46\/2017\/04\/Fiche_PFMP_6_eleve.pdf\">Fiche 6 PFMP \u00e9l\u00e8ve<\/a><\/li>\n<li><a href=\"https:\/\/ent2d.ac-bordeaux.fr\/disciplines\/hotellerie\/wp-content\/uploads\/sites\/46\/2017\/04\/carte_mentale_presentation_decret_30_novembre_2014.pdf\">Carte mentale pr\u00e9sentation d\u00e9cret 30 novembre 2014<\/a><\/li>\n<\/ol>\n<p><span style=\"color: #266ea6\"><strong>\u2666Quelques outils pour SUIVRE l&#8217;apprenant<\/strong><\/span><\/p>\n<ol>\n<li><a href=\"https:\/\/ent2d.ac-bordeaux.fr\/disciplines\/hotellerie\/wp-content\/uploads\/sites\/46\/2017\/04\/LA20CHARTE20DE20LA20PFMP.pdf\">La Charte de la p\u00e9riode de formation en entreprise<\/a><\/li>\n<li><a href=\"https:\/\/ent2d.ac-bordeaux.fr\/disciplines\/hotellerie\/wp-content\/uploads\/sites\/46\/2017\/04\/Portfolio20BCP20CSR20AcBordeaux.pdf\">Un exemple de portfolios de formation en CSR <\/a><\/li>\n<li><a href=\"https:\/\/ent2d.ac-bordeaux.fr\/disciplines\/hotellerie\/wp-content\/uploads\/sites\/46\/2017\/04\/Portfolio20BCP20Cuisine20AcBordeaux28129.pdf\">Un exemple de portfolios de formation en Cuisine <\/a><\/li>\n<li><a href=\"https:\/\/ent2d.ac-bordeaux.fr\/disciplines\/hotellerie\/wp-content\/uploads\/sites\/46\/2017\/04\/livret20dC3A9finitif20OPC20oct20201120-20accompagnement20personnalisC3A920-20lycC3A9e20Jean20Capelle20-20Bergerac.pdf\">Un exemple de livret d\u2019accompagnement personnalis\u00e9<\/a> &#8211; J. TOULET<\/li>\n<li><a href=\"https:\/\/ent2d.ac-bordeaux.fr\/disciplines\/hotellerie\/wp-content\/uploads\/sites\/46\/2017\/04\/Livret20tutorat20J_20CAPELLE.doc\">Un exemple de livret de tutorat<\/a> &#8211; J. TOULET<\/li>\n<li><a href=\"mailto:jerome.muzard@ac-bordeaux.fr?subject=Demande%20Livret%20de%20Formation%20GR%20pilotage%20ac-Bx\">Un exemple de livret de formation<\/a> Bac pro CSR <span style=\"font-size: 10pt\">&#8211; J. MUZARD <em>(r\u00e9serv\u00e9 Acad\u00e9mie de Bordeaux)<\/em><\/span><\/li>\n<li><a href=\"mailto:jerome.muzard@ac-bordeaux.fr?subject=Demande%20Livret%20de%20Formation%20GR%20pilotage%20ac-Bx\">Un exemple de livret de formation <\/a>Bac pro Cuisine <span style=\"font-size: 10pt\">&#8211; J. MUZARD <em>(r\u00e9serv\u00e9 Acad\u00e9mie de Bordeaux)<\/em><\/span><\/li>\n<li><a href=\"https:\/\/ent2d.ac-bordeaux.fr\/disciplines\/hotellerie\/wp-content\/uploads\/sites\/46\/2017\/04\/E320Bac20Pro20cuisine20Traduction20Allemand.pdf\">Grille d&#8217;\u00e9valuation bac pro cuisine PFMP traduite en allemand <\/a>&#8211; T. RYPINSKI<\/li>\n<li><a href=\"https:\/\/ent2d.ac-bordeaux.fr\/disciplines\/hotellerie\/wp-content\/uploads\/sites\/46\/2017\/04\/E3220Bac20pro20service20Traduction20Allemand.pdf\">Grille d&#8217;\u00e9valuation bac pro CSR PFMP traduite en allemand<\/a> &#8211; T. RYPINSKI<\/li>\n<\/ol>\n<p><span style=\"color: #266ea6\"><strong>\u2666Quelques ressources suppl\u00e9mentaires<\/strong><\/span><\/p>\n<ol>\n<li><a href=\"https:\/\/ent2d.ac-bordeaux.fr\/disciplines\/hotellerie\/wp-content\/uploads\/sites\/46\/2017\/04\/Charte_financement_frais_de_PFMP_stage.doc\">Exemple de charte financement frais de stage<\/a><\/li>\n<li><a href=\"https:\/\/ent2d.ac-bordeaux.fr\/disciplines\/hotellerie\/wp-content\/uploads\/sites\/46\/2017\/04\/CONVENTION_DE_STAGE_BIARRITZ__PFMP_France.pdf\">Exemple convention de stage Biarritz (2013)<\/a><\/li>\n<li><a href=\"https:\/\/ent2d.ac-bordeaux.fr\/disciplines\/hotellerie\/wp-content\/uploads\/sites\/46\/2017\/04\/courrier_information_familles.doc\">Exemple courrier d&#8217;information aux familles<\/a><\/li>\n<li><a href=\"https:\/\/ent2d.ac-bordeaux.fr\/disciplines\/hotellerie\/wp-content\/uploads\/sites\/46\/2017\/04\/encadrement_PFMP-1.pdf\">Encadrement PFMP extrait Circulaire no 2000-095 du 26 juin 2000\u00a0<\/a><\/li>\n<li><a href=\"https:\/\/ent2d.ac-bordeaux.fr\/disciplines\/hotellerie\/wp-content\/uploads\/sites\/46\/2017\/04\/Fiche_appel_telephonique.doc\">Exemple fiche appel t\u00e9l\u00e9phonique<\/a><\/li>\n<li><a href=\"https:\/\/ent2d.ac-bordeaux.fr\/disciplines\/hotellerie\/wp-content\/uploads\/sites\/46\/2017\/04\/Presentation_PFMP_aux_parents_et_eleves.ppt\">Exemple diaporama r\u00e9union d&#8217;information parents d&#8217;\u00e9l\u00e8ves<\/a><\/li>\n<li><a href=\"https:\/\/ent2d.ac-bordeaux.fr\/disciplines\/hotellerie\/wp-content\/uploads\/sites\/46\/2017\/04\/Travail_des_jeunes_de_moins_de_18_ans.pdf\">Le temps de travail des jeunes de moins de 18 ans<\/a><\/li>\n<\/ol>\n<p style=\"text-align: justify\"><span style=\"color: #266ea6\"><strong>\u2666Organisation g\u00e9n\u00e9rale des PFMP en baccalaur\u00e9at professionnel<\/strong><\/span><br \/>\nLa r\u00e9glementation de f\u00e9vrier 2009 impose pour le baccalaur\u00e9at professionnel\u00a0: 22 semaines de p\u00e9riodes de formation en milieu professionnel (P.F.M.P) sur le cycle de 3 ans, les 22 semaines de PFMP ne peuvent pas \u00eatre partag\u00e9es en plus de six p\u00e9riodes\u00a0la dur\u00e9e de chaque p\u00e9riode ne peut \u00eatre inf\u00e9rieure \u00e0 trois semaines. Un nombre de semaines minimum doit \u00eatre effectu\u00e9 avant la mise en place de la certification interm\u00e9diaire\u00a0: 6 semaines pour un BEP r\u00e9nov\u00e9\u00a0; 8 pour un CAP.<\/p>\n<p style=\"text-align: justify\">Dans un souci de continuit\u00e9 p\u00e9dagogique et en tenant compte des contraintes r\u00e9glementaires et des contraintes mat\u00e9rielles des entreprises et des \u00e9tablissements scolaires. L\u2019\u00e9quipe \u00e9ducative organise les p\u00e9riodes en entreprise sur le cycle de formation.<\/p>\n<p style=\"text-align: justify\">Exemple de tableau de planification de l\u2019ensemble des PFMP d\u2019un \u00e9tablissement, celui-ci permet \u00e0 tous les membres de l\u2019\u00e9quipe \u00e9ducative et aux \u00e9l\u00e8ves d\u2019avoir une vision globale de l\u2019organisation des PFMP.<\/p>\n<p>Fichier\u00a0: <a href=\"https:\/\/ent2d.ac-bordeaux.fr\/disciplines\/hotellerie\/wp-content\/uploads\/sites\/46\/2017\/05\/planning_et_tableau_de_bord_pfmp.zip\">Exemple de Plannings PFMP ZIP<\/a><em>\u00a0sources :\u00a0http:\/\/www.cerpeg.ac-versailles.fr\u00a0<\/em><\/p>\n<p><span style=\"color: #266ea6\"><strong>\u2666Le cadre financier<\/strong><\/span><\/p>\n<p>Fichier\u00a0: <a href=\"https:\/\/ent2d.ac-bordeaux.fr\/disciplines\/hotellerie\/wp-content\/uploads\/sites\/46\/2017\/04\/Note-Eduscol-frais-de-stage.pdf\">Note Eduscol Frais de stages.pdf <\/a><br \/>\nFichier\u00a0: <a href=\"https:\/\/ent2d.ac-bordeaux.fr\/disciplines\/hotellerie\/wp-content\/uploads\/sites\/46\/2017\/04\/CHARTE-DU-FINANCEMENT-DES-FRAIS-DE-STAGE.doc\">Charte du financement des frais de stage.doc<\/a><\/p>\n","protected":false},"excerpt":{"rendered":"<p>\u2666P\u00e9riodes de Formation en Milieu Professionnel Textes et documents officiels \u2666Convention de stage La convention de stage est obligatoire pour<\/p>\n","protected":false},"author":166,"featured_media":0,"parent":518,"menu_order":0,"comment_status":"closed","ping_status":"closed","template":"","meta":{"footnotes":""},"class_list":["post-745","page","type-page","status-publish","hentry"],"_links":{"self":[{"href":"https:\/\/ent2d.ac-bordeaux.fr\/disciplines\/hotellerie\/wp-json\/wp\/v2\/pages\/745","targetHints":{"allow":["GET"]}}],"collection":[{"href":"https:\/\/ent2d.ac-bordeaux.fr\/disciplines\/hotellerie\/wp-json\/wp\/v2\/pages"}],"about":[{"href":"https:\/\/ent2d.ac-bordeaux.fr\/disciplines\/hotellerie\/wp-json\/wp\/v2\/types\/page"}],"author":[{"embeddable":true,"href":"https:\/\/ent2d.ac-bordeaux.fr\/disciplines\/hotellerie\/wp-json\/wp\/v2\/users\/166"}],"replies":[{"embeddable":true,"href":"https:\/\/ent2d.ac-bordeaux.fr\/disciplines\/hotellerie\/wp-json\/wp\/v2\/comments?post=745"}],"version-history":[{"count":33,"href":"https:\/\/ent2d.ac-bordeaux.fr\/disciplines\/hotellerie\/wp-json\/wp\/v2\/pages\/745\/revisions"}],"predecessor-version":[{"id":4354,"href":"https:\/\/ent2d.ac-bordeaux.fr\/disciplines\/hotellerie\/wp-json\/wp\/v2\/pages\/745\/revisions\/4354"}],"up":[{"embeddable":true,"href":"https:\/\/ent2d.ac-bordeaux.fr\/disciplines\/hotellerie\/wp-json\/wp\/v2\/pages\/518"}],"wp:attachment":[{"href":"https:\/\/ent2d.ac-bordeaux.fr\/disciplines\/hotellerie\/wp-json\/wp\/v2\/media?parent=745"}],"curies":[{"name":"wp","href":"https:\/\/api.w.org\/{rel}","templated":true}]}}