{"id":67,"date":"2017-03-24T11:02:15","date_gmt":"2017-03-24T10:02:15","guid":{"rendered":"https:\/\/ent2d.ac-bordeaux.fr\/disciplines\/hotellerie\/?page_id=67"},"modified":"2017-07-15T19:03:11","modified_gmt":"2017-07-15T17:03:11","slug":"etablissements-de-lacademie","status":"publish","type":"page","link":"https:\/\/ent2d.ac-bordeaux.fr\/disciplines\/hotellerie\/la-filiere\/etablissements-de-lacademie\/","title":{"rendered":"\u00c9tablissements de l&#8217;acad\u00e9mie"},"content":{"rendered":"<h6><strong><u><img loading=\"lazy\" decoding=\"async\" class=\" wp-image-1888 alignleft\" src=\"https:\/\/ent2d.ac-bordeaux.fr\/disciplines\/hotellerie\/wp-content\/uploads\/sites\/46\/2017\/03\/Capture-d\u2019e\u0301cran-2017-07-11-a\u0300-17.34.31-271x300.png\" alt=\"\" width=\"160\" height=\"177\" srcset=\"https:\/\/ent2d.ac-bordeaux.fr\/disciplines\/hotellerie\/wp-content\/uploads\/sites\/46\/2017\/03\/Capture-d\u2019e\u0301cran-2017-07-11-a\u0300-17.34.31-271x300.png 271w, https:\/\/ent2d.ac-bordeaux.fr\/disciplines\/hotellerie\/wp-content\/uploads\/sites\/46\/2017\/03\/Capture-d\u2019e\u0301cran-2017-07-11-a\u0300-17.34.31.png 604w\" sizes=\"auto, (max-width: 160px) 100vw, 160px\" \/><\/u><\/strong><\/h6>\n<h6><span style=\"color: #ff6600\"><strong>Pyr\u00e9n\u00e9es-Atlantiques<\/strong><\/span><\/h6>\n<h6><span style=\"color: #ff6600\"><strong>Landes<\/strong><\/span><\/h6>\n<h6><span style=\"color: #ff6600\"><strong>Lot-et-Garonne<\/strong><\/span><\/h6>\n<h6><span style=\"color: #ff6600\"><strong>Dordogne<\/strong><\/span><\/h6>\n<h6><span style=\"color: #ff6600\"><strong>Gironde<\/strong><\/span><\/h6>\n<table width=\"502\">\n<tbody>\n<tr>\n<td>\n<h6><span style=\"color: #ff6600\"><strong>=&gt;LES PYR\u00c9N\u00c9ES ATLANTIQUES<\/strong><\/span><\/h6>\n<\/td>\n<\/tr>\n<tr>\n<td><strong>Les \u00e9tablissements publics<\/strong><\/td>\n<\/tr>\n<tr>\n<td><a href=\"http:\/\/www.lycee-hotelier-biarritz.com\/\">Lyc\u00e9e des m\u00e9tiers de l\u2019h\u00f4tellerie et de tourisme<\/a><br \/>\nsection d\u2019enseignement professionnel<br \/>\n2 rue Francis JAMMES<br \/>\n64204 BIARRITZ<\/td>\n<\/tr>\n<tr>\n<td>\u00a0<a href=\"http:\/\/www.lyceeprofessionnel-morlaas.fr\/\">Lyc\u00e9e professionnel HAUTE-VUE<\/a><br \/>\nAvenue des CIMES<br \/>\n64160 MORLAAS<\/td>\n<\/tr>\n<tr>\n<td><a href=\"http:\/\/www.lyceedenavarre.fr\/\">Lyc\u00e9e professionnel de NAVARRE<\/a><br \/>\nAvenue de JAI-ALAI<br \/>\n64220 SAINT-JEAN-PIED-de-PORT<\/td>\n<\/tr>\n<tr>\n<td><strong>Le lyc\u00e9e priv\u00e9 sous contrat<\/strong><\/td>\n<\/tr>\n<tr>\n<td><a href=\"http:\/\/www.immac-pau.com\/lycees-pro\/presentation\">Lyc\u00e9e professionnel SAINT-VINCENT-de-PAUL<\/a><br \/>\n25 rue Ren\u00e9 CASSIN<br \/>\n64000 PAU<\/td>\n<\/tr>\n<tr>\n<td width=\"498\"><strong>Les centres de formation des apprentis<\/strong><\/td>\n<\/tr>\n<tr>\n<td><a href=\"http:\/\/www.cfa-saint-cricq.org\/\">CFA SAINT-CRICQ<\/a><br \/>\n4 bis avenue des ETATS-UNIS<br \/>\n64015 PAU<\/td>\n<\/tr>\n<tr>\n<td><u><a href=\"http:\/\/www.cfa.agglo-bab.fr\/portail\/1205\/?\">CFA DE LA VILLE DE BAYONNE<br \/>\n<\/a><\/u>Place Paul BERT<br \/>\n64100 BAYONNE<\/td>\n<\/tr>\n<\/tbody>\n<\/table>\n<p>&nbsp;<\/p>\n<table width=\"502\">\n<tbody>\n<tr>\n<td>\n<h6><span style=\"color: #ff6600\"><strong>=&gt;LES LANDES<\/strong><\/span><\/h6>\n<\/td>\n<\/tr>\n<tr>\n<td><strong>Les \u00e9tablissements publics<\/strong><\/td>\n<\/tr>\n<tr>\n<td><a href=\"http:\/\/webetab.ac-bordeaux.fr\/Etablissement\/LPJArcetAireSurAdour\/index.html\">Lyc\u00e9e Professionnel Jean d\u2019ARCET<\/a><br \/>\n1 place Sainte QUITTERIE<br \/>\n40801 AIRE sur l\u2019ADOUR Cedex<\/td>\n<\/tr>\n<tr>\n<td><a href=\"http:\/\/www.lpr-darmante-capbreton.fr\/\">Lyc\u00e9e professionnel Louis DARMANTE<\/a><br \/>\n23 rue Jean-Baptiste GABARRA<br \/>\n40130 CAPBRETON<\/td>\n<\/tr>\n<tr>\n<td><strong>Les centres de formation des apprentis<\/strong><\/td>\n<\/tr>\n<tr>\n<td><a href=\"http:\/\/www.cfa-hotellerie-dax.org\/\">CFA de l\u2019h\u00f4tellerie BORDA<\/a><br \/>\n23 rue du Sablar<br \/>\n40100 DAX<\/td>\n<\/tr>\n<\/tbody>\n<\/table>\n<p>&nbsp;<\/p>\n<table width=\"503\">\n<tbody>\n<tr>\n<td>\n<h6><span style=\"color: #ff6600\"><strong>=&gt;LE LOT ET GARONNE<\/strong><\/span><\/h6>\n<\/td>\n<\/tr>\n<tr>\n<td><strong>Les \u00e9tablissements publics<\/strong><\/td>\n<\/tr>\n<tr>\n<td><a href=\"http:\/\/www.lycee-jderomas.com\/\">Lyc\u00e9e professionnel Jacques de ROMAS<\/a><br \/>\nRoute de M\u00e9zin<br \/>\n47600 NERAC<\/td>\n<\/tr>\n<tr>\n<td><strong>Les centres de formation des apprentis<\/strong><\/td>\n<\/tr>\n<tr>\n<td><a href=\"http:\/\/www.cm-agen.fr\/\">CFA de la chambre des m\u00e9tiers<\/a><br \/>\n2 impasse MORERE<br \/>\n47000 AGEN<\/td>\n<\/tr>\n<\/tbody>\n<\/table>\n<h4><\/h4>\n<table width=\"502\">\n<tbody>\n<tr>\n<td>\n<h6><span style=\"color: #ff6600\"><strong>=&gt;LA DORDOGNE<\/strong><\/span><\/h6>\n<\/td>\n<\/tr>\n<tr>\n<td><strong>Les \u00e9tablissements publics<\/strong><\/td>\n<\/tr>\n<tr>\n<td><a href=\"https:\/\/www.lp-jean-capelle-bergerac.eu\/\">Lyc\u00e9e Professionnel Jean CAPELLE<\/a><br \/>\nAvenue du Mar\u00e9chal LECLERC<br \/>\n24108 BERGERAC Cedex<\/td>\n<\/tr>\n<tr>\n<td><a href=\"http:\/\/webetab.ac-bordeaux.fr\/Etablissement\/LPreDeCordySarlat\/\">Lyc\u00e9e Professionnel PRE de CORDY<\/a><br \/>\nAvenue de la Dordogne<br \/>\n24200 SARLAT LA CADENA<\/td>\n<\/tr>\n<tr>\n<td><strong>Les centres de formations des apprentis<\/strong><\/td>\n<\/tr>\n<tr>\n<td><a href=\"http:\/\/www.cfa-bergeracois.com\/\">CFA DU GRAND BERGERACOIS<\/a><\/p>\n<p>109 rue du docteur ROUX<br \/>\n24100 BERGERAC<\/td>\n<\/tr>\n<tr>\n<td><a href=\"http:\/\/www.ecole-hoteliere-du-perigord.com\/site\/index.asp\">Ecole H\u00f4teliere du PERIGORD<\/a><br \/>\nCFA CCI BOULAZAC<br \/>\nAvenue Henri DELUC<br \/>\n24750 BOULAZAC<\/td>\n<\/tr>\n<\/tbody>\n<\/table>\n<p>&nbsp;<\/p>\n<table width=\"501\">\n<tbody>\n<tr>\n<td>\n<h6><span style=\"color: #ff6600\"><strong>=&gt;LA GIRONDE<\/strong><\/span><\/h6>\n<\/td>\n<\/tr>\n<tr>\n<td><strong>Les \u00e9tablissements publics<\/strong><\/td>\n<\/tr>\n<tr>\n<td><a href=\"http:\/\/www.lyceedegascogne.com\/\">Lyc\u00e9e d\u2019h\u00f4tellerie et de tourisme de Gascogne<\/a><br \/>\n<em>section d\u2019enseignement professionnel<\/em><br \/>\n15 rue Fran\u00e7ois RABELAIS<br \/>\n33402 TALENCE<\/td>\n<\/tr>\n<tr>\n<td><a href=\"http:\/\/www.j-monnet.net\/rect\/\">Lyc\u00e9e professionnel industriel et h\u00f4telier Jean MONNET<\/a><br \/>\n40 avenue Henri BULLE<br \/>\n33506 LIBOURNE Cedex<\/td>\n<\/tr>\n<tr>\n<td><a href=\"http:\/\/www.lycee-condorcet-arcachon.fr\/\">Lyc\u00e9e Condorcet<\/a><br \/>\n1 avenue Roland DORGELES<br \/>\n33120 ARCACHON<\/td>\n<\/tr>\n<tr>\n<td><a href=\"http:\/\/www.lp-flora-tristan.net\/\">Lyc\u00e9e professionnel Flora TRISTAN<\/a><br \/>\nDomaine de la Chausse<br \/>\n33160 CAMBLANES-et-MEYNAC<\/td>\n<\/tr>\n<tr>\n<td><a href=\"http:\/\/webetab.ac-bordeaux.fr\/Etablissement\/Lp_Estuaire_Blaye\/\">Lyc\u00e9e professionnel de l\u2019Estuaire<\/a><br \/>\n41 rue Jauffre RUDEL<br \/>\n33390 BLAYE<\/td>\n<\/tr>\n<tr>\n<td><strong>Le lyc\u00e9e priv\u00e9 sous contrat<\/strong><\/td>\n<\/tr>\n<tr>\n<td><a href=\"http:\/\/www.lycee-saintmichel33.com\/\">Lyc\u00e9e professionnel SAINT-MICHEL<\/a><br \/>\n20 avenue du G\u00e9n\u00e9ral de GAULLE<br \/>\n33290 BLANQUEFORT Cedex<\/td>\n<\/tr>\n<tr>\n<td><strong>Les centres de formation des apprentis<\/strong><\/td>\n<\/tr>\n<tr>\n<td><a href=\"https:\/\/www.agglo-cobas.fr\/bassin-formation\/centre-de-formation-d-apprentis\/\">CFA COBAS<\/a><br \/>\n6 rue Aim\u00e9 BOURDIER<br \/>\n33120 ARCACHON<\/td>\n<\/tr>\n<tr>\n<td><a href=\"http:\/\/www.formation-bordeaux-libourne.com\/\">CFA ICFA S. BRANDY<\/a><br \/>\n50-52 rue Jospeh FAURE<br \/>\n33100 BORDEAUX<\/td>\n<\/tr>\n<\/tbody>\n<\/table>\n<p>&nbsp;<\/p>\n<p>&nbsp;<\/p>\n<p>&nbsp;<\/p>\n","protected":false},"excerpt":{"rendered":"<p>Pyr\u00e9n\u00e9es-Atlantiques Landes Lot-et-Garonne Dordogne Gironde =&gt;LES PYR\u00c9N\u00c9ES ATLANTIQUES Les \u00e9tablissements publics Lyc\u00e9e des m\u00e9tiers de l\u2019h\u00f4tellerie et de tourisme section<\/p>\n","protected":false},"author":166,"featured_media":0,"parent":59,"menu_order":0,"comment_status":"closed","ping_status":"closed","template":"","meta":{"footnotes":""},"class_list":["post-67","page","type-page","status-publish","hentry"],"_links":{"self":[{"href":"https:\/\/ent2d.ac-bordeaux.fr\/disciplines\/hotellerie\/wp-json\/wp\/v2\/pages\/67","targetHints":{"allow":["GET"]}}],"collection":[{"href":"https:\/\/ent2d.ac-bordeaux.fr\/disciplines\/hotellerie\/wp-json\/wp\/v2\/pages"}],"about":[{"href":"https:\/\/ent2d.ac-bordeaux.fr\/disciplines\/hotellerie\/wp-json\/wp\/v2\/types\/page"}],"author":[{"embeddable":true,"href":"https:\/\/ent2d.ac-bordeaux.fr\/disciplines\/hotellerie\/wp-json\/wp\/v2\/users\/166"}],"replies":[{"embeddable":true,"href":"https:\/\/ent2d.ac-bordeaux.fr\/disciplines\/hotellerie\/wp-json\/wp\/v2\/comments?post=67"}],"version-history":[{"count":17,"href":"https:\/\/ent2d.ac-bordeaux.fr\/disciplines\/hotellerie\/wp-json\/wp\/v2\/pages\/67\/revisions"}],"predecessor-version":[{"id":2097,"href":"https:\/\/ent2d.ac-bordeaux.fr\/disciplines\/hotellerie\/wp-json\/wp\/v2\/pages\/67\/revisions\/2097"}],"up":[{"embeddable":true,"href":"https:\/\/ent2d.ac-bordeaux.fr\/disciplines\/hotellerie\/wp-json\/wp\/v2\/pages\/59"}],"wp:attachment":[{"href":"https:\/\/ent2d.ac-bordeaux.fr\/disciplines\/hotellerie\/wp-json\/wp\/v2\/media?parent=67"}],"curies":[{"name":"wp","href":"https:\/\/api.w.org\/{rel}","templated":true}]}}