{"id":59,"date":"2017-03-24T10:20:45","date_gmt":"2017-03-24T09:20:45","guid":{"rendered":"https:\/\/ent2d.ac-bordeaux.fr\/disciplines\/hotellerie\/?page_id=59"},"modified":"2017-09-04T11:05:42","modified_gmt":"2017-09-04T09:05:42","slug":"la-filiere","status":"publish","type":"page","link":"https:\/\/ent2d.ac-bordeaux.fr\/disciplines\/hotellerie\/la-filiere\/","title":{"rendered":"La Fili\u00e8re"},"content":{"rendered":"<p style=\"text-align: justify\">L&#8217;Aquitaine compte 16 lyc\u00e9es avec des formations en h\u00f4tellerie-restauration et 9 centres de formation d&#8217;apprentis r\u00e9partis sur les 5 d\u00e9partements. L&#8217;offre de formation correspond donc \u00e0 la capacit\u00e9 d&#8217;insertion professionnelle d&#8217;une r\u00e9gion qui dispose d&#8217;une offre importante de restauration, d&#8217;h\u00f4tellerie et de tourisme. Avec pr\u00e8s de 1 000 h\u00f4tels class\u00e9s de tourisme, 10\u00a0000 \u00e9tablissements de restauration (3200 restaurants traditionnels) et 31\u00a0000 salari\u00e9s, la r\u00e9gion se situe, dans ce domaine, au 5\u00e8me rang des r\u00e9gions fran\u00e7aises.<br \/>\nAvec 250 km de c\u00f4tes atlantiques, huit instituts de thalassoth\u00e9rapie, un grand nombre de lacs pour la pratique des sports nautiques, la cha\u00eene des Pyr\u00e9n\u00e9es, un patrimoine culturel riche de souvenirs de la pr\u00e9histoire avec Lascaux, d\u2019abbayes jalonnant la route de Compostelle, de bastides du Moyen \u00c2ge, d\u2019h\u00f4tels du XVIII\u00e8me si\u00e8cle \u00e0 Bordeaux, la r\u00e9gion dispose d\u2019un patrimoine de 2 755 monuments historiques class\u00e9s ou inscrits. Enfin, le vignoble conf\u00e8re \u00e0 l&#8217;Aquitaine sa renomm\u00e9e internationale<\/p>\n<p>le <a href=\"http:\/\/www.fafih.com\/\">Site du Fafih<\/a><\/p>\n<p><a href=\"https:\/\/www.metiers-hotel-resto.fr\/d%C3%A9couvrez-les-m%C3%A9tiers\"><img loading=\"lazy\" decoding=\"async\" class=\"aligncenter  wp-image-2209\" src=\"https:\/\/ent2d.ac-bordeaux.fr\/disciplines\/hotellerie\/wp-content\/uploads\/sites\/46\/2017\/03\/Capture-d\u2019e\u0301cran-2017-09-04-a\u0300-11.04.23.png\" alt=\"\" width=\"678\" height=\"334\" srcset=\"https:\/\/ent2d.ac-bordeaux.fr\/disciplines\/hotellerie\/wp-content\/uploads\/sites\/46\/2017\/03\/Capture-d\u2019e\u0301cran-2017-09-04-a\u0300-11.04.23.png 1906w, https:\/\/ent2d.ac-bordeaux.fr\/disciplines\/hotellerie\/wp-content\/uploads\/sites\/46\/2017\/03\/Capture-d\u2019e\u0301cran-2017-09-04-a\u0300-11.04.23-300x148.png 300w, https:\/\/ent2d.ac-bordeaux.fr\/disciplines\/hotellerie\/wp-content\/uploads\/sites\/46\/2017\/03\/Capture-d\u2019e\u0301cran-2017-09-04-a\u0300-11.04.23-768x378.png 768w, https:\/\/ent2d.ac-bordeaux.fr\/disciplines\/hotellerie\/wp-content\/uploads\/sites\/46\/2017\/03\/Capture-d\u2019e\u0301cran-2017-09-04-a\u0300-11.04.23-1024x504.png 1024w\" sizes=\"auto, (max-width: 678px) 100vw, 678px\" \/><\/a>=&gt; <a href=\"https:\/\/www.metiers-hotel-resto.fr\/d%C3%A9couvrez-les-m%C3%A9tiers\">D\u00e9couvrez les m\u00e9tiers<\/a><\/p>\n<p>https:\/\/www.metiers-hotel-resto.fr\/d%C3%A9couvrez-les-m%C3%A9tiers<\/p>\n<p><b><span id=\"ctl00_cC_ucResPM_rEO_ctl02_lblSourceText\" class=\"ellipsis_text\" lang=\"1033\">my own <\/span><\/b><b><span id=\"ctl00_cC_ucResPM_rEO_ctl02_lblSourceText\" class=\"ellipsis_text\" lang=\"1033\"><span class=\"sel\">development<\/span>&#8230;<\/span><\/b><b><i><span id=\"ctl00_cC_ucResPM_rEO_ctl02_lblSourceText\" class=\"ellipsis_text\" lang=\"1033\"><br \/>\n<\/span>Une fili\u00e8re porteuse de rencontres, de bien-\u00eatre et de belles r\u00e9ussites&#8230;<\/i><\/b><br \/>\n<i><span style=\"color: #ff00ff\">Une classe de bac pro CSR* Lyc\u00e9e H\u00f4telier\u00a0de Talence <\/span>(professeur de service te commercialisation Didier JEANJEAN)<\/i><\/p>\n<p><iframe loading=\"lazy\" src=\"https:\/\/player.vimeo.com\/video\/93353220\" width=\"800\" height=\"450\" frameborder=\"0\" title=\"BAC PRO CSR Commercialisation &amp; Services en Restauration\" webkitallowfullscreen mozallowfullscreen allowfullscreen><\/iframe><\/p>\n<p><b><i><\/i><\/b><i><br \/>\n<b>Qualified &amp; Happy&#8230;<\/b><b><br \/>\nUne fili\u00e8re qui assure un parcours de professionnalisation privil\u00e9giant \u00e9panouissement personnel &amp; professionnel<\/b><\/i><\/p>\n<p><i><span style=\"color: #ff00ff\">Une classe de bac pro CSR* LP de l&#8217;Estuaire BLAYE <\/span>(professeur de service et commercialisation Marc FREZOULS)<\/i><\/p>\n<p><iframe loading=\"lazy\" src=\"https:\/\/player.vimeo.com\/video\/93007625\" width=\"640\" height=\"384\" frameborder=\"0\" title=\"Bac Pro CSR Commercialisation &amp; Services en Restauration\" webkitallowfullscreen mozallowfullscreen allowfullscreen><\/iframe><\/p>\n","protected":false},"excerpt":{"rendered":"<p>L&#8217;Aquitaine compte 16 lyc\u00e9es avec des formations en h\u00f4tellerie-restauration et 9 centres de formation d&#8217;apprentis r\u00e9partis sur les 5 d\u00e9partements.<\/p>\n","protected":false},"author":166,"featured_media":0,"parent":0,"menu_order":0,"comment_status":"closed","ping_status":"closed","template":"","meta":{"footnotes":""},"class_list":["post-59","page","type-page","status-publish","hentry"],"_links":{"self":[{"href":"https:\/\/ent2d.ac-bordeaux.fr\/disciplines\/hotellerie\/wp-json\/wp\/v2\/pages\/59","targetHints":{"allow":["GET"]}}],"collection":[{"href":"https:\/\/ent2d.ac-bordeaux.fr\/disciplines\/hotellerie\/wp-json\/wp\/v2\/pages"}],"about":[{"href":"https:\/\/ent2d.ac-bordeaux.fr\/disciplines\/hotellerie\/wp-json\/wp\/v2\/types\/page"}],"author":[{"embeddable":true,"href":"https:\/\/ent2d.ac-bordeaux.fr\/disciplines\/hotellerie\/wp-json\/wp\/v2\/users\/166"}],"replies":[{"embeddable":true,"href":"https:\/\/ent2d.ac-bordeaux.fr\/disciplines\/hotellerie\/wp-json\/wp\/v2\/comments?post=59"}],"version-history":[{"count":12,"href":"https:\/\/ent2d.ac-bordeaux.fr\/disciplines\/hotellerie\/wp-json\/wp\/v2\/pages\/59\/revisions"}],"predecessor-version":[{"id":2210,"href":"https:\/\/ent2d.ac-bordeaux.fr\/disciplines\/hotellerie\/wp-json\/wp\/v2\/pages\/59\/revisions\/2210"}],"wp:attachment":[{"href":"https:\/\/ent2d.ac-bordeaux.fr\/disciplines\/hotellerie\/wp-json\/wp\/v2\/media?parent=59"}],"curies":[{"name":"wp","href":"https:\/\/api.w.org\/{rel}","templated":true}]}}