{"id":34,"date":"2017-07-06T22:01:15","date_gmt":"2017-07-06T20:01:15","guid":{"rendered":"http:\/\/blog1-test.in.ac-bordeaux.fr\/testdisci01\/hotellerie\/?page_id=34"},"modified":"2017-07-15T19:21:33","modified_gmt":"2017-07-15T17:21:33","slug":"partenariats-de-la-filiere-hr","status":"publish","type":"page","link":"https:\/\/ent2d.ac-bordeaux.fr\/disciplines\/hotellerie\/la-filiere\/partenariats-de-la-filiere-hr\/","title":{"rendered":"Partenariats de la Fili\u00e8re HR"},"content":{"rendered":"<h6><strong><img loading=\"lazy\" decoding=\"async\" class=\" wp-image-1919 alignleft\" src=\"https:\/\/ent2d.ac-bordeaux.fr\/disciplines\/hotellerie\/wp-content\/uploads\/sites\/46\/2017\/07\/Capture-d\u2019e\u0301cran-2017-07-11-a\u0300-21.24.42-300x212.png\" alt=\"\" width=\"200\" height=\"141\" srcset=\"https:\/\/ent2d.ac-bordeaux.fr\/disciplines\/hotellerie\/wp-content\/uploads\/sites\/46\/2017\/07\/Capture-d\u2019e\u0301cran-2017-07-11-a\u0300-21.24.42-300x212.png 300w, https:\/\/ent2d.ac-bordeaux.fr\/disciplines\/hotellerie\/wp-content\/uploads\/sites\/46\/2017\/07\/Capture-d\u2019e\u0301cran-2017-07-11-a\u0300-21.24.42-768x542.png 768w, https:\/\/ent2d.ac-bordeaux.fr\/disciplines\/hotellerie\/wp-content\/uploads\/sites\/46\/2017\/07\/Capture-d\u2019e\u0301cran-2017-07-11-a\u0300-21.24.42-1024x723.png 1024w, https:\/\/ent2d.ac-bordeaux.fr\/disciplines\/hotellerie\/wp-content\/uploads\/sites\/46\/2017\/07\/Capture-d\u2019e\u0301cran-2017-07-11-a\u0300-21.24.42.png 1034w\" sizes=\"auto, (max-width: 200px) 100vw, 200px\" \/><span style=\"color: #ff6600\">\u2666Le partenariat avec les Vignerons Champenois<\/span><\/strong><\/h6>\n<ul>\n<li><a href=\"https:\/\/ent2d.ac-bordeaux.fr\/disciplines\/hotellerie\/wp-content\/uploads\/sites\/46\/2017\/07\/Partenariat-Champagnes-de-Vignerons-Enjeu-et-Mode-demploi-2017-2018.pdf\">Partenariat Champagnes de Vignerons-Enjeu et Mode d&#8217;emploi 2017-2018<\/a><\/li>\n<li><a href=\"https:\/\/ent2d.ac-bordeaux.fr\/disciplines\/hotellerie\/wp-content\/uploads\/sites\/46\/2017\/07\/formulaire-inscription-LH-CDV-2017-2018.pptx\">formulaire inscription LH CDV 2017-2018<\/a><\/li>\n<\/ul>\n<p><strong>Notre interlocutrice est Alice Rebillard<\/strong><\/p>\n<p>Tel. +33 (0)1 55 35 81 80<\/p>\n<p><a href=\"mailto:arebillard@painvincompany.com\">arebillard@painvincompany.com<\/a><\/p>\n<p>&nbsp;<\/p>\n<table border=\"0\" cellspacing=\"1\" cellpadding=\"1\" align=\"center\">\n<tbody>\n<tr>\n<td colspan=\"2\"><span style=\"color: #ff6600\"><strong>\u2666Le partenariat ACCOR<\/strong><\/span> est parfaitement implant\u00e9 depuis de nombreuses ann\u00e9es sur le territoire national et dans l&#8217;Acad\u00e9mie de Bordeaux.<br \/>\nNotre interlocutrice est <a href=\"mailto:Marie-Francoise.BECERRO@accor.com\">Marie-Fran\u00e7oise BECERRO<\/a>\u00a0D\u00e9l\u00e9gu\u00e9e R\u00e9gionale Sud-Ouest Direction de l&#8217;Emploi et des Conditions de Travail ACCOR H\u00f4tellerie France.<\/td>\n<td><img loading=\"lazy\" decoding=\"async\" class=\"aligncenter size-full wp-image-80\" src=\"https:\/\/ent2d.ac-bordeaux.fr\/disciplines\/hotellerie\/wp-content\/uploads\/sites\/46\/2017\/03\/accord_jobs.png\" alt=\"\" width=\"176\" height=\"187\" \/><\/td>\n<\/tr>\n<tr>\n<td><img loading=\"lazy\" decoding=\"async\" class=\"\" src=\"https:\/\/ent2d.ac-bordeaux.fr\/disciplines\/hotellerie\/wp-content\/uploads\/sites\/46\/2017\/07\/fleche_rose-55.jpg\" alt=\"\" width=\"16\" height=\"13\" \/><\/td>\n<td><a href=\"https:\/\/ent2d.ac-bordeaux.fr\/disciplines\/hotellerie\/wp-content\/uploads\/sites\/46\/2017\/07\/1Emploi20pour20demain20-20Annonces20emploi-5.pdf\">1Emploi pour demain &#8211; Annonces emploi<\/a><\/td>\n<td rowspan=\"5\">Retrouvez les annonces d&#8217;emplois du Groupe ACCOR<br \/>\n<a href=\"https:\/\/jobs.accor.com\/Home.aspx\">Jobs.accor.com<\/a><\/td>\n<\/tr>\n<tr>\n<td><img loading=\"lazy\" decoding=\"async\" class=\"\" src=\"https:\/\/ent2d.ac-bordeaux.fr\/disciplines\/hotellerie\/wp-content\/uploads\/sites\/46\/2017\/07\/fleche_rose-55.jpg\" alt=\"\" width=\"16\" height=\"13\" \/><\/td>\n<td><a href=\"https:\/\/ent2d.ac-bordeaux.fr\/disciplines\/hotellerie\/wp-content\/uploads\/sites\/46\/2017\/07\/1Emploi20pour20demain20-20Calendrier20C3A9tapes-5.pdf\">1Emploi pour demain &#8211; Calendrier \u00e9tapes<\/a><\/td>\n<\/tr>\n<tr>\n<td><img loading=\"lazy\" decoding=\"async\" class=\"\" src=\"https:\/\/ent2d.ac-bordeaux.fr\/disciplines\/hotellerie\/wp-content\/uploads\/sites\/46\/2017\/07\/fleche_rose-55.jpg\" alt=\"\" width=\"16\" height=\"13\" \/><\/td>\n<td><a href=\"https:\/\/ent2d.ac-bordeaux.fr\/disciplines\/hotellerie\/wp-content\/uploads\/sites\/46\/2017\/07\/1Emploi20pour20demain20-20Fiche20apprC3A9ciation20candidat-5.pdf\">1Emploi pour demain &#8211; Fiche appr\u00e9ciation candidat<\/a><\/td>\n<\/tr>\n<tr>\n<td><img loading=\"lazy\" decoding=\"async\" class=\"\" src=\"https:\/\/ent2d.ac-bordeaux.fr\/disciplines\/hotellerie\/wp-content\/uploads\/sites\/46\/2017\/07\/fleche_rose-55.jpg\" alt=\"\" width=\"16\" height=\"13\" \/><\/td>\n<td><a href=\"https:\/\/ent2d.ac-bordeaux.fr\/disciplines\/hotellerie\/wp-content\/uploads\/sites\/46\/2017\/07\/1Emploi20pour20demain20-20fiche20apprC3A9ciation20professionnels-5.pdf\">1Emploi pour demain &#8211; fiche appr\u00e9ciation professionnels<\/a><\/td>\n<\/tr>\n<tr>\n<td><img loading=\"lazy\" decoding=\"async\" class=\"\" src=\"https:\/\/ent2d.ac-bordeaux.fr\/disciplines\/hotellerie\/wp-content\/uploads\/sites\/46\/2017\/07\/fleche_rose-55.jpg\" alt=\"\" width=\"16\" height=\"13\" \/><\/td>\n<td><a href=\"https:\/\/ent2d.ac-bordeaux.fr\/disciplines\/hotellerie\/wp-content\/uploads\/sites\/46\/2017\/07\/1Emploi20pour20demain20-20Grille20C3A9valuation20entretien20JM-5.pdf\">1Emploi pour demain &#8211; Grille \u00e9valuation entretien JM<\/a><\/td>\n<\/tr>\n<\/tbody>\n<\/table>\n<p>&nbsp;<\/p>\n<table border=\"0\" cellspacing=\"1\" cellpadding=\"1\" align=\"center\">\n<tbody>\n<tr>\n<td colspan=\"2\">Le partenariat avec le CIVB est \u00e9galement profond\u00e9ment implant\u00e9 dans les racines de notre acad\u00e9mie<\/p>\n<p>Conseil Interprofessionnel<br \/>\ndu Vin de Bordeaux (CIVB)<\/p>\n<p>1, Cours du XXX juillet<br \/>\n33075 Bordeaux Cedex<br \/>\nFRANCE<br \/>\nTel.: +33 (0)5 56 00 22 66<\/td>\n<td><img loading=\"lazy\" decoding=\"async\" class=\"aligncenter size-full wp-image-1594\" src=\"https:\/\/ent2d.ac-bordeaux.fr\/disciplines\/hotellerie\/wp-content\/uploads\/sites\/46\/2014\/07\/te\u0301le\u0301chargement.png\" alt=\"\" width=\"212\" height=\"144\" \/><\/td>\n<\/tr>\n<tr>\n<td><img loading=\"lazy\" decoding=\"async\" class=\"\" src=\"https:\/\/ent2d.ac-bordeaux.fr\/disciplines\/hotellerie\/wp-content\/uploads\/sites\/46\/2017\/07\/fleche_rose-55.jpg\" alt=\"\" width=\"16\" height=\"13\" \/><\/td>\n<td><a href=\"https:\/\/ent2d.ac-bordeaux.fr\/disciplines\/hotellerie\/wp-content\/uploads\/sites\/46\/2017\/07\/dossier20de20presseBFV-1.3.2012-5.pdf\">Dossier de presse Bordeaux F\u00eate le vin<\/a><\/td>\n<td><\/td>\n<\/tr>\n<tr>\n<td><img loading=\"lazy\" decoding=\"async\" class=\"\" src=\"https:\/\/ent2d.ac-bordeaux.fr\/disciplines\/hotellerie\/wp-content\/uploads\/sites\/46\/2017\/07\/fleche_rose-55.jpg\" alt=\"\" width=\"16\" height=\"13\" \/><\/td>\n<td><a href=\"https:\/\/ent2d.ac-bordeaux.fr\/disciplines\/hotellerie\/wp-content\/uploads\/sites\/46\/2017\/07\/5.20Blancs20secs20081020FR-5.pdf\">Les blancs secs<\/a><\/td>\n<td><\/td>\n<\/tr>\n<tr>\n<td><img loading=\"lazy\" decoding=\"async\" class=\"\" src=\"https:\/\/ent2d.ac-bordeaux.fr\/disciplines\/hotellerie\/wp-content\/uploads\/sites\/46\/2017\/07\/fleche_rose-55.jpg\" alt=\"\" width=\"16\" height=\"13\" \/><\/td>\n<td><a href=\"https:\/\/ent2d.ac-bordeaux.fr\/disciplines\/hotellerie\/wp-content\/uploads\/sites\/46\/2017\/07\/6.20SWEET20BORDEAUX2020FR200810-5.pdf\">Les Sweet Bordeaux<\/a><\/td>\n<td><\/td>\n<\/tr>\n<tr>\n<td><img loading=\"lazy\" decoding=\"async\" class=\"\" src=\"https:\/\/ent2d.ac-bordeaux.fr\/disciplines\/hotellerie\/wp-content\/uploads\/sites\/46\/2017\/07\/fleche_rose-55.jpg\" alt=\"\" width=\"16\" height=\"13\" \/><\/td>\n<td><a href=\"https:\/\/ent2d.ac-bordeaux.fr\/disciplines\/hotellerie\/wp-content\/uploads\/sites\/46\/2017\/07\/9.20Les20Rouges-5.pdf\">Les rouges<\/a><\/td>\n<td><\/td>\n<\/tr>\n<tr>\n<td><img loading=\"lazy\" decoding=\"async\" class=\"\" src=\"https:\/\/ent2d.ac-bordeaux.fr\/disciplines\/hotellerie\/wp-content\/uploads\/sites\/46\/2017\/07\/fleche_rose-55.jpg\" alt=\"\" width=\"16\" height=\"13\" \/><\/td>\n<td><a href=\"https:\/\/ent2d.ac-bordeaux.fr\/disciplines\/hotellerie\/wp-content\/uploads\/sites\/46\/2017\/07\/8.20CC394TES20FR200810-5.pdf\">Les C\u00f4tes de Bordeaux<\/a><\/td>\n<td><\/td>\n<\/tr>\n<tr>\n<td><img loading=\"lazy\" decoding=\"async\" class=\"\" src=\"https:\/\/ent2d.ac-bordeaux.fr\/disciplines\/hotellerie\/wp-content\/uploads\/sites\/46\/2017\/07\/fleche_rose-55.jpg\" alt=\"\" width=\"16\" height=\"13\" \/><\/td>\n<td><a href=\"https:\/\/ent2d.ac-bordeaux.fr\/disciplines\/hotellerie\/wp-content\/uploads\/sites\/46\/2017\/07\/Classement-des-Vins-de-Saint-Emilion-Dossier-de-Presse-2012-et-annexes-5.pdf\">Classement Saint-Emilion 2012<\/a><\/td>\n<td><\/td>\n<\/tr>\n<tr>\n<td><img loading=\"lazy\" decoding=\"async\" class=\"\" src=\"https:\/\/ent2d.ac-bordeaux.fr\/disciplines\/hotellerie\/wp-content\/uploads\/sites\/46\/2017\/07\/fleche_rose-55.jpg\" alt=\"\" width=\"16\" height=\"13\" \/><\/td>\n<td><a href=\"https:\/\/ent2d.ac-bordeaux.fr\/disciplines\/hotellerie\/wp-content\/uploads\/sites\/46\/2017\/07\/ClassGuide_aout2010-5.pdf\">CLASS-GUIDE 2010<\/a><\/td>\n<td><\/td>\n<\/tr>\n<tr>\n<td><img loading=\"lazy\" decoding=\"async\" class=\"\" src=\"https:\/\/ent2d.ac-bordeaux.fr\/disciplines\/hotellerie\/wp-content\/uploads\/sites\/46\/2017\/07\/fleche_rose-55.jpg\" alt=\"\" width=\"16\" height=\"13\" \/><\/td>\n<td><a href=\"https:\/\/ent2d.ac-bordeaux.fr\/disciplines\/hotellerie\/wp-content\/uploads\/sites\/46\/2017\/07\/fiche_de_demande_de_dotation_2011-5.doc\">Demande de Dotation mallette p\u00e9dagogique CIVB\/Ac-Bordeaux <\/a><\/td>\n<td><\/td>\n<\/tr>\n<tr>\n<td><img loading=\"lazy\" decoding=\"async\" class=\"\" src=\"https:\/\/ent2d.ac-bordeaux.fr\/disciplines\/hotellerie\/wp-content\/uploads\/sites\/46\/2017\/07\/fleche_rose-55.jpg\" alt=\"\" width=\"16\" height=\"13\" \/><\/td>\n<td><a href=\"https:\/\/ent2d.ac-bordeaux.fr\/disciplines\/hotellerie\/wp-content\/uploads\/sites\/46\/2017\/07\/Notice-explicative-5.pdf\">Notice explicative Malette CIVB<\/a><\/td>\n<td><\/td>\n<\/tr>\n<tr>\n<td><img loading=\"lazy\" decoding=\"async\" class=\"\" src=\"https:\/\/ent2d.ac-bordeaux.fr\/disciplines\/hotellerie\/wp-content\/uploads\/sites\/46\/2017\/07\/fleche_rose-55.jpg\" alt=\"\" width=\"16\" height=\"13\" \/><\/td>\n<td><a href=\"\/ecogestion\/hotellerie\/uploads\/rubriques\/89\/file\/Fiche retour utilisation mallette p\u00e9dagogique Bordeaux.doc\"><\/a><a href=\"https:\/\/ent2d.ac-bordeaux.fr\/disciplines\/hotellerie\/wp-content\/uploads\/sites\/46\/2017\/07\/Fiche-retour-utilisation-mallette-pe\u0301dagogique-Bordeaux.doc\">Fiche retour utilisation mallette pe\u0301dagogique Bordeaux<\/a><\/td>\n<td><\/td>\n<\/tr>\n<\/tbody>\n<\/table>\n<p>&nbsp;<\/p>\n<table border=\"0\" cellspacing=\"1\" cellpadding=\"1\" align=\"center\">\n<tbody>\n<tr>\n<td colspan=\"2\">Le partenariat avec le comit\u00e9 de pilotage de <strong>l\u2019Institut des Vins de Porto<\/strong> et le minist\u00e8re de l\u2019\u00e9ducation nationale s\u2019enrichit chaque ann\u00e9e de nouvelles initiatives p\u00e9dagogiques.<\/p>\n<p>Si vous souhaitez profiter \u00e9galement de la mallette p\u00e9dagogique tr\u00e8s riche de l\u2019IDVP et proposer \u00e0 votre tour des animations innovantes autour des accords mets r\u00e9gionaux &amp; vins de Porto impliquant une large \u00e9quipe p\u00e9dagogique, compl\u00e9tez la fiche d\u2019appel \u00e0 projet jointe.<br \/>\nNotre relai : l&#8217;Agence Pain, Vin &amp; Compagny<br \/>\n<a href=\"mailto:pvanoli@painvincompany.com\">pvanoli@painvincompany.com <\/a><\/p>\n<p>&nbsp;<\/p>\n<p>J. MUZARD<\/p>\n<p>IEN \u00e9conomie gestion<\/td>\n<td><img decoding=\"async\" src=\"https:\/\/ent2d.ac-bordeaux.fr\/disciplines\/hotellerie\/wp-content\/uploads\/sites\/46\/2017\/07\/IDVP-5.jpg\" alt=\"\" height=\"121\" \/><\/td>\n<\/tr>\n<tr>\n<td><img loading=\"lazy\" decoding=\"async\" class=\"\" src=\"https:\/\/ent2d.ac-bordeaux.fr\/disciplines\/hotellerie\/wp-content\/uploads\/sites\/46\/2017\/07\/fleche_rose-55.jpg\" alt=\"\" width=\"16\" height=\"13\" \/><\/td>\n<td><a href=\"https:\/\/ent2d.ac-bordeaux.fr\/disciplines\/hotellerie\/wp-content\/uploads\/sites\/46\/2017\/07\/Fiche_de_demande_de_dotation_2011.pdf\">Fiche d&#8217;appel \u00e0 candidature<\/a><\/td>\n<td rowspan=\"5\"><\/td>\n<\/tr>\n<tr>\n<td><img loading=\"lazy\" decoding=\"async\" class=\"\" src=\"https:\/\/ent2d.ac-bordeaux.fr\/disciplines\/hotellerie\/wp-content\/uploads\/sites\/46\/2017\/07\/fleche_rose-55.jpg\" alt=\"\" width=\"16\" height=\"13\" \/><\/td>\n<td><a href=\"https:\/\/ent2d.ac-bordeaux.fr\/disciplines\/hotellerie\/wp-content\/uploads\/sites\/46\/2017\/07\/Accords_mets_2010_3-2.pdf\">accords mets<\/a><\/td>\n<\/tr>\n<tr>\n<td><img loading=\"lazy\" decoding=\"async\" class=\"\" src=\"https:\/\/ent2d.ac-bordeaux.fr\/disciplines\/hotellerie\/wp-content\/uploads\/sites\/46\/2017\/07\/fleche_rose-55.jpg\" alt=\"\" width=\"16\" height=\"13\" \/><\/td>\n<td><a href=\"https:\/\/ent2d.ac-bordeaux.fr\/disciplines\/hotellerie\/wp-content\/uploads\/sites\/46\/2017\/07\/IVDP_kit_p_dagogique-5.pdf\">Kit p\u00e9dagogique IDVP<\/a><\/td>\n<\/tr>\n<tr>\n<td><img loading=\"lazy\" decoding=\"async\" class=\"\" src=\"https:\/\/ent2d.ac-bordeaux.fr\/disciplines\/hotellerie\/wp-content\/uploads\/sites\/46\/2017\/07\/fleche_rose-55.jpg\" alt=\"\" width=\"16\" height=\"13\" \/><\/td>\n<td><a href=\"https:\/\/ent2d.ac-bordeaux.fr\/disciplines\/hotellerie\/wp-content\/uploads\/sites\/46\/2017\/07\/IVDP_Vendre_et_servir_un_Porto-5.pdf\">IDVP vendre et servir un porto<\/a><\/td>\n<\/tr>\n<tr>\n<td><img loading=\"lazy\" decoding=\"async\" class=\"\" src=\"https:\/\/ent2d.ac-bordeaux.fr\/disciplines\/hotellerie\/wp-content\/uploads\/sites\/46\/2017\/07\/fleche_rose-55.jpg\" alt=\"\" width=\"16\" height=\"13\" \/><\/td>\n<td><a href=\"https:\/\/ent2d.ac-bordeaux.fr\/disciplines\/hotellerie\/wp-content\/uploads\/sites\/46\/2017\/07\/IVDP_Fiche_valuation-5.pdf\">fiche \u00e9valuation<\/a><\/td>\n<\/tr>\n<\/tbody>\n<\/table>\n","protected":false},"excerpt":{"rendered":"<p>\u2666Le partenariat avec les Vignerons Champenois Partenariat Champagnes de Vignerons-Enjeu et Mode d&#8217;emploi 2017-2018 formulaire inscription LH CDV 2017-2018 Notre<\/p>\n","protected":false},"author":166,"featured_media":0,"parent":59,"menu_order":0,"comment_status":"closed","ping_status":"closed","template":"","meta":{"footnotes":""},"class_list":["post-34","page","type-page","status-publish","hentry"],"_links":{"self":[{"href":"https:\/\/ent2d.ac-bordeaux.fr\/disciplines\/hotellerie\/wp-json\/wp\/v2\/pages\/34","targetHints":{"allow":["GET"]}}],"collection":[{"href":"https:\/\/ent2d.ac-bordeaux.fr\/disciplines\/hotellerie\/wp-json\/wp\/v2\/pages"}],"about":[{"href":"https:\/\/ent2d.ac-bordeaux.fr\/disciplines\/hotellerie\/wp-json\/wp\/v2\/types\/page"}],"author":[{"embeddable":true,"href":"https:\/\/ent2d.ac-bordeaux.fr\/disciplines\/hotellerie\/wp-json\/wp\/v2\/users\/166"}],"replies":[{"embeddable":true,"href":"https:\/\/ent2d.ac-bordeaux.fr\/disciplines\/hotellerie\/wp-json\/wp\/v2\/comments?post=34"}],"version-history":[{"count":8,"href":"https:\/\/ent2d.ac-bordeaux.fr\/disciplines\/hotellerie\/wp-json\/wp\/v2\/pages\/34\/revisions"}],"predecessor-version":[{"id":2110,"href":"https:\/\/ent2d.ac-bordeaux.fr\/disciplines\/hotellerie\/wp-json\/wp\/v2\/pages\/34\/revisions\/2110"}],"up":[{"embeddable":true,"href":"https:\/\/ent2d.ac-bordeaux.fr\/disciplines\/hotellerie\/wp-json\/wp\/v2\/pages\/59"}],"wp:attachment":[{"href":"https:\/\/ent2d.ac-bordeaux.fr\/disciplines\/hotellerie\/wp-json\/wp\/v2\/media?parent=34"}],"curies":[{"name":"wp","href":"https:\/\/api.w.org\/{rel}","templated":true}]}}