{"id":4310,"date":"2025-09-11T16:39:42","date_gmt":"2025-09-11T14:39:42","guid":{"rendered":"https:\/\/ent2d.ac-bordeaux.fr\/disciplines\/histoire-geographie\/?page_id=4310"},"modified":"2025-09-11T16:44:48","modified_gmt":"2025-09-11T14:44:48","slug":"liste-de-diffusion-alienor","status":"publish","type":"page","link":"https:\/\/ent2d.ac-bordeaux.fr\/disciplines\/histoire-geographie\/liste-de-diffusion-alienor\/","title":{"rendered":"Liste de diffusion Ali\u00e9nor"},"content":{"rendered":"<h3><strong>Ali\u00e9nor : la liste des professeurs d&rsquo;Histoire-G\u00e9ographie<\/strong><\/h3>\n<p>Ali\u00e9nor est <strong>la liste de diffusion institutionnelle d&rsquo;Histoire-G\u00e9ographie de l&rsquo;Acad\u00e9mie de Bordeaux<\/strong>. L&rsquo;acc\u00e8s \u00e0 la liste est <strong>r\u00e9serv\u00e9 aux abonn\u00e9.e.s<\/strong>. Les archives sont priv\u00e9es et ne sont consultables que par les abonn\u00e9.e.s et les messages sont mod\u00e9r\u00e9s.<\/p>\n<p>Cette liste est <strong>destin\u00e9e aux coll\u00e8gues d&rsquo;Histoire-G\u00e9ographie<\/strong> afin d&rsquo;\u00eatre inform\u00e9.e.s des nouveaut\u00e9s du B.O.E.N., des r\u00e9unions et formations li\u00e9s \u00e0 la discipline.<\/p>\n<p><strong>Pour s&rsquo;abonner \u00e0 la liste de diffusion acad\u00e9mique : cliquer sur le lien ci-dessous et indiquer son courriel acad\u00e9mique (@ac-bordeaux).\u00a0<\/strong><\/p>\n<p><a href=\"https:\/\/listes.ac-bordeaux.fr\/sympa\/info\/alienor\" target=\"_blank\" rel=\"noopener\"><strong>https:\/\/listes.ac-bordeaux.fr\/sympa\/info\/alienor<\/strong><\/a><\/p>\n<p><img loading=\"lazy\" decoding=\"async\" class=\"alignnone size-medium wp-image-4311\" src=\"https:\/\/ent2d.ac-bordeaux.fr\/disciplines\/histoire-geographie\/wp-content\/uploads\/sites\/18\/2025\/09\/alienor-abo-243x300.jpg\" alt=\"\" width=\"243\" height=\"300\" srcset=\"https:\/\/ent2d.ac-bordeaux.fr\/disciplines\/histoire-geographie\/wp-content\/uploads\/sites\/18\/2025\/09\/alienor-abo-243x300.jpg 243w, https:\/\/ent2d.ac-bordeaux.fr\/disciplines\/histoire-geographie\/wp-content\/uploads\/sites\/18\/2025\/09\/alienor-abo.jpg 582w\" sizes=\"auto, (max-width: 243px) 100vw, 243px\" \/><\/p>\n<p>&nbsp;<\/p>\n<p>&nbsp;<\/p>\n","protected":false},"excerpt":{"rendered":"<p>Ali\u00e9nor : la liste des professeurs d&rsquo;Histoire-G\u00e9ographie Ali\u00e9nor est la liste de diffusion institutionnelle d&rsquo;Histoire-G\u00e9ographie de l&rsquo;Acad\u00e9mie de Bordeaux. L&rsquo;acc\u00e8s<\/p>\n","protected":false},"author":2890,"featured_media":4312,"parent":0,"menu_order":0,"comment_status":"closed","ping_status":"closed","template":"","meta":{"footnotes":""},"class_list":["post-4310","page","type-page","status-publish","has-post-thumbnail","hentry"],"_links":{"self":[{"href":"https:\/\/ent2d.ac-bordeaux.fr\/disciplines\/histoire-geographie\/wp-json\/wp\/v2\/pages\/4310","targetHints":{"allow":["GET"]}}],"collection":[{"href":"https:\/\/ent2d.ac-bordeaux.fr\/disciplines\/histoire-geographie\/wp-json\/wp\/v2\/pages"}],"about":[{"href":"https:\/\/ent2d.ac-bordeaux.fr\/disciplines\/histoire-geographie\/wp-json\/wp\/v2\/types\/page"}],"author":[{"embeddable":true,"href":"https:\/\/ent2d.ac-bordeaux.fr\/disciplines\/histoire-geographie\/wp-json\/wp\/v2\/users\/2890"}],"replies":[{"embeddable":true,"href":"https:\/\/ent2d.ac-bordeaux.fr\/disciplines\/histoire-geographie\/wp-json\/wp\/v2\/comments?post=4310"}],"version-history":[{"count":2,"href":"https:\/\/ent2d.ac-bordeaux.fr\/disciplines\/histoire-geographie\/wp-json\/wp\/v2\/pages\/4310\/revisions"}],"predecessor-version":[{"id":4315,"href":"https:\/\/ent2d.ac-bordeaux.fr\/disciplines\/histoire-geographie\/wp-json\/wp\/v2\/pages\/4310\/revisions\/4315"}],"wp:featuredmedia":[{"embeddable":true,"href":"https:\/\/ent2d.ac-bordeaux.fr\/disciplines\/histoire-geographie\/wp-json\/wp\/v2\/media\/4312"}],"wp:attachment":[{"href":"https:\/\/ent2d.ac-bordeaux.fr\/disciplines\/histoire-geographie\/wp-json\/wp\/v2\/media?parent=4310"}],"curies":[{"name":"wp","href":"https:\/\/api.w.org\/{rel}","templated":true}]}}