{"id":3409,"date":"2025-02-23T12:06:48","date_gmt":"2025-02-23T11:06:48","guid":{"rendered":"https:\/\/ent2d.ac-bordeaux.fr\/disciplines\/histoire-geographie\/?page_id=3409"},"modified":"2025-03-16T10:17:16","modified_gmt":"2025-03-16T09:17:16","slug":"contribuer","status":"publish","type":"page","link":"https:\/\/ent2d.ac-bordeaux.fr\/disciplines\/histoire-geographie\/contribuer\/","title":{"rendered":"CONTRIBUER"},"content":{"rendered":"<h4><\/h4>\n<p><img loading=\"lazy\" decoding=\"async\" class=\"aligncenter wp-image-3724 size-medium\" src=\"https:\/\/ent2d.ac-bordeaux.fr\/disciplines\/histoire-geographie\/wp-content\/uploads\/sites\/18\/2025\/03\/contribuer-300x300.jpg\" alt=\"\" width=\"300\" height=\"300\" srcset=\"https:\/\/ent2d.ac-bordeaux.fr\/disciplines\/histoire-geographie\/wp-content\/uploads\/sites\/18\/2025\/03\/contribuer-300x300.jpg 300w, https:\/\/ent2d.ac-bordeaux.fr\/disciplines\/histoire-geographie\/wp-content\/uploads\/sites\/18\/2025\/03\/contribuer-150x150.jpg 150w, https:\/\/ent2d.ac-bordeaux.fr\/disciplines\/histoire-geographie\/wp-content\/uploads\/sites\/18\/2025\/03\/contribuer.jpg 612w\" sizes=\"auto, (max-width: 300px) 100vw, 300px\" \/><\/p>\n<h4><strong>Partager et enrichir ses pratiques.<\/strong><\/h4>\n<p>La mutualisation des ressources et de modalit\u00e9s d&rsquo;activit\u00e9 avec les \u00e9l\u00e8ves est un <strong>levier pour enrichir nos pratiques<\/strong>. C&rsquo;est pourquoi nous vous proposons de <strong>contribuer \u00e0 ces \u00e9changes en nous adressant vos productions<\/strong> pour une diffusion sur le site acad\u00e9mique.<\/p>\n<h4><strong>Une d\u00e9marche en quatre \u00e9tapes :<\/strong><\/h4>\n<p><strong>1. T\u00e9l\u00e9charger les gabarits de pr\u00e9sentation des activit\u00e9s :<\/strong><\/p>\n<ul>\n<li><a href=\"https:\/\/ent2d.ac-bordeaux.fr\/disciplines\/histoire-geographie\/wp-content\/uploads\/sites\/18\/2025\/02\/Fiche-de-pre\u0301sentation-de-lactivite\u0301-ge\u0301ne\u0301rale.doc\">gabarit s\u00e9ance g\u00e9n\u00e9rale<\/a><\/li>\n<li><a href=\"https:\/\/ent2d.ac-bordeaux.fr\/disciplines\/histoire-geographie\/wp-content\/uploads\/sites\/18\/2025\/02\/Fiche-de-pre\u0301sentation-de-lactivite\u0301-nume\u0301rique.doc\">gabarit s\u00e9ance sp\u00e9cifique num\u00e9rique<\/a><\/li>\n<li><a href=\"https:\/\/ent2d.ac-bordeaux.fr\/disciplines\/histoire-geographie\/wp-content\/uploads\/sites\/18\/2025\/02\/Fiche-de-pre\u0301sentation-de-lactivite\u0301-parcours-artistique.doc\">gabarit s\u00e9ance parcours artistique<\/a><\/li>\n<\/ul>\n<p><strong>2. Compl\u00e9ter le gabarit<\/strong> et l&rsquo;enregistrer en <strong>nommant le fichier\u00a0 : NIVEAU-THEME-VOTRE NOM<\/strong><\/p>\n<p><strong>3. D\u00e9poser le gabarit <\/strong>compl\u00e9t\u00e9 avec d&rsquo;\u00e9ventuels documents annexes (diaporama,&#8230;) <strong>dans le <a href=\"https:\/\/nuage05.apps.education.fr\/index.php\/s\/sMKE9WtBJeqfxDm\" target=\"_blank\" rel=\"noopener\">serveur d\u00e9di\u00e9<\/a><\/strong>.<\/p>\n<p><strong>4. Adresser un courriel \u00e0 <a href=\"https:\/\/ent2d.ac-bordeaux.fr\/disciplines\/histoire-geographie\/ia-ipr\/\" target=\"_blank\" rel=\"noopener\">l&rsquo;IA-IPR de r\u00e9f\u00e9rence<\/a> <\/strong>pour l&rsquo;informer de votre proposition de contribution.<\/p>\n","protected":false},"excerpt":{"rendered":"<p>Partager et enrichir ses pratiques. La mutualisation des ressources et de modalit\u00e9s d&rsquo;activit\u00e9 avec les \u00e9l\u00e8ves est un levier pour<\/p>\n","protected":false},"author":2887,"featured_media":0,"parent":0,"menu_order":0,"comment_status":"closed","ping_status":"closed","template":"","meta":{"footnotes":""},"class_list":["post-3409","page","type-page","status-publish","hentry"],"_links":{"self":[{"href":"https:\/\/ent2d.ac-bordeaux.fr\/disciplines\/histoire-geographie\/wp-json\/wp\/v2\/pages\/3409","targetHints":{"allow":["GET"]}}],"collection":[{"href":"https:\/\/ent2d.ac-bordeaux.fr\/disciplines\/histoire-geographie\/wp-json\/wp\/v2\/pages"}],"about":[{"href":"https:\/\/ent2d.ac-bordeaux.fr\/disciplines\/histoire-geographie\/wp-json\/wp\/v2\/types\/page"}],"author":[{"embeddable":true,"href":"https:\/\/ent2d.ac-bordeaux.fr\/disciplines\/histoire-geographie\/wp-json\/wp\/v2\/users\/2887"}],"replies":[{"embeddable":true,"href":"https:\/\/ent2d.ac-bordeaux.fr\/disciplines\/histoire-geographie\/wp-json\/wp\/v2\/comments?post=3409"}],"version-history":[{"count":8,"href":"https:\/\/ent2d.ac-bordeaux.fr\/disciplines\/histoire-geographie\/wp-json\/wp\/v2\/pages\/3409\/revisions"}],"predecessor-version":[{"id":3937,"href":"https:\/\/ent2d.ac-bordeaux.fr\/disciplines\/histoire-geographie\/wp-json\/wp\/v2\/pages\/3409\/revisions\/3937"}],"wp:attachment":[{"href":"https:\/\/ent2d.ac-bordeaux.fr\/disciplines\/histoire-geographie\/wp-json\/wp\/v2\/media?parent=3409"}],"curies":[{"name":"wp","href":"https:\/\/api.w.org\/{rel}","templated":true}]}}