{"id":2829,"date":"2021-09-15T12:46:43","date_gmt":"2021-09-15T10:46:43","guid":{"rendered":"https:\/\/ent2d.ac-bordeaux.fr\/disciplines\/histoire-geographie\/wp-content\/uploads\/sites\/18\/2021\/09\/flamme-de-l\u00e9galit\u00e9.png"},"modified":"2021-09-15T12:49:55","modified_gmt":"2021-09-15T10:49:55","slug":"flamme-de-legalite","status":"inherit","type":"attachment","link":"https:\/\/ent2d.ac-bordeaux.fr\/disciplines\/histoire-geographie\/flamme-de-legalite\/","title":{"rendered":"flamme de l&rsquo;\u00e9galit\u00e9"},"author":62,"featured_media":0,"comment_status":"closed","ping_status":"closed","template":"","meta":[],"class_list":["post-2829","attachment","type-attachment","status-inherit","hentry"],"description":{"rendered":"<p class=\"attachment\"><a href='https:\/\/ent2d.ac-bordeaux.fr\/disciplines\/histoire-geographie\/wp-content\/uploads\/sites\/18\/2021\/09\/flamme-de-l\u00e9galit\u00e9.png'><img loading=\"lazy\" decoding=\"async\" width=\"300\" height=\"150\" src=\"https:\/\/ent2d.ac-bordeaux.fr\/disciplines\/histoire-geographie\/wp-content\/uploads\/sites\/18\/2021\/09\/flamme-de-l\u00e9galit\u00e9-300x150.png\" class=\"attachment-medium size-medium\" alt=\"\" srcset=\"https:\/\/ent2d.ac-bordeaux.fr\/disciplines\/histoire-geographie\/wp-content\/uploads\/sites\/18\/2021\/09\/flamme-de-l\u00e9galit\u00e9-300x150.png 300w, https:\/\/ent2d.ac-bordeaux.fr\/disciplines\/histoire-geographie\/wp-content\/uploads\/sites\/18\/2021\/09\/flamme-de-l\u00e9galit\u00e9.png 675w\" sizes=\"auto, (max-width: 300px) 100vw, 300px\" \/><\/a><\/p>\n"},"caption":{"rendered":""},"alt_text":"","media_type":"image","mime_type":"image\/png","media_details":{"width":675,"height":338,"file":"2021\/09\/flamme-de-l\u00e9galit\u00e9.png","sizes":{"medium":{"file":"flamme-de-l\u00e9galit\u00e9-300x150.png","width":300,"height":150,"mime_type":"image\/png","source_url":"https:\/\/ent2d.ac-bordeaux.fr\/disciplines\/histoire-geographie\/wp-content\/uploads\/sites\/18\/2021\/09\/flamme-de-l\u00e9galit\u00e9-300x150.png"},"thumbnail":{"file":"flamme-de-l\u00e9galit\u00e9-150x150.png","width":150,"height":150,"mime_type":"image\/png","source_url":"https:\/\/ent2d.ac-bordeaux.fr\/disciplines\/histoire-geographie\/wp-content\/uploads\/sites\/18\/2021\/09\/flamme-de-l\u00e9galit\u00e9-150x150.png"},"post-thumbnail":{"file":"flamme-de-l\u00e9galit\u00e9-675x198.png","width":675,"height":198,"mime_type":"image\/png","source_url":"https:\/\/ent2d.ac-bordeaux.fr\/disciplines\/histoire-geographie\/wp-content\/uploads\/sites\/18\/2021\/09\/flamme-de-l\u00e9galit\u00e9-675x198.png"},"full":{"file":"flamme-de-l\u00e9galit\u00e9.png","width":675,"height":338,"mime_type":"image\/png","source_url":"https:\/\/ent2d.ac-bordeaux.fr\/disciplines\/histoire-geographie\/wp-content\/uploads\/sites\/18\/2021\/09\/flamme-de-l\u00e9galit\u00e9.png"}},"image_meta":{"aperture":"0","credit":"","camera":"","caption":"","created_timestamp":"0","copyright":"","focal_length":"0","iso":"0","shutter_speed":"0","title":"","orientation":"0","keywords":[]}},"post":null,"source_url":"https:\/\/ent2d.ac-bordeaux.fr\/disciplines\/histoire-geographie\/wp-content\/uploads\/sites\/18\/2021\/09\/flamme-de-l\u00e9galit\u00e9.png","_links":{"self":[{"href":"https:\/\/ent2d.ac-bordeaux.fr\/disciplines\/histoire-geographie\/wp-json\/wp\/v2\/media\/2829","targetHints":{"allow":["GET"]}}],"collection":[{"href":"https:\/\/ent2d.ac-bordeaux.fr\/disciplines\/histoire-geographie\/wp-json\/wp\/v2\/media"}],"about":[{"href":"https:\/\/ent2d.ac-bordeaux.fr\/disciplines\/histoire-geographie\/wp-json\/wp\/v2\/types\/attachment"}],"author":[{"embeddable":true,"href":"https:\/\/ent2d.ac-bordeaux.fr\/disciplines\/histoire-geographie\/wp-json\/wp\/v2\/users\/62"}],"replies":[{"embeddable":true,"href":"https:\/\/ent2d.ac-bordeaux.fr\/disciplines\/histoire-geographie\/wp-json\/wp\/v2\/comments?post=2829"}]}}

https://ent2d.ac-bordeaux.fr/disciplines/histoire-geographie/wp-content/uploads/sites/18/2021/09/flamme-de-légalité.png

flamme de l&rsquo;égalité

<p class="attachment"><a href='https://ent2d.ac-bordeaux.fr/disciplines/histoire-geographie/wp-content/uploads/sites/18/2021/09/flamme-de-légalité.png'><img loading="lazy" decoding="async" width="300" height="150" src="https://ent2d.ac-bordeaux.fr/disciplines/histoire-geographie/wp-content/uploads/sites/18/2021/09/flamme-de-légalité-300x150.png" class="attachment-medium size-medium" alt="" srcset="https://ent2d.ac-bordeaux.fr/disciplines/histoire-geographie/wp-content/uploads/sites/18/2021/09/flamme-de-légalité-300x150.png 300w, https://ent2d.ac-bordeaux.fr/disciplines/histoire-geographie/wp-content/uploads/sites/18/2021/09/flamme-de-légalité.png 675w" sizes="auto, (max-width: 300px) 100vw, 300px" /></a></p>

2021/09/flamme-de-légalité.png

flamme-de-légalité-300x150.png

https://ent2d.ac-bordeaux.fr/disciplines/histoire-geographie/wp-content/uploads/sites/18/2021/09/flamme-de-légalité-300x150.png

flamme-de-légalité-150x150.png

https://ent2d.ac-bordeaux.fr/disciplines/histoire-geographie/wp-content/uploads/sites/18/2021/09/flamme-de-légalité-150x150.png

flamme-de-légalité-675x198.png

https://ent2d.ac-bordeaux.fr/disciplines/histoire-geographie/wp-content/uploads/sites/18/2021/09/flamme-de-légalité-675x198.png

flamme-de-légalité.png
