{"id":1080,"date":"2020-03-25T16:19:09","date_gmt":"2020-03-25T15:19:09","guid":{"rendered":"https:\/\/ent2d.ac-bordeaux.fr\/disciplines\/gestion-administration\/?page_id=1080"},"modified":"2025-07-02T13:02:04","modified_gmt":"2025-07-02T11:02:04","slug":"gatl","status":"publish","type":"page","link":"https:\/\/ent2d.ac-bordeaux.fr\/disciplines\/gestion-administration\/gatl\/","title":{"rendered":"Famille m\u00e9tiers GATL"},"content":{"rendered":"\n<h1 class=\"wp-block-heading\">Famille m\u00e9tiers GATL<\/h1>\n\n\n\n<p><strong>Les enjeux de la famille des m\u00e9tiers de la gestion administrative, du transport et de la logistique<\/strong><\/p>\n\n\n\n<p>La famille de m\u00e9tiers GATL rassemble l\u2019ensemble des professions qui interviennent de fa\u00e7on compl\u00e9mentaire ou en cha\u00eene dans des op\u00e9rations essentielles \u00e0 la vie des entreprises : traitement des commandes, approvisionnement, gestion des flux de marchandises, suivi des stocks, distribution des produits et facturation.<br>Ces missions, \u00e9troitement li\u00e9es, s\u2019appuient sur des processus int\u00e9grant \u00e0 la fois la circulation physique des biens et la gestion de l\u2019information.<br>V\u00e9ritable colonne vert\u00e9brale des organisations, ces m\u00e9tiers assurent la fluidit\u00e9 entre acteurs, services et activit\u00e9s. Ils jouent un r\u00f4le strat\u00e9gique dans l\u2019adaptation des entreprises aux enjeux actuels : transition num\u00e9rique, d\u00e9veloppement durable, d\u00e9mat\u00e9rialisation, normes croissantes, r\u00e9duction des d\u00e9lais et ouverture \u00e0 l\u2019international.<\/p>\n\n\n\n<p>Dans la famille de m\u00e9tiers <strong>GATL (Gestion Administrative, Transport et Logistique)<\/strong>, la <strong>formation commence d\u00e8s la classe de seconde professionnelle<\/strong> avec une approche commune, avant une sp\u00e9cialisation en premi\u00e8re.<\/p>\n\n\n\n<p><a href=\"https:\/\/ent2d.ac-bordeaux.fr\/disciplines\/gestion-administration\/wp-content\/uploads\/sites\/51\/2020\/11\/Vademecum-Famille-metiers-GATL-juin2020.pdf\" data-type=\"link\" data-id=\"https:\/\/ent2d.ac-bordeaux.fr\/disciplines\/gestion-administration\/wp-content\/uploads\/sites\/51\/2020\/11\/Vademecum-Famille-metiers-GATL-juin2020.pdf\" target=\"_blank\" rel=\"noreferrer noopener\">Voir le VADE-MECUM<\/a><\/p>\n\n\n\n<div style=\"height:17px\" aria-hidden=\"true\" class=\"wp-block-spacer\"><\/div>\n\n\n\n<h2 class=\"wp-block-heading has-text-align-left\" style=\"font-size:22px\">PFMP &#8211; Le livret de suivi &amp; le livret de l&rsquo;\u00e9l\u00e8ve <\/h2>\n\n\n\n<p style=\"font-size:16px\">\ud83d\udcc2 Livret de suivi de stage &#8211; Famille des M\u00e9tiers GATL &#8211;<a href=\"https:\/\/ent2d.ac-bordeaux.fr\/disciplines\/gestion-administration\/wp-content\/uploads\/sites\/51\/2025\/06\/Livret-de-stage-Famille-des-Me\u0301tiers-GATL-1.pdf\" data-type=\"link\" data-id=\"https:\/\/ent2d.ac-bordeaux.fr\/disciplines\/gestion-administration\/wp-content\/uploads\/sites\/51\/2025\/06\/Livret-de-stage-Famille-des-Me\u0301tiers-GATL-1.pdf\" target=\"_blank\" rel=\"noreferrer noopener\"> Version PDF<\/a><\/p>\n\n\n\n<div class=\"wp-block-file\"><a id=\"wp-block-file--media-70c2c943-1ec5-4b89-bff5-77ca3723d1b2\" href=\"https:\/\/ent2d.ac-bordeaux.fr\/disciplines\/gestion-administration\/wp-content\/uploads\/sites\/51\/2025\/06\/Livret-de-stage-Famille-des-Me\u0301tiers-GATL.docx\">Livret-de-stage-Famille-des-Me\u0301tiers-GATL<\/a><a href=\"https:\/\/ent2d.ac-bordeaux.fr\/disciplines\/gestion-administration\/wp-content\/uploads\/sites\/51\/2025\/06\/Livret-de-stage-Famille-des-Me\u0301tiers-GATL.docx\" class=\"wp-block-file__button wp-element-button\" download aria-describedby=\"wp-block-file--media-70c2c943-1ec5-4b89-bff5-77ca3723d1b2\">T\u00e9l\u00e9charger<\/a><\/div>\n\n\n\n<div style=\"height:17px\" aria-hidden=\"true\" class=\"wp-block-spacer\"><\/div>\n\n\n\n<p style=\"font-size:16px\">\ud83d\udcc2 Livret de l&rsquo;\u00e9leve GATL \u00ab\u00a0Moi et mes stages, comment \u00e7a marche !?\u00a0\u00bb<a href=\"https:\/\/ent2d.ac-bordeaux.fr\/disciplines\/gestion-administration\/wp-content\/uploads\/sites\/51\/2025\/06\/LIVRET-ELEVE-GATL-Moi-et-mes-stages-comment-ca-marche.pdf\" data-type=\"link\" data-id=\"https:\/\/ent2d.ac-bordeaux.fr\/disciplines\/gestion-administration\/wp-content\/uploads\/sites\/51\/2025\/06\/LIVRET-ELEVE-GATL-Moi-et-mes-stages-comment-ca-marche.pdf\" target=\"_blank\" rel=\"noreferrer noopener\"> Version PDF<\/a><\/p>\n\n\n\n<div class=\"wp-block-file\"><a id=\"wp-block-file--media-1ed6d83d-2a5b-4d70-a4bb-ee52f0f8689a\" href=\"https:\/\/ent2d.ac-bordeaux.fr\/disciplines\/gestion-administration\/wp-content\/uploads\/sites\/51\/2025\/06\/LIVRET-ELEVE-GATL-Moi-et-mes-stages-comment-ca-marche.docx\">LIVRET-ELEVE-GATL-Moi-et-mes-stages-comment-ca-marche<\/a><a href=\"https:\/\/ent2d.ac-bordeaux.fr\/disciplines\/gestion-administration\/wp-content\/uploads\/sites\/51\/2025\/06\/LIVRET-ELEVE-GATL-Moi-et-mes-stages-comment-ca-marche.docx\" class=\"wp-block-file__button wp-element-button\" download aria-describedby=\"wp-block-file--media-1ed6d83d-2a5b-4d70-a4bb-ee52f0f8689a\">T\u00e9l\u00e9charger<\/a><\/div>\n\n\n\n<div style=\"height:24px\" aria-hidden=\"true\" class=\"wp-block-spacer\"><\/div>\n\n\n\n<div class=\"wp-block-columns is-layout-flex wp-container-core-columns-is-layout-9d6595d7 wp-block-columns-is-layout-flex\">\n<div class=\"wp-block-column is-layout-flow wp-block-column-is-layout-flow\">\n<h1 class=\"wp-block-heading has-text-align-left\" style=\"font-size:22px\"><strong>Les r\u00e9f\u00e9rentiels<\/strong><\/h1>\n<\/div>\n<\/div>\n\n\n\n<ul class=\"wp-block-list\">\n<li><a href=\"http:\/\/chrome-extension:\/\/efaidnbmnnnibpcajpcglclefindmkaj\/https:\/\/www.legifrance.gouv.fr\/download\/file\/mPZ4r4BEo5IWAaL-E1ddGON7Pce5JP_lubW2AuKlCjU=\/JOE_TEXTE\" target=\"_blank\" rel=\"noreferrer noopener\">Bac Pro AGOrA<\/a><\/li>\n\n\n\n<li><a href=\"https:\/\/www.legifrance.gouv.fr\/download\/file\/mPZ4r4BEo5IWAaL-E1ddGON7Pce5JP_lubW2AuKlCjU=\/JOE_TEXTE\" target=\"_blank\" rel=\"noreferrer noopener\">Bac Pro M\u00e9tiers de la Logistique<\/a> <\/li>\n\n\n\n<li><a href=\"https:\/\/referentiels-professionnels.eduscol.education.fr\/Bac_Pro_OTM\/Annexes_Bac%20Pro%20OTM200228.pdf\" data-type=\"link\" data-id=\"https:\/\/referentiels-professionnels.eduscol.education.fr\/Bac_Pro_OTM\/Annexes_Bac%20Pro%20OTM200228.pdf\" target=\"_blank\" rel=\"noreferrer noopener\">Bac Pro OT<\/a><a href=\"https:\/\/referentiels-professionnels.eduscol.education.fr\/Bac_Pro_OTM\/Annexes_Bac%20Pro%20OTM200228.pdf\" data-type=\"link\" data-id=\"https:\/\/referentiels-professionnels.eduscol.education.fr\/Bac_Pro_OTM\/Annexes_Bac%20Pro%20OTM200228.pdf\">M<\/a><\/li>\n<\/ul>\n\n\n\n<p class=\"has-black-color has-text-color has-link-color wp-elements-c3b00d6f24c788abacc6575976ee31fe\" style=\"font-size:22px\"><strong>Tableau des comp\u00e9tences communes <\/strong><\/p>\n\n\n\n<div class=\"wp-block-file\"><a id=\"wp-block-file--media-19ef0c14-bdc7-4f20-a73c-fca5e2c5a5a4\" href=\"https:\/\/ent2d.ac-bordeaux.fr\/disciplines\/gestion-administration\/wp-content\/uploads\/sites\/51\/2025\/07\/TABLEAU-DES-COMPETENCES-DE-LA-FAMILLE-DE-METIERS-GESTION-ADMINISTATION.docx\">TABLEAU DES COMPETENCES DE LA FAMILLE DE METIERS GESTION ADMINISTATION<\/a><a href=\"https:\/\/ent2d.ac-bordeaux.fr\/disciplines\/gestion-administration\/wp-content\/uploads\/sites\/51\/2025\/07\/TABLEAU-DES-COMPETENCES-DE-LA-FAMILLE-DE-METIERS-GESTION-ADMINISTATION.docx\" class=\"wp-block-file__button wp-element-button\" download aria-describedby=\"wp-block-file--media-19ef0c14-bdc7-4f20-a73c-fca5e2c5a5a4\">T\u00e9l\u00e9charger<\/a><\/div>\n\n\n\n<div class=\"wp-block-file\"><a id=\"wp-block-file--media-f092b5b1-8927-4241-8681-2b4af1a5aa0c\" href=\"https:\/\/ent2d.ac-bordeaux.fr\/disciplines\/gestion-administration\/wp-content\/uploads\/sites\/51\/2025\/07\/TABLEAU-DES-COMPETENCES-DE-LA-FAMILLE-DE-METIERS-GESTION-ADMINISTATION-1.pdf\" target=\"_blank\" rel=\"noreferrer noopener\">TABLEAU DES COMPETENCES DE LA FAMILLE DE METIERS GESTION ADMINISTATION<\/a><a href=\"https:\/\/ent2d.ac-bordeaux.fr\/disciplines\/gestion-administration\/wp-content\/uploads\/sites\/51\/2025\/07\/TABLEAU-DES-COMPETENCES-DE-LA-FAMILLE-DE-METIERS-GESTION-ADMINISTATION-1.pdf\" class=\"wp-block-file__button wp-element-button\" download aria-describedby=\"wp-block-file--media-f092b5b1-8927-4241-8681-2b4af1a5aa0c\">T\u00e9l\u00e9charger<\/a><\/div>\n","protected":false},"excerpt":{"rendered":"<p>Famille m\u00e9tiers GATL Les enjeux de la famille des m\u00e9tiers de la gestion administrative, du transport et de la logistique La famille de m\u00e9tiers GATL rassemble l\u2019ensemble des professions qui &#8230;<\/p>\n","protected":false},"author":478,"featured_media":0,"parent":0,"menu_order":0,"comment_status":"closed","ping_status":"closed","template":"","meta":{"_bbp_topic_count":0,"_bbp_reply_count":0,"_bbp_total_topic_count":0,"_bbp_total_reply_count":0,"_bbp_voice_count":0,"_bbp_anonymous_reply_count":0,"_bbp_topic_count_hidden":0,"_bbp_reply_count_hidden":0,"_bbp_forum_subforum_count":0,"footnotes":""},"class_list":["post-1080","page","type-page","status-publish","hentry"],"_links":{"self":[{"href":"https:\/\/ent2d.ac-bordeaux.fr\/disciplines\/gestion-administration\/wp-json\/wp\/v2\/pages\/1080","targetHints":{"allow":["GET"]}}],"collection":[{"href":"https:\/\/ent2d.ac-bordeaux.fr\/disciplines\/gestion-administration\/wp-json\/wp\/v2\/pages"}],"about":[{"href":"https:\/\/ent2d.ac-bordeaux.fr\/disciplines\/gestion-administration\/wp-json\/wp\/v2\/types\/page"}],"author":[{"embeddable":true,"href":"https:\/\/ent2d.ac-bordeaux.fr\/disciplines\/gestion-administration\/wp-json\/wp\/v2\/users\/478"}],"replies":[{"embeddable":true,"href":"https:\/\/ent2d.ac-bordeaux.fr\/disciplines\/gestion-administration\/wp-json\/wp\/v2\/comments?post=1080"}],"version-history":[{"count":62,"href":"https:\/\/ent2d.ac-bordeaux.fr\/disciplines\/gestion-administration\/wp-json\/wp\/v2\/pages\/1080\/revisions"}],"predecessor-version":[{"id":2627,"href":"https:\/\/ent2d.ac-bordeaux.fr\/disciplines\/gestion-administration\/wp-json\/wp\/v2\/pages\/1080\/revisions\/2627"}],"wp:attachment":[{"href":"https:\/\/ent2d.ac-bordeaux.fr\/disciplines\/gestion-administration\/wp-json\/wp\/v2\/media?parent=1080"}],"curies":[{"name":"wp","href":"https:\/\/api.w.org\/{rel}","templated":true}]}}