{"id":505,"date":"2024-09-03T15:54:51","date_gmt":"2024-09-03T13:54:51","guid":{"rendered":"https:\/\/ent2d.ac-bordeaux.fr\/disciplines\/generation2024\/?page_id=505"},"modified":"2025-01-21T18:09:31","modified_gmt":"2025-01-21T17:09:31","slug":"formulaires-ouverture-fermeture-sections-sportives-2024-2025","status":"publish","type":"page","link":"https:\/\/ent2d.ac-bordeaux.fr\/disciplines\/generation2024\/formulaires-ouverture-fermeture-sections-sportives-2024-2025\/","title":{"rendered":"RENOUVELLEMENT SECTIONS SPORTIVES 2025"},"content":{"rendered":"\n<p>L&rsquo;acc\u00e8s au formulaire concernant la demande de renouvellement de votre Section Sportive Scolaire se fait par l&rsquo;interm\u00e9diaire du lien que vous avez re\u00e7u par mail dans vos \u00e9tablissements respectifs. <mark class=\"has-inline-color has-vivid-red-color\">Merci de v\u00e9rifier aussi dans les spams.<\/mark><\/p>\n\n\n\n<p>Pour toute question technique, merci de contacter M. LASMAN Nicolas : <a href=\"mailto:nicolas.lasman@ac-bordeaux.fr\">nicolas.lasman@ac-bordeaux.fr<\/a><\/p>\n","protected":false},"excerpt":{"rendered":"<p>L&rsquo;acc\u00e8s au formulaire concernant la demande de renouvellement de votre Section Sportive Scolaire se fait par l&rsquo;interm\u00e9diaire du lien que<\/p>\n","protected":false},"author":930,"featured_media":0,"parent":0,"menu_order":0,"comment_status":"closed","ping_status":"closed","template":"","meta":{"footnotes":""},"class_list":["post-505","page","type-page","status-publish","hentry"],"_links":{"self":[{"href":"https:\/\/ent2d.ac-bordeaux.fr\/disciplines\/generation2024\/wp-json\/wp\/v2\/pages\/505","targetHints":{"allow":["GET"]}}],"collection":[{"href":"https:\/\/ent2d.ac-bordeaux.fr\/disciplines\/generation2024\/wp-json\/wp\/v2\/pages"}],"about":[{"href":"https:\/\/ent2d.ac-bordeaux.fr\/disciplines\/generation2024\/wp-json\/wp\/v2\/types\/page"}],"author":[{"embeddable":true,"href":"https:\/\/ent2d.ac-bordeaux.fr\/disciplines\/generation2024\/wp-json\/wp\/v2\/users\/930"}],"replies":[{"embeddable":true,"href":"https:\/\/ent2d.ac-bordeaux.fr\/disciplines\/generation2024\/wp-json\/wp\/v2\/comments?post=505"}],"version-history":[{"count":5,"href":"https:\/\/ent2d.ac-bordeaux.fr\/disciplines\/generation2024\/wp-json\/wp\/v2\/pages\/505\/revisions"}],"predecessor-version":[{"id":521,"href":"https:\/\/ent2d.ac-bordeaux.fr\/disciplines\/generation2024\/wp-json\/wp\/v2\/pages\/505\/revisions\/521"}],"wp:attachment":[{"href":"https:\/\/ent2d.ac-bordeaux.fr\/disciplines\/generation2024\/wp-json\/wp\/v2\/media?parent=505"}],"curies":[{"name":"wp","href":"https:\/\/api.w.org\/{rel}","templated":true}]}}