{"id":2,"date":"2019-09-26T16:57:58","date_gmt":"2019-09-26T14:57:58","guid":{"rendered":"https:\/\/ent2d.ac-bordeaux.fr\/disciplines\/generation2024\/?page_id=2"},"modified":"2024-04-05T16:21:24","modified_gmt":"2024-04-05T14:21:24","slug":"page-d-exemple","status":"publish","type":"page","link":"https:\/\/ent2d.ac-bordeaux.fr\/disciplines\/generation2024\/","title":{"rendered":"Actualit\u00e9s"},"content":{"rendered":"\n<hr class=\"wp-block-separator has-css-opacity\" \/>\n\n\n\n<h2 class=\"wp-block-heading has-text-align-center\">ACTUALIT\u00c9S \u00ab\u00a0G\u00e9n\u00e9ration 2024\u00a0\u00bb<\/h2>\n\n\n\n<h4 class=\"wp-block-heading\">Une vid\u00e9o Illustrant les actions sportives men\u00e9es par les Classes Alice Milliat Pierre de Coubertin en Aquitaine<\/h4>\n\n\n\n<figure class=\"wp-block-video\"><video src=\"https:\/\/ent2d.ac-bordeaux.fr\/990e2a2d-64b7-4923-890c-8f1bb2ac6706\"><\/video><\/figure>\n\n\n\n<p><\/p>\n\n\n\n<p>Une vid\u00e9o du <strong>Projet \u00ab\u00a0En route vers les Jeux\u00a0\u00bb<\/strong> port\u00e9e par l&rsquo;ensemble de l&rsquo;\u00e9quipe EPS du <strong>coll\u00e8ge Joseph Chaumi\u00e9 d&rsquo;Agen<\/strong> <\/p>\n\n\n\n<figure class=\"wp-block-video\"><video height=\"720\" style=\"aspect-ratio: 1280 \/ 720;\" width=\"1280\" controls src=\"https:\/\/ent2d.ac-bordeaux.fr\/disciplines\/generation2024\/wp-content\/uploads\/sites\/68\/2024\/01\/Projet-En-route-vers-les-Jeux_Colle\u0300ge-Chaumie\u0301-Agen_Septembre-2023.mp4\"><\/video><\/figure>\n\n\n\n<p>Projet r\u00e9alis\u00e9 par Mme CARETTE Nad\u00e8ge, M. RICHARD Emile, M. SOLE Xavier (coordonnateur du projet), M. TOUCOUERE Arnaud, M. TOUERI Baptiste et M. WEIMAN Mathieu.<\/p>\n\n\n\n<div class=\"wp-block-columns is-layout-flex wp-container-core-columns-is-layout-28f84493 wp-block-columns-is-layout-flex\">\n<div class=\"wp-block-column is-layout-flow wp-block-column-is-layout-flow\">\n<figure class=\"wp-block-image size-full is-resized\"><img loading=\"lazy\" decoding=\"async\" width=\"1024\" height=\"469\" src=\"https:\/\/ent2d.ac-bordeaux.fr\/disciplines\/generation2024\/wp-content\/uploads\/sites\/68\/2024\/01\/Paris2024-BIL-240119-webinaireCanope-V3-002.png\" alt=\"\" class=\"wp-image-469\" style=\"width:467px;height:auto\" srcset=\"https:\/\/ent2d.ac-bordeaux.fr\/disciplines\/generation2024\/wp-content\/uploads\/sites\/68\/2024\/01\/Paris2024-BIL-240119-webinaireCanope-V3-002.png 1024w, https:\/\/ent2d.ac-bordeaux.fr\/disciplines\/generation2024\/wp-content\/uploads\/sites\/68\/2024\/01\/Paris2024-BIL-240119-webinaireCanope-V3-002-300x138.png 300w, https:\/\/ent2d.ac-bordeaux.fr\/disciplines\/generation2024\/wp-content\/uploads\/sites\/68\/2024\/01\/Paris2024-BIL-240119-webinaireCanope-V3-002-768x352.png 768w\" sizes=\"auto, (max-width: 1024px) 100vw, 1024px\" \/><figcaption class=\"wp-element-caption\"><a href=\"https:\/\/www.reseau-canope.fr\/service\/jeux-olympiques-et-paralympiques-un-fil-rouge-pour-lannee\">INSCRIVEZ-VOUS &#8211;&gt;<\/a><\/figcaption><\/figure>\n<\/div>\n\n\n\n<div class=\"wp-block-column is-layout-flow wp-block-column-is-layout-flow\">\n<figure class=\"wp-block-image size-full is-resized\"><img decoding=\"async\" src=\"https:\/\/ent2d.ac-bordeaux.fr\/disciplines\/generation2024\/wp-content\/uploads\/sites\/68\/2024\/01\/logo_sop.svg\" alt=\"\" class=\"wp-image-470\" style=\"width:362px;height:auto\" \/><figcaption class=\"wp-element-caption\"><a href=\"https:\/\/www.youtube.com\/watch?v=z5cu6UM5PyA&amp;t=10s\">D\u00e9couvrez &#8211;&gt;<\/a><\/figcaption><\/figure>\n<\/div>\n<\/div>\n\n\n\n<figure class=\"wp-block-image aligncenter size-full is-resized\"><a href=\"https:\/\/www.demarches-simplifiees.fr\/commencer\/dossier-de-candidature-a-la-labellisation-generati\"><img loading=\"lazy\" decoding=\"async\" width=\"1024\" height=\"694\" src=\"https:\/\/ent2d.ac-bordeaux.fr\/disciplines\/generation2024\/wp-content\/uploads\/sites\/68\/2021\/01\/cropped-LABEL-GENERATION-2024.png\" alt=\"\" class=\"wp-image-226\" style=\"width:228px;height:auto\" srcset=\"https:\/\/ent2d.ac-bordeaux.fr\/disciplines\/generation2024\/wp-content\/uploads\/sites\/68\/2021\/01\/cropped-LABEL-GENERATION-2024.png 1024w, https:\/\/ent2d.ac-bordeaux.fr\/disciplines\/generation2024\/wp-content\/uploads\/sites\/68\/2021\/01\/cropped-LABEL-GENERATION-2024-300x203.png 300w, https:\/\/ent2d.ac-bordeaux.fr\/disciplines\/generation2024\/wp-content\/uploads\/sites\/68\/2021\/01\/cropped-LABEL-GENERATION-2024-768x521.png 768w\" sizes=\"auto, (max-width: 1024px) 100vw, 1024px\" \/><\/a><figcaption class=\"wp-element-caption\"><a href=\"https:\/\/www.demarches-simplifiees.fr\/commencer\/dossier-de-candidature-a-la-labellisation-generati\" target=\"_blank\" rel=\"noreferrer noopener\">CANDIDATURE AU LABEL<\/a><\/figcaption><\/figure>\n\n\n\n<h5 class=\"wp-block-heading\"><strong>D\u00e9velopper les passerelles entre le monde scolaire et le mouvement sportif pour encourager la pratique physique et sportive des jeunes<\/strong><\/h5>\n\n\n\n<blockquote class=\"wp-block-quote has-text-align-left is-style-default has-large-font-size is-layout-flow wp-block-quote-is-layout-flow\">\n<p>Le sport va chercher la peur pour la dominer, la fatigue pour en triompher, la difficult\u00e9 pour la vaincre.<\/p>\n<cite><a href=\"https:\/\/citation-celebre.leparisien.fr\/auteur\/pierre-de-coubertin\">Pierre De Coubertin<\/a><br><a href=\"https:\/\/citation-celebre.leparisien.fr\/liste-citation?type=historien\">Historien<\/a>,&nbsp;<a href=\"https:\/\/citation-celebre.leparisien.fr\/liste-citation?type=pedagogue\">P\u00e9dagogue<\/a>,&nbsp;<a href=\"https:\/\/citation-celebre.leparisien.fr\/liste-citation?type=scientifique\">Scientifique<\/a>&nbsp;(1863 &#8211; 1937)<\/cite><\/blockquote>\n\n\n\n<p><strong>Le label G\u00e9n\u00e9ration 2024 vise quatre objectifs&nbsp;:<\/strong><\/p>\n\n\n\n<ol class=\"wp-block-list\">\n<li>D\u00e9velopper des projets structurants avec les clubs sportifs du territoire.<\/li>\n\n\n\n<li>Participer aux \u00e9v\u00e9nements promotionnels olympiques et paralympiques.<\/li>\n\n\n\n<li>Accompagner ou accueillir des sportifs de haut niveau.<\/li>\n\n\n\n<li>Ouvrir les \u00e9quipements sportifs des \u00e9tablissements.&nbsp;<\/li>\n<\/ol>\n\n\n\n<h4 class=\"wp-block-heading has-text-align-center\">Obtention du Label<\/h4>\n\n\n\n<p>Les minist\u00e8res charg\u00e9s de l\u2019\u00e9ducation, de l\u2019agriculture et des sports ont lanc\u00e9 un appel d\u2019offre national pluriannuel pour encourager le d\u00e9veloppement de la continuit\u00e9 \u00e9ducative dans la pratique sportive des jeunes notamment pour ceux en situation de handicap.<\/p>\n\n\n\n<p>La labellisation s\u2019inscrit dans les projets d\u2019\u00e9cole, les projets d\u2019\u00e9tablissement du second degr\u00e9 et de l\u2019enseignement sup\u00e9rieur, elle int\u00e8gre les valeurs de la r\u00e9publique et principes d\u2019Egalit\u00e9, en favorisant l\u2019inclusion de tous.<\/p>\n\n\n\n<p>A chaque rentr\u00e9e scolaire, des \u00e9coles et \u00e9tablissements s\u00e9lectionn\u00e9s seront labellis\u00e9s \u00ab&nbsp;G\u00e9n\u00e9ration 2024&nbsp;\u00bb pour une dur\u00e9e de trois ann\u00e9es scolaires \u00e0 compter de la rentr\u00e9e 2018<\/p>\n\n\n\n<h4 class=\"wp-block-heading has-text-align-center has-vivid-cyan-blue-color has-text-color\"><a href=\"https:\/\/ent2d.ac-bordeaux.fr\/disciplines\/generation2024\/wp-content\/uploads\/sites\/68\/2020\/09\/G2024-cahier-des-charges-20.09.2020.pdf\" target=\"_blank\" rel=\"noreferrer noopener\">Cliquez ici pour consulter le cahier des charges<\/a><\/h4>\n\n\n\n<h4 class=\"wp-block-heading has-text-align-center\">Qui labellise ?<\/h4>\n\n\n\n<p>Un comit\u00e9 de pilotage de r\u00e9gion acad\u00e9mique, plac\u00e9 sous l\u2019autorit\u00e9 de Mme <strong>Anne Bisagni-Faure<\/strong>, rectrice de la r\u00e9gion acad\u00e9mique Nouvelle-Aquitaine, Rectrice de l\u2019acad\u00e9mie de Bordeaux, Chanceli\u00e8re des universit\u00e9s d&rsquo;Aquitaine a \u00e9t\u00e9 mis en place pour s\u00e9lectionner les \u00e9coles et \u00e9tablissements et suivre la labellisation. Il comprend :<\/p>\n\n\n\n<ul class=\"wp-block-list\">\n<li>la rectrice de l&rsquo;acad\u00e9mie de Limoges<\/li>\n\n\n\n<li>la rectrice de l&rsquo;acad\u00e9mie de Poitiers<\/li>\n\n\n\n<li>les IA-IPR d&rsquo;EPS r\u00e9f\u00e9rents g\u00e9n\u00e9ration 2024<\/li>\n\n\n\n<li>un repr\u00e9sentant des IA-DASEN<\/li>\n<\/ul>\n\n\n\n<p>Des repr\u00e9sentants :<\/p>\n\n\n\n<ul class=\"wp-block-list\">\n<li>des f\u00e9d\u00e9rations du sport scolaire (USEP, UNSS, UGSEL et FFSU)<\/li>\n\n\n\n<li>des chefs d&rsquo;\u00e9tablissements scolaires (\u00e9coles, coll\u00e8ges, lyc\u00e9es)<\/li>\n\n\n\n<li>des parents d&rsquo;\u00e9l\u00e8ves<\/li>\n\n\n\n<li>de l\u2019universit\u00e9 de Bordeaux<\/li>\n\n\n\n<li>du Comit\u00e9&nbsp;R\u00e9gional Olympique et Sportif (CROS)<\/li>\n\n\n\n<li>des collectivit\u00e9s territoriales (d\u00e9partementales et r\u00e9gionales et AMF-ANDES)<\/li>\n\n\n\n<li>de la Direction r\u00e9gionale de l\u2019alimentation, de l\u2019agriculture et de la for\u00eat (DRAAF)<\/li>\n<\/ul>\n\n\n\n<p><strong>Par ailleurs, un r\u00e9f\u00e9rent et un charg\u00e9 de mission ont \u00e9t\u00e9 d\u00e9sign\u00e9s par la rectrice d\u2019acad\u00e9mie pour mettre en \u0153uvre et suivre la labellisation :<\/strong><\/p>\n\n\n\n<ul class=\"wp-block-list\">\n<li><strong>Thierry DUVERDIER<\/strong>, Inspecteur d&rsquo;acad\u00e9mie &#8211; Inspecteur p\u00e9dagogique r\u00e9gional d\u2019\u00e9ducation physique et sportive<\/li>\n\n\n\n<li><strong>Nicolas LASMAN<\/strong>, Enseignant d&rsquo;\u00e9ducation physique et sportive, charg\u00e9e de mission et formateur acad\u00e9mique au num\u00e9rique.<\/li>\n<\/ul>\n\n\n\n<div class=\"wp-block-columns is-layout-flex wp-container-core-columns-is-layout-28f84493 wp-block-columns-is-layout-flex\">\n<div class=\"wp-block-column is-layout-flow wp-block-column-is-layout-flow\">\n<p><\/p>\n<\/div>\n<\/div>\n\n\n\n<p><\/p>\n","protected":false},"excerpt":{"rendered":"<p>ACTUALIT\u00c9S \u00ab\u00a0G\u00e9n\u00e9ration 2024\u00a0\u00bb Une vid\u00e9o Illustrant les actions sportives men\u00e9es par les Classes Alice Milliat Pierre de Coubertin en Aquitaine<\/p>\n","protected":false},"author":930,"featured_media":0,"parent":0,"menu_order":0,"comment_status":"closed","ping_status":"open","template":"","meta":{"footnotes":""},"class_list":["post-2","page","type-page","status-publish","hentry"],"_links":{"self":[{"href":"https:\/\/ent2d.ac-bordeaux.fr\/disciplines\/generation2024\/wp-json\/wp\/v2\/pages\/2","targetHints":{"allow":["GET"]}}],"collection":[{"href":"https:\/\/ent2d.ac-bordeaux.fr\/disciplines\/generation2024\/wp-json\/wp\/v2\/pages"}],"about":[{"href":"https:\/\/ent2d.ac-bordeaux.fr\/disciplines\/generation2024\/wp-json\/wp\/v2\/types\/page"}],"author":[{"embeddable":true,"href":"https:\/\/ent2d.ac-bordeaux.fr\/disciplines\/generation2024\/wp-json\/wp\/v2\/users\/930"}],"replies":[{"embeddable":true,"href":"https:\/\/ent2d.ac-bordeaux.fr\/disciplines\/generation2024\/wp-json\/wp\/v2\/comments?post=2"}],"version-history":[{"count":42,"href":"https:\/\/ent2d.ac-bordeaux.fr\/disciplines\/generation2024\/wp-json\/wp\/v2\/pages\/2\/revisions"}],"predecessor-version":[{"id":498,"href":"https:\/\/ent2d.ac-bordeaux.fr\/disciplines\/generation2024\/wp-json\/wp\/v2\/pages\/2\/revisions\/498"}],"wp:attachment":[{"href":"https:\/\/ent2d.ac-bordeaux.fr\/disciplines\/generation2024\/wp-json\/wp\/v2\/media?parent=2"}],"curies":[{"name":"wp","href":"https:\/\/api.w.org\/{rel}","templated":true}]}}