{"id":643,"date":"2016-03-28T15:42:34","date_gmt":"2016-03-28T14:42:34","guid":{"rendered":"https:\/\/ent2d.ac-bordeaux.fr\/disciplines\/espagnol\/?page_id=643"},"modified":"2018-10-24T22:43:23","modified_gmt":"2018-10-24T21:43:23","slug":"ecole-clg-interdegre","status":"publish","type":"page","link":"https:\/\/ent2d.ac-bordeaux.fr\/disciplines\/espagnol\/ecole-clg-interdegre\/","title":{"rendered":"ECOLE-CLG ( Interdegr\u00e9 )"},"content":{"rendered":"<p><span style=\"color: #993366\"><strong><a style=\"color: #993366\" href=\"http:\/\/eduscol.education.fr\/primabord\/\">SITE Prim \u00e0 bord<\/a><br \/>\n<\/strong><\/span><\/p>\n<p><a href=\"http:\/\/eduscol.education.fr\/pid34187-cid100364\/ressources-pour-les-langues-vivantes-aux-cycles-2-3-et-4.html\"><span style=\"color: #993366\"><strong><span class=\"contenu_titre_non_image\">Ressources d&rsquo;accompagnement des nouveaux programmes de l&rsquo;\u00e9cole et du coll\u00e8ge<\/span><\/strong><\/span><\/a><\/p>\n<p>&nbsp;<\/p>\n<p><span style=\"color: #993366\">Banque de ressource num\u00e9rique Cycle 3 et 4<\/span><\/p>\n<p>&nbsp;<\/p>\n<p><span style=\"color: #000000\">Les BRNE \u00a0cycles 3 et 4 pour l\u2019espagnol sont \u00e0 pr\u00e9sent accessibles.<\/span><\/p>\n<p>&nbsp;<\/p>\n<p><span style=\"color: #000000\">Voici les liens:<\/span><\/p>\n<p><span style=\"color: #000000\">Via \u201cEduscol\u201d:\u00a0<\/span><a title=\"http:\/\/eduscol.education.fr\/cid105821\/banque-de-ressources-brne-en-langues-vivantes-etrangeres.html\" href=\"http:\/\/eduscol.education.fr\/cid105821\/banque-de-ressources-brne-en-langues-vivantes-etrangeres.html\" target=\"_blank\" rel=\"noopener\">http:\/\/eduscol.education.fr\/cid105821\/banque-de-ressources-brne-en-langues-vivantes-etrangeres.html<\/a><\/p>\n<p>&nbsp;<\/p>\n<p><span style=\"color: #000000\">Via le site \u201cL\u2019\u00e9cole change avec le num\u00e9rique\u201d:<\/span>\u00a0<span style=\"color: #1155cc\"><a title=\"http:\/\/ecolenumerique.education.gouv.fr\/brne\/\" href=\"http:\/\/ecolenumerique.education.gouv.fr\/brne\/\" target=\"_blank\" rel=\"noopener\">http:\/\/ecolenumerique.education.gouv.fr\/brne\/<\/a><\/span><\/p>\n<p>&nbsp;<\/p>\n<p><span style=\"color: #000000\">La cr\u00e9ation des comptes reste identique aux banques pr\u00e9c\u00e9dentes: une adresse acad\u00e9mique (<\/span>\u00a0<a href=\"blank\" target=\"1\"><span style=\"color: #1155cc\">&#8230;@ac-&#8230;.fr<\/span><\/a>\u00a0<span style=\"color: #000000\">), le RNE et le mail de l\u2019\u00e9tablissement.<\/span><\/p>\n<p>&nbsp;<\/p>\n<p dir=\"ltr\"><span style=\"color: #000000\">La plateforme \u00a0espagnole est la m\u00eame pour le cycle 3 (Bayard) et pour le cycle 4 (Nathan). Pour information, si vous avez d\u00e9j\u00e0 un compte sur la BRNE anglais, il faut se recr\u00e9er un compte sur la BRNE espagnole pour que le contenu soit ajout\u00e9 au compte Nathan cycle 4.<\/span><\/p>\n","protected":false},"excerpt":{"rendered":"<p>SITE Prim \u00e0 bord Ressources d&rsquo;accompagnement des nouveaux programmes de l&rsquo;\u00e9cole et du coll\u00e8ge &nbsp; Banque de ressource num\u00e9rique Cycle 3 et 4 &nbsp; Les BRNE \u00a0cycles 3 et 4 &#8230;<\/p>\n","protected":false},"author":13,"featured_media":0,"parent":0,"menu_order":0,"comment_status":"closed","ping_status":"closed","template":"","meta":{"footnotes":""},"class_list":["post-643","page","type-page","status-publish","hentry"],"_links":{"self":[{"href":"https:\/\/ent2d.ac-bordeaux.fr\/disciplines\/espagnol\/wp-json\/wp\/v2\/pages\/643","targetHints":{"allow":["GET"]}}],"collection":[{"href":"https:\/\/ent2d.ac-bordeaux.fr\/disciplines\/espagnol\/wp-json\/wp\/v2\/pages"}],"about":[{"href":"https:\/\/ent2d.ac-bordeaux.fr\/disciplines\/espagnol\/wp-json\/wp\/v2\/types\/page"}],"author":[{"embeddable":true,"href":"https:\/\/ent2d.ac-bordeaux.fr\/disciplines\/espagnol\/wp-json\/wp\/v2\/users\/13"}],"replies":[{"embeddable":true,"href":"https:\/\/ent2d.ac-bordeaux.fr\/disciplines\/espagnol\/wp-json\/wp\/v2\/comments?post=643"}],"version-history":[{"count":14,"href":"https:\/\/ent2d.ac-bordeaux.fr\/disciplines\/espagnol\/wp-json\/wp\/v2\/pages\/643\/revisions"}],"predecessor-version":[{"id":2971,"href":"https:\/\/ent2d.ac-bordeaux.fr\/disciplines\/espagnol\/wp-json\/wp\/v2\/pages\/643\/revisions\/2971"}],"wp:attachment":[{"href":"https:\/\/ent2d.ac-bordeaux.fr\/disciplines\/espagnol\/wp-json\/wp\/v2\/media?parent=643"}],"curies":[{"name":"wp","href":"https:\/\/api.w.org\/{rel}","templated":true}]}}