{"id":463,"date":"2016-03-08T17:16:57","date_gmt":"2016-03-08T16:16:57","guid":{"rendered":"http:\/\/blogacabdx.ac-bordeaux.fr\/espagnol\/?page_id=463"},"modified":"2016-12-22T19:10:48","modified_gmt":"2016-12-22T18:10:48","slug":"tutoriels-pour-creer-des-ressources","status":"publish","type":"page","link":"https:\/\/ent2d.ac-bordeaux.fr\/disciplines\/espagnol\/tutoriels-pour-creer-des-ressources\/","title":{"rendered":"Tutoriels pour cr\u00e9er des ressources multimedia"},"content":{"rendered":"<h2><span style=\"color: #800080\"><strong>CREER UNE RESSOURCE MULTIMEDIA\u00a0<\/strong><\/span><\/h2>\n<ul>\n<li>\n<h4>T\u00e9l\u00e9charger une vid\u00e9o \u00a0avec <a href=\"http:\/\/disciplines.ac-bordeaux.fr\/interlangues\/uploads\/rubriques\/5\/file\/Download%20Helper.pdf\" target=\"_blank\">vid\u00e9o download helper<\/a> ou \u00e0 l&rsquo;aide de <a href=\"http:\/\/disciplines.ac-bordeaux.fr\/interlangues\/uploads\/rubriques\/5\/file\/KeepVid.pdf\" target=\"_blank\">keepvid<\/a><\/h4>\n<\/li>\n<li>\n<h4><a href=\"http:\/\/disciplines.ac-bordeaux.fr\/interlangues\/uploads\/rubriques\/13\/file\/Movie%20Maker.pdf\"><b>Movie Maker<\/b><\/a> Un didacticiel pratique, sur PC, pour monter des documents vid\u00e9o, par William Broutin.<\/h4>\n<\/li>\n<li>\n<h4><strong><span style=\"color: #0000ff\">\u00a0<a href=\"http:\/\/audacity.sourceforge.net\/?lang=fr\">AUDACITY<\/a><\/span><\/strong> pour g\u00e9rer du son, copier, coller .\u00a0Vous trouverez\u00a0<b><a href=\"http:\/\/disciplines.ac-bordeaux.fr\/interlangues\/uploads\/rubriques\/13\/file\/Audacity.pdf\">ici<\/a>,<\/b>\u00a0un mode d&#8217;emploi du logiciel sous format pdf r\u00e9alis\u00e9 par Maitena Susperregui.<\/h4>\n<\/li>\n<li>\n<h4>Pour cr\u00e9er un fichier son en g\u00e9n\u00e9rant \u00a0un silence, consulter le tutoriel suivant \u00a0du logiciel Audacity r\u00e9alis\u00e9 par Nadine Cast\u00e9ra : <a href=\"https:\/\/ent2d.ac-bordeaux.fr\/disciplines\/espagnol\/wp-content\/uploads\/sites\/6\/2016\/03\/Audacity-Mode-demploi-G\u00e9n\u00e9rer-un-silence-1-1.pdf\">Audacity-Mode-demploi-G\u00e9n\u00e9rer-un-silence-<\/a><\/h4>\n<\/li>\n<li>\n<h4>Pour extraire du son d&rsquo;un document vid\u00e9o sur PC, \u00e0 l&rsquo;aide du logiciel <a href=\"https:\/\/ent2d.ac-bordeaux.fr\/disciplines\/espagnol\/wp-content\/uploads\/sites\/6\/2016\/03\/Format-Factory1.mp4\"><b>Format Factory<\/b><\/a> : un didacticiel \u00e9labor\u00e9 par Nadine Cast\u00e9ra.<\/h4>\n<h4><\/h4>\n<\/li>\n<\/ul>\n<p>&nbsp;<\/p>\n<h2 class=\"post-title entry-title\"><\/h2>\n","protected":false},"excerpt":{"rendered":"<p>CREER UNE RESSOURCE MULTIMEDIA\u00a0 T\u00e9l\u00e9charger une vid\u00e9o \u00a0avec vid\u00e9o download helper ou \u00e0 l&rsquo;aide de keepvid Movie Maker Un didacticiel pratique, sur PC, pour monter des documents vid\u00e9o, par William &#8230;<\/p>\n","protected":false},"author":13,"featured_media":0,"parent":0,"menu_order":0,"comment_status":"closed","ping_status":"closed","template":"","meta":{"footnotes":""},"class_list":["post-463","page","type-page","status-publish","hentry"],"_links":{"self":[{"href":"https:\/\/ent2d.ac-bordeaux.fr\/disciplines\/espagnol\/wp-json\/wp\/v2\/pages\/463","targetHints":{"allow":["GET"]}}],"collection":[{"href":"https:\/\/ent2d.ac-bordeaux.fr\/disciplines\/espagnol\/wp-json\/wp\/v2\/pages"}],"about":[{"href":"https:\/\/ent2d.ac-bordeaux.fr\/disciplines\/espagnol\/wp-json\/wp\/v2\/types\/page"}],"author":[{"embeddable":true,"href":"https:\/\/ent2d.ac-bordeaux.fr\/disciplines\/espagnol\/wp-json\/wp\/v2\/users\/13"}],"replies":[{"embeddable":true,"href":"https:\/\/ent2d.ac-bordeaux.fr\/disciplines\/espagnol\/wp-json\/wp\/v2\/comments?post=463"}],"version-history":[{"count":20,"href":"https:\/\/ent2d.ac-bordeaux.fr\/disciplines\/espagnol\/wp-json\/wp\/v2\/pages\/463\/revisions"}],"predecessor-version":[{"id":1618,"href":"https:\/\/ent2d.ac-bordeaux.fr\/disciplines\/espagnol\/wp-json\/wp\/v2\/pages\/463\/revisions\/1618"}],"wp:attachment":[{"href":"https:\/\/ent2d.ac-bordeaux.fr\/disciplines\/espagnol\/wp-json\/wp\/v2\/media?parent=463"}],"curies":[{"name":"wp","href":"https:\/\/api.w.org\/{rel}","templated":true}]}}